000
CXUS55 KCYS 011820
CF6BFF
PRELIMINARY LOCAL CLIMATOLOGICAL DATA (WS FORM: F-6)
STATION: SCOTTSBLUFF NE AIRPORT
MONTH: NOVEMBER
YEAR: 2023
LATITUDE: 41 52 N
LONGITUDE: 103 36 W
TEMPERATURE IN F: :PCPN: SNOW: WIND :SUNSHINE: SKY :PK WND
================================================================================
1 2 3 4 5 6A 6B 7 8 9 10 11 12 13 14 15 16 17 18
12Z AVG MX 2MIN
DY MAX MIN AVG DEP HDD CDD WTR SNW DPTH SPD SPD DIR MIN PSBL S-S WX SPD DR
================================================================================
1 61 18 40 -3 25 0 0.00 0.0 0 4.7 14 320 M M 0 17 300
2 70 20 45 3 20 0 0.00 0.0 0 7.7 18 270 M M 0 25 270
3 67 38 53 11 12 0 0.01 0.0 0 6.4 17 360 M M 6 24 350
4 66 30 48 6 17 0 0.00 0.0 0 5.3 10 80 M M 0 13 70
5 77 39 58 17 7 0 0.00 0.0 0 9.7 32 280 M M 0 49 300
6 69 36 53 12 12 0 0.00 0.0 0 5.2 14 220 M M 0 19 220
7 67 30 49 9 16 0 T 0.0 0 6.9 22 310 M M 1 30 300
8 54 21 38 -2 27 0 T 0.0 0 11.3 26 350 M M 4 34 350
9 51 18 35 -5 30 0 0.00 0.0 0 6.5 18 320 M M 0 31 320
10 57 16 37 -2 28 0 0.00 0.0 0 3.6 9 300 M M 0 8 13 260
11 62 19 41 2 24 0 0.00 0.0 0 9.2 23 270 M M 0 31 270
12 64 29 47 8 18 0 0.00 0.0 0 7.7 17 290 M M 0 24 290
13 72 33 53 15 12 0 0.00 0.0 0 11.9 23 180 M M 0 30 170
14 71 33 52 14 13 0 0.00 0.0 0 7.7 25 270 M M 0 36 270
15 71 25 48 10 17 0 0.00 0.0 0 4.2 15 220 M M 0 19 200
16 59 29 44 7 21 0 0.14 0.0 0 6.6 23 280 M M 5 1 33 290
17 62 24 43 6 22 0 0.00 0.0 0 4.2 10 320 M M 0 15 260
18 62 24 43 7 22 0 0.00 0.0 0 3.0 9 130 M M 0 12 140
19 63 32 48 12 17 0 0.00 0.0 0 6.9 13 280 M M 2 18 300
20 51 30 41 5 24 0 0.00 0.0 0 15.0 29 330 M M 8 39 340
21 57 22 40 5 25 0 0.00 0.0 0 6.9 15 300 M M 0 20 290
22 71 27 49 14 16 0 0.00 0.0 0 6.1 17 300 M M 0 23 300
23 35 22 29 -5 36 0 0.18 3.9 0 9.8 18 60 M M 6 1 23 60
24 22 14 18 -16 47 0 0.21 4.7 7 11.7 17 110 M M 10 1 24 90
25 24 7 16 -17 49 0 T T 9 8.5 17 290 M M 6 1 23 280
26 35 15 25 -8 40 0 0.00 0.0 6 10.5 18 290 M M 2 26 290
27 40 9 25 -8 40 0 0.00 0.0 5 5.1 12 300 M M 0 15 290
28 47 17 32 0 33 0 0.00 0.0 4 5.8 13 300 M M 0 17 310
29 51 11 31 -1 34 0 0.00 0.0 2 5.1 14 290 M M 0 19 290
30 37 18 28 -4 37 0 0.00 0.0 2 4.0 10 110 M M 2 13 340
================================================================================
SM 1695 706 741 0 0.54 8.6 217.2 M 52
================================================================================
AV 56.5 23.5 7.2 FASTST M M 2 MAX(MPH)
MISC ----> 32 280 49 300
================================================================================
NOTES:
# LAST OF SEVERAL OCCURRENCES
COLUMN 17 PEAK WIND IN M.P.H.
PRELIMINARY LOCAL CLIMATOLOGICAL DATA (WS FORM: F-6) , PAGE 2
STATION: SCOTTSBLUFF NE AIRPORT
MONTH: NOVEMBER
YEAR: 2023
LATITUDE: 41 52 N
LONGITUDE: 103 36 W
[TEMPERATURE DATA] [PRECIPITATION DATA] SYMBOLS USED IN COLUMN 16
AVERAGE MONTHLY: 40.0 TOTAL FOR MONTH: 0.54 1 = FOG OR MIST
DPTR FM NORMAL: 2.8 DPTR FM NORMAL: -0.05 2 = FOG REDUCING VISIBILITY
HIGHEST: 77 ON 5 GRTST 24HR 0.36 ON 23-24 TO 1/4 MILE OR LESS
LOWEST: 7 ON 25 3 = THUNDER
SNOW, ICE PELLETS, HAIL 4 = ICE PELLETS
TOTAL MONTH: 8.6 INCHES 5 = HAIL
GRTST 24HR 4.7 ON 24-24 6 = FREEZING RAIN OR DRIZZLE
GRTST DEPTH: 9 ON 25 7 = DUSTSTORM OR SANDSTORM:
VSBY 1/2 MILE OR LESS
8 = SMOKE OR HAZE
[NO. OF DAYS WITH] [WEATHER - DAYS WITH] 9 = BLOWING SNOW
X = TORNADO
MAX 32 OR BELOW: 2 0.01 INCH OR MORE: 4
MAX 90 OR ABOVE: 0 0.10 INCH OR MORE: 3
MIN 32 OR BELOW: 25 0.50 INCH OR MORE: 0
MIN 0 OR BELOW: 0 1.00 INCH OR MORE: 0
[HDD (BASE 65) ]
TOTAL THIS MO. 741 CLEAR (SCALE 0-3) 23
DPTR FM NORMAL -93 PTCLDY (SCALE 4-7) 5
TOTAL FM JUL 1 1299 CLOUDY (SCALE 8-10) 2
DPTR FM NORMAL -168
[CDD (BASE 65) ]
TOTAL THIS MO. 0
DPTR FM NORMAL 0 [PRESSURE DATA]
TOTAL FM JAN 1 790 HIGHEST SLP 30.54 ON 24
DPTR FM NORMAL -63 LOWEST SLP 29.63 ON 19
[REMARKS]
#FINAL-11-23#
COOP BACKUP USED FOR SNOWFALL AND SNOW DEPTH FOR ENTIRE MONTH
NOVEMBER 24... RECORD DAILY SNOWFALL: 4.7" (PREVIOUS 2.5" IN 1992)