000
CXUS55 KBYZ 011000
CF6BHK
PRELIMINARY LOCAL CLIMATOLOGICAL DATA (WS FORM: F-6)
STATION: BAKER MT
MONTH: APRIL
YEAR: 2021
LATITUDE: 46 20 N
LONGITUDE: 104 15 W
TEMPERATURE IN F: :PCPN: SNOW: WIND :SUNSHINE: SKY :PK WND
================================================================================
1 2 3 4 5 6A 6B 7 8 9 10 11 12 13 14 15 16 17 18
12Z AVG MX 2MIN
DY MAX MIN AVG DEP HDD CDD WTR SNW DPTH SPD SPD DIR MIN PSBL S-S WX SPD DR
================================================================================
1 69 21 45 7 20 0 0.00 M M 11.1 23 250 M M 0 28 230
2 71 32 52 14 13 0 0.00 M M 7.9 20 290 M M 0 8 26 290
3 75 35 55 17 10 0 0.00 M M 10.6 21 300 M M 0 29 340
4 75 34 55 16 10 0 0.00 M M 8.5 20 270 M M 0 26 260
5 58 34 46 7 19 0 0.00 M M 11.0 25 10 M M 0 8 33 360
6 51 31 41 2 24 0 0.00 M M 9.5 17 240 M M 6 20 250
7 62 26 44 4 21 0 0.00 M M 4.6 12 190 M M 0 1 16 230
8 71 27 49 9 16 0 0.09 M M 15.1 44 320 M M 2 18 52 320
9 52 33 43 3 22 0 0.04 M M 16.4 29 320 M M 4 1 36 310
10 68 25 47 6 18 0 0.03 M M 10.8 39 340 M M 1 1 50 340
11 40 30 35 -6 30 0 0.11 M M 21.5 32 310 M M 10 128 40 300
12 35 23 29 -12 36 0 T M M 23.4 33 300 M M 9 43 300
13 32 22 27 -15 38 0 T M M 18.8 29 300 M M 10 36 310
14 33 23 28 -14 37 0 T M M 8.1 17 330 M M 10 8 20 330
15 43 27 35 -7 30 0 0.03 M M 5.7 14 70 M M 10 1 17 60
16 48 24 36 -7 29 0 0.04 M M 7.0 18 360 M M 7 1 22 10
17 58 20 39 -4 26 0 0.00 M M 4.5 22 320 M M 2 8 25 330
18 53 28 41 -3 24 0 0.03 M M 13.0 28 30 M M 6 1 32 30
19 40 23 32 -12 33 0 0.01 M M 11.1 25 330 M M 6 18 28 330
20 35 18 27 -17 38 0 0.01 M M 11.2 24 360 M M 9 12 31 350
21 51 16 34 -11 31 0 0.00 M M 7.4 15 180 M M 0 20 200
22 61 19 40 -5 25 0 0.00 M M 11.1 32 350 M M 1 39 350
23 41 23 32 -13 33 0 T M M 11.4 24 350 M M 8 8 29 340
24 51 19 35 -11 30 0 T M M 8.9 24 120 M M 5 29 120
25 58 33 46 0 19 0 0.11 M M 11.4 25 130 M M 7 1 32 120
26 54 39 47 1 18 0 0.01 M M 4.2 17 110 M M 10 22 120
27 66 31 49 2 16 0 0.00 M M 2.2 10 150 M M 4 12 17 110
28 67 35 51 4 14 0 0.00 M M 12.9 26 280 M M 2 36 270
29 73 36 55 7 10 0 0.00 M M 11.3 29 320 M M 4 39 280
30 85 46 66 18 0 1 0.00 M M 13.4 30 290 M M 1 41 270
================================================================================
SM 1676 833 690 1 0.51 M 324.0 M 134
================================================================================
AV 55.9 27.8 10.8 FASTST M M 4 MAX(MPH)
MISC ----> 44 320 52 320
================================================================================
NOTES:
# LAST OF SEVERAL OCCURRENCES
COLUMN 17 PEAK WIND IN M.P.H.
PRELIMINARY LOCAL CLIMATOLOGICAL DATA (WS FORM: F-6) , PAGE 2
STATION: BAKER MT
MONTH: APRIL
YEAR: 2021
LATITUDE: 46 20 N
LONGITUDE: 104 15 W
[TEMPERATURE DATA] [PRECIPITATION DATA] SYMBOLS USED IN COLUMN 16
AVERAGE MONTHLY: 41.8 TOTAL FOR MONTH: 0.51 1 = FOG OR MIST
DPTR FM NORMAL: -0.9 DPTR FM NORMAL: -0.88 2 = FOG REDUCING VISIBILITY
HIGHEST: 85 ON 30 GRTST 24HR 0.14 ON 10-11 TO 1/4 MILE OR LESS
LOWEST: 16 ON 21 3 = THUNDER
SNOW, ICE PELLETS, HAIL 4 = ICE PELLETS
TOTAL MONTH: M 5 = HAIL
GRTST 24HR M ON M 6 = FREEZING RAIN OR DRIZZLE
GRTST DEPTH: M ON M 7 = DUSTSTORM OR SANDSTORM:
VSBY 1/2 MILE OR LESS
8 = SMOKE OR HAZE
[NO. OF DAYS WITH] [WEATHER - DAYS WITH] 9 = BLOWING SNOW
X = TORNADO
MAX 32 OR BELOW: 1 0.01 INCH OR MORE: 11
MAX 90 OR ABOVE: 0 0.10 INCH OR MORE: 2
MIN 32 OR BELOW: 21 0.50 INCH OR MORE: 0
MIN 0 OR BELOW: 0 1.00 INCH OR MORE: 0
[HDD (BASE 65) ]
TOTAL THIS MO. 690 CLEAR (SCALE 0-3) 13
DPTR FM NORMAL 21 PTCLDY (SCALE 4-7) 10
TOTAL FM JUL 1 6920 CLOUDY (SCALE 8-10) 7
DPTR FM NORMAL -938
[CDD (BASE 65) ]
TOTAL THIS MO. 1
DPTR FM NORMAL 1 [PRESSURE DATA]
TOTAL FM JAN 1 1 HIGHEST SLP 30.46 ON 14
DPTR FM NORMAL 1 LOWEST SLP 29.52 ON 10
[REMARKS]
#FINAL-04-21#