000
CXUS54 KBMX 011110
CF6BHM
PRELIMINARY LOCAL CLIMATOLOGICAL DATA (WS FORM: F-6)
STATION: BIRMINGHAM
MONTH: JULY
YEAR: 2020
LATITUDE: 33 34 N
LONGITUDE: 86 45 W
TEMPERATURE IN F: :PCPN: SNOW: WIND :SUNSHINE: SKY :PK WND
================================================================================
1 2 3 4 5 6A 6B 7 8 9 10 11 12 13 14 15 16 17 18
12Z AVG MX 2MIN
DY MAX MIN AVG DEP HDD CDD WTR SNW DPTH SPD SPD DIR MIN PSBL S-S WX SPD DR
================================================================================
1 83 70 77 -3 0 12 0.69 0.0 0 4.7 22 340 M M 7 13 27 340
2 90 72 81 1 0 16 0.00 0.0 0 5.3 13 340 M M 7 19 340
3 94 74 84 4 0 19 0.00 0.0 0 4.2 14 90 M M 5 18 17 40
4 93 75 84 3 0 19 0.00 0.0 0 3.9 16 350 M M 6 138 19 340
5 93 74 84 3 0 19 T 0.0 0 4.0 20 140 M M 6 138 28 140
6 87 75 81 0 0 16 0.27 0.0 0 5.4 18 100 M M 7 38 23 90
7 89 74 82 1 0 17 0.99 0.0 0 2.9 20 200 M M 7 138 23 190
8 88 74 81 0 0 16 0.03 0.0 0 5.4 18 250 M M 7 1 21 260
9 89 73 81 0 0 16 0.05 0.0 0 2.7 9 290 M M 7 18 12 300
10 92 76 84 3 0 19 0.00 0.0 0 6.7 17 260 M M 4 21 260
11 91 71 81 0 0 16 0.00 0.0 0 6.3 20 320 M M 1 27 350
12 90 70 80 -1 0 15 1.12 0.0 0 3.2 26 20 M M 6 13 34 20
13 90 68 79 -2 0 14 0.00 0.0 0 3.1 13 300 M M 4 16 330
14 93 70 82 1 0 17 0.00 0.0 0 2.2 12 350 M M 3 18 14 340
15 94 72 83 2 0 18 0.00 0.0 0 3.9 23 180 M M 2 33 180
16 91 72 82 1 0 17 0.00 0.0 0 4.3 10 120 M M 2 14 140
17 94 73 84 3 0 19 0.00 0.0 0 3.5 10 140 M M 2 16 150
18 96 75 86 5 0 21 0.00 0.0 0 2.3 8 70 M M 3 12 60
19 94 77 86 5 0 21 0.00 0.0 0 3.6 18 350 M M 4 3 22 190
20 96 75 86 5 0 21 1.03 0.0 0 3.2 36 250 M M 5 13 39 250
21 93 74 84 3 0 19 0.02 0.0 0 3.2 25 230 M M 7 13 33 230
22 93 73 83 2 0 18 0.10 0.0 0 4.7 17 200 M M 6 3 22 200
23 92 73 83 2 0 18 0.00 0.0 0 5.0 20 140 M M 5 27 150
24 87 74 81 0 0 16 0.00 0.0 0 5.4 18 210 M M 6 24 230
25 92 72 82 1 0 17 0.02 0.0 0 4.6 20 170 M M 4 3 26 170
26 90 71 81 0 0 16 0.00 0.0 0 2.7 15 300 M M 5 3 18 300
27 92 72 82 1 0 17 0.00 0.0 0 2.0 15 230 M M 5 18 230
28 89 75 82 1 0 17 0.01 0.0 0 7.5 17 180 M M 7 21 210
29 86 74 80 -1 0 15 0.08 0.0 0 5.2 14 250 M M 9 1 16 250
30 90 74 82 1 0 17 0.01 0.0 0 9.8 20 250 M M 7 18 27 250
31 94 73 84 3 0 19 0.97 0.0 0 7.8 28 280 M M 6 138 34 290
================================================================================
SM 2825 2265 0 537 5.39 0.0 138.7 M 162
================================================================================
AV 91.1 73.1 4.5 FASTST M M 5 MAX(MPH)
MISC ----> # 36 250 # 39 250
================================================================================
NOTES:
# LAST OF SEVERAL OCCURRENCES
COLUMN 17 PEAK WIND IN M.P.H.
PRELIMINARY LOCAL CLIMATOLOGICAL DATA (WS FORM: F-6) , PAGE 2
STATION: BIRMINGHAM
MONTH: JULY
YEAR: 2020
LATITUDE: 33 34 N
LONGITUDE: 86 45 W
[TEMPERATURE DATA] [PRECIPITATION DATA] SYMBOLS USED IN COLUMN 16
AVERAGE MONTHLY: 82.1 TOTAL FOR MONTH: 5.39 1 = FOG OR MIST
DPTR FM NORMAL: 1.0 DPTR FM NORMAL: 0.59 2 = FOG REDUCING VISIBILITY
HIGHEST: 96 ON 20,18 GRTST 24HR 1.12 ON 12-12 TO 1/4 MILE OR LESS
LOWEST: 68 ON 13 3 = THUNDER
SNOW, ICE PELLETS, HAIL 4 = ICE PELLETS
TOTAL MONTH: 0.0 INCH 5 = HAIL
GRTST 24HR 0.0 6 = FREEZING RAIN OR DRIZZLE
GRTST DEPTH: 0 7 = DUSTSTORM OR SANDSTORM:
VSBY 1/2 MILE OR LESS
8 = SMOKE OR HAZE
[NO. OF DAYS WITH] [WEATHER - DAYS WITH] 9 = BLOWING SNOW
X = TORNADO
MAX 32 OR BELOW: 0 0.01 INCH OR MORE: 14
MAX 90 OR ABOVE: 23 0.10 INCH OR MORE: 7
MIN 32 OR BELOW: 0 0.50 INCH OR MORE: 5
MIN 0 OR BELOW: 0 1.00 INCH OR MORE: 2
[HDD (BASE 65) ]
TOTAL THIS MO. 0 CLEAR (SCALE 0-3) 6
DPTR FM NORMAL 0 PTCLDY (SCALE 4-7) 24
TOTAL FM JUL 1 0 CLOUDY (SCALE 8-10) 1
DPTR FM NORMAL 0
[CDD (BASE 65) ]
TOTAL THIS MO. 537
DPTR FM NORMAL 38 [PRESSURE DATA]
TOTAL FM JAN 1 1243 HIGHEST SLP 30.21 ON 17
DPTR FM NORMAL 80 LOWEST SLP 29.81 ON 12
[REMARKS]
#FINAL-07-20#