000
CXUS55 KVEF 010910
CF6BIH
PRELIMINARY LOCAL CLIMATOLOGICAL DATA (WS FORM: F-6)
STATION: BISHOP CA
MONTH: JANUARY
YEAR: 2022
LATITUDE: 37 22 N
LONGITUDE: 118 22 W
TEMPERATURE IN F: :PCPN: SNOW: WIND :SUNSHINE: SKY :PK WND
================================================================================
1 2 3 4 5 6A 6B 7 8 9 10 11 12 13 14 15 16 17 18
12Z AVG MX 2MIN
DY MAX MIN AVG DEP HDD CDD WTR SNW DPTH SPD SPD DIR MIN PSBL S-S WX SPD DR
================================================================================
1 50 22 36 -2 29 0 0.00 0.0 1 9.3 21 340 M M 0 26 320
2 42 17 30 -9 35 0 0.00 0.0 T 4.5 8 330 M M 0 11 180
3 44 17 31 -8 34 0 0.00 0.0 T 3.3 8 240 M M 0 10 230
4 50 19 35 -4 30 0 0.00 0.0 T 2.8 9 260 M M 1 12 140
5 62 25 44 5 21 0 0.00 0.0 T 4.9 10 330 M M 0 11 290
6 62 27 45 6 20 0 0.00 0.0 T 3.5 9 340 M M 0 10 340
7 56 25 41 2 24 0 0.00 0.0 T 5.5 21 320 M M 0 29 320
8 57 26 42 3 23 0 0.00 0.0 T 7.2 20 300 M M 0 26 300
9 53 22 38 -1 27 0 0.00 0.0 T 3.9 12 320 M M 0 13 310
10 51 22 37 -3 28 0 0.00 0.0 T 6.2 10 290 M M 0 11 320
11 64 22 43 3 22 0 0.00 0.0 T 5.8 13 310 M M 0 13 320
12 66 28 47 7 18 0 0.00 0.0 T 4.9 12 300 M M 0 14 320
13 61 30 46 6 19 0 0.00 0.0 T 4.0 10 330 M M 0 12 330
14 60 27 44 4 21 0 0.00 0.0 T 10.0 24 10 M M 0 32 20
15 59 28 44 4 21 0 0.00 0.0 T 6.2 12 300 M M 0 13 310
16 58 24 41 1 24 0 0.00 0.0 0 4.1 10 310 M M 0 10 320
17 58 24 41 1 24 0 0.00 0.0 0 4.7 9 320 M M 0 11 190
18 64 26 45 5 20 0 0.00 0.0 0 8.6 17 360 M M 0 22 360
19 62 29 46 6 19 0 0.00 0.0 0 9.8 18 360 M M 0 23 360
20 66 29 48 8 17 0 0.00 0.0 0 5.9 14 310 M M 0 16 300
21 54 26 40 0 25 0 0.00 0.0 0 15.3 30 340 M M 0 38 360
22 55 29 42 2 23 0 0.00 0.0 0 11.1 18 350 M M 0 24 360
23 65 24 45 5 20 0 0.00 0.0 0 9.3 16 360 M M 0 21 360
24 69 27 48 8 17 0 0.00 0.0 0 7.1 13 310 M M 0 14 310
25 57 26 42 1 23 0 0.00 0.0 0 15.0 28 10 M M 0 37 350
26 53 15 34 -7 31 0 0.00 0.0 0 5.6 12 300 M M 0 13 300
27 62 21 42 1 23 0 0.00 0.0 0 5.9 14 290 M M 0 14 290
28 58 18 38 -3 27 0 0.00 0.0 0 5.4 14 300 M M 0 14 300
29 55 19 37 -4 28 0 0.00 0.0 0 6.1 13 300 M M 0 13 330
30 65 17 41 0 24 0 0.00 0.0 0 5.9 15 300 M M 0 17 300
31 64 21 43 2 22 0 0.00 0.0 0 5.1 13 150 M M 0 15 150
================================================================================
SM 1802 732 739 0 0.00 0.0 206.9 M 1
================================================================================
AV 58.1 23.6 6.7 FASTST M M 0 MAX(MPH)
MISC ----> 30 340 38 360
================================================================================
NOTES:
# LAST OF SEVERAL OCCURRENCES
COLUMN 17 PEAK WIND IN M.P.H.
PRELIMINARY LOCAL CLIMATOLOGICAL DATA (WS FORM: F-6) , PAGE 2
STATION: BISHOP CA
MONTH: JANUARY
YEAR: 2022
LATITUDE: 37 22 N
LONGITUDE: 118 22 W
[TEMPERATURE DATA] [PRECIPITATION DATA] SYMBOLS USED IN COLUMN 16
AVERAGE MONTHLY: 40.9 TOTAL FOR MONTH: 0.00 1 = FOG OR MIST
DPTR FM NORMAL: 1.0 DPTR FM NORMAL: -1.14 2 = FOG REDUCING VISIBILITY
HIGHEST: 69 ON 24 GRTST 24HR T ON 1- 1 TO 1/4 MILE OR LESS
LOWEST: 15 ON 26 3 = THUNDER
SNOW, ICE PELLETS, HAIL 4 = ICE PELLETS
TOTAL MONTH: 0.0 INCH 5 = HAIL
GRTST 24HR 0.0 6 = FREEZING RAIN OR DRIZZLE
GRTST DEPTH: 1 ON M 7 = DUSTSTORM OR SANDSTORM:
VSBY 1/2 MILE OR LESS
8 = SMOKE OR HAZE
[NO. OF DAYS WITH] [WEATHER - DAYS WITH] 9 = BLOWING SNOW
X = TORNADO
MAX 32 OR BELOW: 0 0.01 INCH OR MORE: 0
MAX 90 OR ABOVE: 0 0.10 INCH OR MORE: 0
MIN 32 OR BELOW: 31 0.50 INCH OR MORE: 0
MIN 0 OR BELOW: 0 1.00 INCH OR MORE: 0
[HDD (BASE 65) ]
TOTAL THIS MO. 739 CLEAR (SCALE 0-3) 31
DPTR FM NORMAL -39 PTCLDY (SCALE 4-7) 0
TOTAL FM JUL 1 2207 CLOUDY (SCALE 8-10) 0
DPTR FM NORMAL -254
[CDD (BASE 65) ]
TOTAL THIS MO. 0
DPTR FM NORMAL 0 [PRESSURE DATA]
TOTAL FM JAN 1 0 HIGHEST SLP M ON M
DPTR FM NORMAL 0 LOWEST SLP 29.72 ON 7
[REMARKS]
#FINAL-01-22#