000
CXUS53 KBIS 011615
CLMBIS
CLIMATE REPORT
NATIONAL WEATHER SERVICE BISMARCK, ND
1015 AM CST THU FEB 01 2024
...................................
...THE BISMARCK ND CLIMATE SUMMARY FOR THE MONTH OF JANUARY 2024...
CLIMATE NORMAL PERIOD: 1991 TO 2020
CLIMATE RECORD PERIOD: 1875 TO 2024
WEATHER OBSERVED NORMAL DEPART LAST YEAR`S
VALUE DATE(S) VALUE FROM VALUE DATE(S)
NORMAL
................................................................
TEMPERATURE (F)
RECORD
HIGH 63 01/08/2002
LOW -45 01/13/1916
HIGHEST 55 01/31 38 01/26
LOWEST -27 01/13 -20 01/30
AVG. MAXIMUM 23.3 23.2 0.1 23.0
AVG. MINIMUM 7.6 2.4 5.2 4.2
MEAN 15.5 12.8 2.7 13.6
DAYS MAX >= 90 0 0.0 0.0 0
DAYS MAX <= 32 22 21.2 0.8 24
DAYS MIN <= 32 31 30.9 0.1 31
DAYS MIN <= 0 10 13.7 -3.7 14
PRECIPITATION (INCHES)
RECORD
MAXIMUM 1.64 1877
MINIMUM 0.00 1878
TOTALS 0.32 0.48 -0.16 0.20
DAILY AVG. 0.01 0.02 -0.01 0.01
DAYS >= .01 7 7.8 -0.8 4
DAYS >= .10 1 1.5 -0.5 1
DAYS >= .50 0 0.1 -0.1 0
DAYS >= 1.00 0 0.0 0.0 0
GREATEST
24 HR. TOTAL 0.14 01/09 TO 01/09 0.15
SNOWFALL (INCHES)
RECORDS
TOTAL 25.0 5
TOTALS 3.5 8.9 -5.4 3.4
SINCE 7/1 15.3 29.5 -14.2 MM
SNOWDEPTH AVG. 1 12
DAYS >= 1.0 1 2.5 -1.5 1
GREATEST
SNOW DEPTH 2 01/22 12 01/29
01/23
01/24
01/30
01/31
24 HR TOTAL 1.0 01/09 TO 01/09 2.0
DEGREE DAYS
HEATING TOTAL 1528 1618 -90
SINCE 7/1 4338 5009 -671
COOLING TOTAL 0 0 0
SINCE 1/1 0 0 0
................................................................
WIND (MPH)
HIGHEST WIND SPEED/DIRECTION 31/300 DATE 01/15
HIGHEST GUST SPEED/DIRECTION 45/290 DATE 01/15
SKY COVER
POSSIBLE SUNSHINE (PERCENT) MM
NUMBER OF DAYS FAIR 14
NUMBER OF DAYS PC 5
NUMBER OF DAYS CLOUDY 12
WEATHER CONDITIONS. NUMBER OF DAYS WITH
THUNDERSTORM 0 MIXED PRECIP 0
HEAVY RAIN 0 RAIN 0
LIGHT RAIN 0 FREEZING RAIN 0
LT FREEZING RAIN 1 HAIL 0
HEAVY SNOW 0 SNOW 0
LIGHT SNOW 10 SLEET 0
FOG 12 FOG W/VIS <= 1/4 MILE 2
HAZE 14
- INDICATES NEGATIVE NUMBERS.
R INDICATES RECORD WAS SET OR TIED.
MM INDICATES DATA IS MISSING.
T INDICATES TRACE AMOUNT.
$$