100
CXUS53 KGRR 011010
CF6BIV
PRELIMINARY LOCAL CLIMATOLOGICAL DATA (WS FORM: F-6)
STATION: HOLLAND
MONTH: FEBRUARY
YEAR: 2021
LATITUDE: 42 49 N
LONGITUDE: 86 10 W
TEMPERATURE IN F: :PCPN: SNOW: WIND :SUNSHINE: SKY :PK WND
================================================================================
1 2 3 4 5 6A 6B 7 8 9 10 11 12 13 14 15 16 17 18
12Z AVG MX 2MIN
DY MAX MIN AVG DEP HDD CDD WTR SNW DPTH SPD SPD DIR MIN PSBL S-S WX SPD DR
================================================================================
1 34 22 28 2 37 0 0.00 M M 6.2 12 20 M M 2 18 10
2 37 21 29 3 36 0 0.00 M M 6.9 15 320 M M 4 24 310
3 34 16 25 -1 40 0 0.00 M M 4.4 12 270 M M 1 16 260
4 37 25 31 5 34 0 0.18 M M 13.2 25 270 M M 4 12 41 260
5 32 16 24 -2 41 0 0.02 M M 22.4 32 260 M M 10 18 48 250
6 19 15 17 -10 48 0 0.01 M M 13.8 22 250 M M 10 8 34 270
7 16 8 12 -15 53 0 T M M 9.0 16 290 M M 10 8 27 280
8 18 7 13 -14 52 0 T M M 5.8 13 180 M M 10 18 16 180
9 18 6 12 -15 53 0 T M M 3.5 12 300 M M 9 18 17 300
10 21 6 14 -13 51 0 T M M 3.3 9 140 M M 9 12 350
11 20 11 16 -11 49 0 T M M 6.4 10 70 M M 8 19 60
12 27 16 22 -6 43 0 T M M 5.4 13 100 M M 10 19 80
13 22 10 16 -12 49 0 T M M 5.5 12 350 M M 10 128 16 330
14 19 9 14 -14 51 0 T M M 6.5 13 310 M M 10 1 21 310
15 14 8 11 -17 54 0 T M M 8.5 15 40 M M 8 8 26 40
16 18 -4 7 -21 58 0 T M M 5.5 15 10 M M 7 8 26 30
17 23 -10 7 -22 58 0 0.00 M M 4.8 13 110 M M 0 8 17 100
18 25 7 16 -13 49 0 T M M 5.0 9 80 M M 9 8 M M
19 25 15 20 -9 45 0 T M M 7.3 20 250 M M 10 18 24 250
20 25 5 15 -14 50 0 T M M 7.2 15 250 M M 8 18 20 310
21 34 6 20 -10 45 0 T M M 11.1 21 140 M M 3 18 30 130
22 38 31 35 5 30 0 0.17 M M 18.6 29 220 M M 9 18 40 220
23 42 36 39 9 26 0 T M M 14.1 25 220 M M 4 33 220
24 45 30 38 8 27 0 0.00 M M 12.3 25 220 M M 4 8 38 320
25 37 20 29 -2 36 0 0.00 M M 6.0 20 260 M M 2 26 260
26 43 21 32 1 33 0 0.00 M M 8.9 18 170 M M 2 18 26 160
27 45 32 39 8 26 0 0.10 M M 7.8 16 250 M M 5 18 20 250
28 50 34 42 10 23 0 0.07 M M 12.8 29 260 M M 7 18 38 260
================================================================================
SM 818 419 1197 0 0.55 M 242.2 M 185
================================================================================
AV 29.2 15.0 8.7 FASTST M M 7 MAX(MPH)
MISC ----> 32 260 48 250
================================================================================
NOTES:
# LAST OF SEVERAL OCCURRENCES
COLUMN 17 PEAK WIND IN M.P.H.
PRELIMINARY LOCAL CLIMATOLOGICAL DATA (WS FORM: F-6) , PAGE 2
STATION: HOLLAND
MONTH: FEBRUARY
YEAR: 2021
LATITUDE: 42 49 N
LONGITUDE: 86 10 W
[TEMPERATURE DATA] [PRECIPITATION DATA] SYMBOLS USED IN COLUMN 16
AVERAGE MONTHLY: 22.1 TOTAL FOR MONTH: 0.55 1 = FOG OR MIST
DPTR FM NORMAL: -6.2 DPTR FM NORMAL: -1.25 2 = FOG REDUCING VISIBILITY
HIGHEST: 50 ON 28 GRTST 24HR 0.20 ON 4- 5 TO 1/4 MILE OR LESS
LOWEST: -10 ON 17 3 = THUNDER
SNOW, ICE PELLETS, HAIL 4 = ICE PELLETS
TOTAL MONTH: M 5 = HAIL
GRTST 24HR M ON M 6 = FREEZING RAIN OR DRIZZLE
GRTST DEPTH: M ON M 7 = DUSTSTORM OR SANDSTORM:
VSBY 1/2 MILE OR LESS
8 = SMOKE OR HAZE
[NO. OF DAYS WITH] [WEATHER - DAYS WITH] 9 = BLOWING SNOW
X = TORNADO
MAX 32 OR BELOW: 16 0.01 INCH OR MORE: 6
MAX 90 OR ABOVE: 0 0.10 INCH OR MORE: 3
MIN 32 OR BELOW: 26 0.50 INCH OR MORE: 0
MIN 0 OR BELOW: 2 1.00 INCH OR MORE: 0
[HDD (BASE 65) ]
TOTAL THIS MO. 1197 CLEAR (SCALE 0-3) 5
DPTR FM NORMAL 171 PTCLDY (SCALE 4-7) 11
TOTAL FM JUL 1 4455 CLOUDY (SCALE 8-10) 12
DPTR FM NORMAL -46
[CDD (BASE 65) ]
TOTAL THIS MO. 0
DPTR FM NORMAL 0 [PRESSURE DATA]
TOTAL FM JAN 1 0 HIGHEST SLP 30.51 ON 11
DPTR FM NORMAL 0 LOWEST SLP 29.23 ON 4
[REMARKS]
#FINAL-02-21#