000
CXUS56 KBOI 011002
CF6BKE
PRELIMINARY LOCAL CLIMATOLOGICAL DATA (WS FORM: F-6)
STATION: BAKER OR
MONTH: APRIL
YEAR: 2020
LATITUDE: 44 50 N
LONGITUDE: 117 49 W
TEMPERATURE IN F: :PCPN: SNOW: WIND :SUNSHINE: SKY :PK WND
================================================================================
1 2 3 4 5 6A 6B 7 8 9 10 11 12 13 14 15 16 17 18
12Z AVG MX 2MIN
DY MAX MIN AVG DEP HDD CDD WTR SNW DPTH SPD SPD DIR MIN PSBL S-S WX SPD DR
================================================================================
1 43 22 33 -8 32 0 T M M 4.4 23 340 M M 6 18 31 330
2 47 19 33 -8 32 0 T M M 3.5 21 220 M M 4 18 24 220
3 52 20 36 -5 29 0 T M M 4.5 22 350 M M 6 12 30 350
4 53 20 37 -4 28 0 T M M 7.1 18 180 M M 5 24 120
5 55 32 44 2 21 0 T M M 7.9 24 160 M M 5 29 160
6 62 24 43 1 22 0 0.00 M M 5.0 16 360 M M 3 12 20 10
7 65 24 45 3 20 0 0.00 M M 2.4 10 350 M M 0 1 13 330
8 70 24 47 5 18 0 0.00 M M 6.3 20 330 M M 0 24 330
9 74 28 51 9 14 0 0.00 M M 7.0 16 340 M M 0 M M
10 73 27 50 8 15 0 0.00 M M 6.9 23 340 M M 0 31 350
11 59 28 44 2 21 0 0.00 M M 16.8 28 340 M M 2 43 340
12 53 25 39 -4 26 0 0.00 M M 11.3 18 340 M M 0 32 340
13 52 16 34 -9 31 0 0.00 M M 9.8 20 340 M M 0 30 360
14 65 18 42 -1 23 0 0.00 M M 5.5 17 350 M M 5 23 350
15 60 34 47 4 18 0 0.04 M M 16.5 36 330 M M 6 50 320
16 57 25 41 -2 24 0 0.00 M M 10.5 21 330 M M 0 25 340
17 65 15 40 -4 25 0 0.00 M M 6.7 17 120 M M 0 23 140
18 69 21 45 1 20 0 0.00 M M 5.4 22 330 M M 2 26 330
19 67 29 48 4 17 0 0.00 M M 4.5 14 340 M M 0 19 310
20 73 28 51 7 14 0 0.00 M M 4.6 14 320 M M 1 12 19 20
21 72 30 51 7 14 0 0.00 M M 9.1 20 330 M M 2 29 310
22 61 31 46 1 19 0 0.05 M M 6.3 21 200 M M 6 1 26 190
23 59 36 48 3 17 0 T M M 11.2 28 340 M M 6 1 34 340
24 65 29 47 2 18 0 T M M 2.9 12 360 M M 4 14 120
25 70 31 51 6 14 0 T M M 4.3 23 350 M M 5 1 27 340
26 74 35 55 9 10 0 0.00 M M 3.7 15 120 M M 1 1 20 130
27 72 42 57 11 8 0 T M M 9.0 29 210 M M 5 34 230
28 75 34 55 9 10 0 0.00 M M 5.0 16 80 M M 0 20 60
29 82 41 62 16 3 0 0.11 M M 8.7 26 290 M M 2 3 34 310
30 59 36 48 1 17 0 T M M 9.4 25 340 M M 5 33 350
================================================================================
SM 1903 824 580 0 0.20 M 216.2 M 81
================================================================================
AV 63.4 27.5 7.2 FASTST M M 3 MAX(MPH)
MISC ----> 36 330 50 320
================================================================================
NOTES:
# LAST OF SEVERAL OCCURRENCES
COLUMN 17 PEAK WIND IN M.P.H.
PRELIMINARY LOCAL CLIMATOLOGICAL DATA (WS FORM: F-6) , PAGE 2
STATION: BAKER OR
MONTH: APRIL
YEAR: 2020
LATITUDE: 44 50 N
LONGITUDE: 117 49 W
[TEMPERATURE DATA] [PRECIPITATION DATA] SYMBOLS USED IN COLUMN 16
AVERAGE MONTHLY: 45.5 TOTAL FOR MONTH: 0.20 1 = FOG OR MIST
DPTR FM NORMAL: 2.0 DPTR FM NORMAL: -0.65 2 = FOG REDUCING VISIBILITY
HIGHEST: 82 ON 29 GRTST 24HR 0.11 ON 29-29 TO 1/4 MILE OR LESS
LOWEST: 15 ON 17 3 = THUNDER
SNOW, ICE PELLETS, HAIL 4 = ICE PELLETS
TOTAL MONTH: M 5 = HAIL
GRTST 24HR M ON M 6 = FREEZING RAIN OR DRIZZLE
GRTST DEPTH: M ON M 7 = DUSTSTORM OR SANDSTORM:
VSBY 1/2 MILE OR LESS
8 = SMOKE OR HAZE
[NO. OF DAYS WITH] [WEATHER - DAYS WITH] 9 = BLOWING SNOW
X = TORNADO
MAX 32 OR BELOW: 0 0.01 INCH OR MORE: 3
MAX 90 OR ABOVE: 0 0.10 INCH OR MORE: 1
MIN 32 OR BELOW: 23 0.50 INCH OR MORE: 0
MIN 0 OR BELOW: 0 1.00 INCH OR MORE: 0
[HDD (BASE 65) ]
TOTAL THIS MO. 580 CLEAR (SCALE 0-3) 16
DPTR FM NORMAL -65 PTCLDY (SCALE 4-7) 14
TOTAL FM JUL 1 6120 CLOUDY (SCALE 8-10) 0
DPTR FM NORMAL -894
[CDD (BASE 65) ]
TOTAL THIS MO. 0
DPTR FM NORMAL 0 [PRESSURE DATA]
TOTAL FM JAN 1 0 HIGHEST SLP 30.38 ON 14
DPTR FM NORMAL 0 LOWEST SLP 29.58 ON 5
[REMARKS]
#FINAL-04-20#