000
CXUS56 KBOI 011002
CF6BKE
PRELIMINARY LOCAL CLIMATOLOGICAL DATA (WS FORM: F-6)
STATION: BAKER OR
MONTH: JULY
YEAR: 2023
LATITUDE: 44 50 N
LONGITUDE: 117 49 W
TEMPERATURE IN F: :PCPN: SNOW: WIND :SUNSHINE: SKY :PK WND
================================================================================
1 2 3 4 5 6A 6B 7 8 9 10 11 12 13 14 15 16 17 18
12Z AVG MX 2MIN
DY MAX MIN AVG DEP HDD CDD WTR SNW DPTH SPD SPD DIR MIN PSBL S-S WX SPD DR
================================================================================
1 88 47 68 3 0 3 0.00 M M 7.2 17 340 M M 0 24 350
2 87 40 64 -1 1 0 0.00 M M 5.6 15 320 M M 0 22 320
3 84 42 63 -2 2 0 0.00 M M 9.2 22 350 M M 0 31 330
4 82 43 63 -3 2 0 0.00 M M 6.6 17 320 M M 0 23 310
5 87 41 64 -2 1 0 0.00 M M 2.7 10 270 M M 0 13 40
6 89 47 68 2 0 3 0.00 M M 5.1 14 320 M M 1 19 330
7 91 47 69 2 0 4 0.00 M M 3.7 16 250 M M 0 8 22 250
8 88 54 71 4 0 6 T M M 3.8 15 250 M M 2 20 260
9 94 50 72 5 0 7 T M M 4.6 22 310 M M 1 3 30 310
10 86 56 71 3 0 6 0.00 M M 11.2 25 340 M M 0 33 340
11 87 45 66 -2 0 1 0.00 M M 5.2 13 330 M M 0 16 330
12 89 45 67 -1 0 2 0.00 M M 6.1 16 330 M M 0 35 300
13 85 55 70 2 0 5 0.00 M M 6.4 16 330 M M 0 23 330
14 90 45 68 -1 0 3 0.00 M M 4.3 12 320 M M 0 17 320
15 95 45 70 1 0 5 0.00 M M 3.4 12 310 M M 0 15 290
16 99 51 75 6 0 10 0.00 M M 4.2 21 310 M M 0 27 310
17 85 53 69 0 0 4 0.00 M M 9.8 22 330 M M 0 30 330
18 86 42 64 -6 1 0 0.00 M M 7.2 16 340 M M 0 21 340
19 93 43 68 -2 0 3 0.00 M M 5.4 14 310 M M 0 19 320
20 96 48 72 2 0 7 0.00 M M 4.3 13 320 M M 0 17 320
21 98 51 75 5 0 10 0.00 M M 4.5 20 330 M M 0 26 330
22 95 55 75 5 0 10 0.00 M M 7.8 18 330 M M 0 25 340
23 93 49 71 1 0 6 0.00 M M 4.3 10 310 M M 0 14 300
24 92 59 76 6 0 11 0.00 M M 10.0 26 330 M M 0 39 330
25 85 54 70 0 0 5 0.00 M M 7.7 17 320 M M 1 27 350
26 87 53 70 0 0 5 0.00 M M 7.9 17 320 M M 1 22 320
27 87 53 70 0 0 5 0.00 M M 7.0 18 330 M M 2 24 320
28 91 48 70 0 0 5 0.00 M M 3.6 14 310 M M 1 19 310
29 96 48 72 2 0 7 0.00 M M 5.1 20 320 M M 0 30 320
30 91 51 71 1 0 6 0.00 M M 6.5 23 330 M M 0 31 330
31 91 49 70 0 0 5 0.00 M M 6.9 18 340 M M 0 24 340
================================================================================
SM 2787 1509 7 144 T M 187.3 M 9
================================================================================
AV 89.9 48.7 6.0 FASTST M M 0 MAX(MPH)
MISC ----> 26 330 39 330
================================================================================
NOTES:
# LAST OF SEVERAL OCCURRENCES
COLUMN 17 PEAK WIND IN M.P.H.
PRELIMINARY LOCAL CLIMATOLOGICAL DATA (WS FORM: F-6) , PAGE 2
STATION: BAKER OR
MONTH: JULY
YEAR: 2023
LATITUDE: 44 50 N
LONGITUDE: 117 49 W
[TEMPERATURE DATA] [PRECIPITATION DATA] SYMBOLS USED IN COLUMN 16
AVERAGE MONTHLY: 69.3 TOTAL FOR MONTH: T 1 = FOG OR MIST
DPTR FM NORMAL: 0.8 DPTR FM NORMAL: -0.55 2 = FOG REDUCING VISIBILITY
HIGHEST: 99 ON 16 GRTST 24HR T ON 8- 8 TO 1/4 MILE OR LESS
LOWEST: 40 ON 2 3 = THUNDER
SNOW, ICE PELLETS, HAIL 4 = ICE PELLETS
TOTAL MONTH: M 5 = HAIL
GRTST 24HR M ON M 6 = FREEZING RAIN OR DRIZZLE
GRTST DEPTH: M ON M 7 = DUSTSTORM OR SANDSTORM:
VSBY 1/2 MILE OR LESS
8 = SMOKE OR HAZE
[NO. OF DAYS WITH] [WEATHER - DAYS WITH] 9 = BLOWING SNOW
X = TORNADO
MAX 32 OR BELOW: 0 0.01 INCH OR MORE: 0
MAX 90 OR ABOVE: 15 0.10 INCH OR MORE: 0
MIN 32 OR BELOW: 0 0.50 INCH OR MORE: 0
MIN 0 OR BELOW: 0 1.00 INCH OR MORE: 0
[HDD (BASE 65) ]
TOTAL THIS MO. 7 CLEAR (SCALE 0-3) 31
DPTR FM NORMAL -25 PTCLDY (SCALE 4-7) 0
TOTAL FM JUL 1 7 CLOUDY (SCALE 8-10) 0
DPTR FM NORMAL -20
[CDD (BASE 65) ]
TOTAL THIS MO. 144
DPTR FM NORMAL 2 [PRESSURE DATA]
TOTAL FM JAN 1 163 HIGHEST SLP 30.15 ON 25
DPTR FM NORMAL -13 LOWEST SLP 29.71 ON 9
[REMARKS]
#FINAL-07-23#