000
CXUS51 KRNK 010624
CF6BLF
PRELIMINARY LOCAL CLIMATOLOGICAL DATA (WS FORM: F-6)
STATION: BLUEFIELD WV
MONTH: AUGUST
YEAR: 2023
LATITUDE: 37 17 N
LONGITUDE: 81 12 W
TEMPERATURE IN F: :PCPN: SNOW: WIND :SUNSHINE: SKY :PK WND
================================================================================
1 2 3 4 5 6A 6B 7 8 9 10 11 12 13 14 15 16 17 18
12Z AVG MX 2MIN
DY MAX MIN AVG DEP HDD CDD WTR SNW DPTH SPD SPD DIR MIN PSBL S-S WX SPD DR
================================================================================
1 75 54 65 -5 0 0 0.00 0.0 0 2.6 9 10 M M 1 1 13 20
2 76 58 67 -3 0 2 0.39 0.0 0 4.3 17 240 M M 3 1 21 240
3 71 63 67 -3 0 2 0.35 0.0 0 3.6 13 160 M M 9 1 19 300
4 77 62 70 0 0 5 0.02 0.0 0 3.2 10 290 M M 6 1 17 340
5 82 60 71 1 0 6 0.00 0.0 0 3.3 9 270 M M 1 1 14 310
6 78 68 73 3 0 8 0.13 0.0 0 4.9 13 240 M M 4 1 19 250
7 80 66 73 3 0 8 0.21 0.0 0 11.1 24 250 M M 3 13 34 240
8 73 59 66 -4 0 1 0.12 0.0 0 6.9 17 260 M M 5 1 26 260
9 74 59 67 -3 0 2 T 0.0 0 6.0 15 290 M M 4 21 260
10 71 63 67 -3 0 2 0.47 0.0 0 8.4 18 240 M M 8 1 28 260
11 77 62 70 0 0 5 0.00 0.0 0 4.6 10 270 M M 5 13 270
12 80 64 72 2 0 7 0.00 0.0 0 7.5 16 240 M M 3 1 22 300
13 80 63 72 2 0 7 0.03 0.0 0 5.4 12 280 M M 5 1 21 300
14 76 66 71 1 0 6 0.18 0.0 0 6.1 16 250 M M 4 1 20 260
15 76 61 69 -1 0 4 0.03 0.0 0 8.2 20 240 M M 5 1 27 240
16 67 58 63 -7 2 0 0.00 0.0 0 3.8 12 260 M M 8 15 250
17 79 57 68 -2 0 3 0.00 0.0 0 5.5 15 250 M M 3 20 260
18 72 54 63 -6 2 0 0.00 0.0 0 6.6 15 310 M M 4 26 300
19 76 50 63 -6 2 0 0.00 0.0 0 1.8 7 260 M M 0 10 60
20 82 56 69 0 0 4 0.00 0.0 0 3.6 9 280 M M 0 13 280
21 82 63 73 4 0 8 0.00 0.0 0 5.1 9 10 M M 2 13 30
22 81 62 72 3 0 7 0.00 0.0 0 4.6 13 300 M M 1 1 19 330
23 82 60 71 2 0 6 0.00 0.0 0 3.1 9 290 M M 1 14 260
24 82 64 73 4 0 8 T 0.0 0 6.4 16 290 M M 3 25 280
25 77 64 71 2 0 6 0.39 0.0 0 7.3 18 10 M M 2 13 29 360
26 79 65 72 4 0 7 0.00 0.0 0 3.6 9 280 M M 3 13 240
27 82 64 73 5 0 8 1.33 0.0 0 1.6 10 230 M M 7 123 14 220
28 72 66 69 1 0 4 0.03 0.0 0 3.2 8 140 M M 9 1 15 160
29 76 65 71 3 0 6 0.01 0.0 0 2.4 10 230 M M 7 14 240
30 71 59 65 -3 0 0 0.22 0.0 0 4.2 10 360 M M 6 1 14 10
31 70 54 62 -6 3 0 T 0.0 0 2.9 8 340 M M 5 12 310
================================================================================
SM 2376 1889 9 132 3.91 0.0 151.8 M 127
================================================================================
AV 76.6 60.9 4.9 FASTST M M 4 MAX(MPH)
MISC ----> 24 250 34 240
================================================================================
NOTES:
# LAST OF SEVERAL OCCURRENCES
COLUMN 17 PEAK WIND IN M.P.H.
PRELIMINARY LOCAL CLIMATOLOGICAL DATA (WS FORM: F-6) , PAGE 2
STATION: BLUEFIELD WV
MONTH: AUGUST
YEAR: 2023
LATITUDE: 37 17 N
LONGITUDE: 81 12 W
[TEMPERATURE DATA] [PRECIPITATION DATA] SYMBOLS USED IN COLUMN 16
AVERAGE MONTHLY: 68.8 TOTAL FOR MONTH: 3.91 1 = FOG OR MIST
DPTR FM NORMAL: -0.5 DPTR FM NORMAL: 0.77 2 = FOG REDUCING VISIBILITY
HIGHEST: 82 ON 27,24 GRTST 24HR 1.36 ON 27-28 TO 1/4 MILE OR LESS
LOWEST: 50 ON 19 3 = THUNDER
SNOW, ICE PELLETS, HAIL 4 = ICE PELLETS
TOTAL MONTH: 0.0 INCH 5 = HAIL
GRTST 24HR 0.0 6 = FREEZING RAIN OR DRIZZLE
GRTST DEPTH: 0 7 = DUSTSTORM OR SANDSTORM:
VSBY 1/2 MILE OR LESS
8 = SMOKE OR HAZE
[NO. OF DAYS WITH] [WEATHER - DAYS WITH] 9 = BLOWING SNOW
X = TORNADO
MAX 32 OR BELOW: 0 0.01 INCH OR MORE: 15
MAX 90 OR ABOVE: 0 0.10 INCH OR MORE: 10
MIN 32 OR BELOW: 0 0.50 INCH OR MORE: 1
MIN 0 OR BELOW: 0 1.00 INCH OR MORE: 1
[HDD (BASE 65) ]
TOTAL THIS MO. 9 CLEAR (SCALE 0-3) 13
DPTR FM NORMAL -4 PTCLDY (SCALE 4-7) 15
TOTAL FM JUL 1 9 CLOUDY (SCALE 8-10) 3
DPTR FM NORMAL -6
[CDD (BASE 65) ]
TOTAL THIS MO. 132
DPTR FM NORMAL -14 [PRESSURE DATA]
TOTAL FM JAN 1 353 HIGHEST SLP M ON M
DPTR FM NORMAL -120 LOWEST SLP 29.74 ON 10
[REMARKS]
#FINAL-08-23#