000
CXUS55 KPSR 011005
CF6BLH
PRELIMINARY LOCAL CLIMATOLOGICAL DATA (WS FORM: F-6)
STATION: BLYTHE CA
MONTH: OCTOBER
YEAR: 2022
LATITUDE: 33 37 N
LONGITUDE: 114 43 W
TEMPERATURE IN F: :PCPN: SNOW: WIND :SUNSHINE: SKY :PK WND
================================================================================
1 2 3 4 5 6A 6B 7 8 9 10 11 12 13 14 15 16 17 18
12Z AVG MX 2MIN
DY MAX MIN AVG DEP HDD CDD WTR SNW DPTH SPD SPD DIR MIN PSBL S-S WX SPD DR
================================================================================
1 98 80 89 7 0 24 0.00 M M 10.1 17 180 M M 0 22 200
2 97 78 88 7 0 23 0.00 M M 5.3 12 160 M M 0 16 170
3 101 76 89 8 0 24 0.05 M M 5.5 24 40 M M 1 30 20
4 99 70 85 5 0 20 0.00 M M 5.7 13 360 M M 0 18 40
5 98 69 84 4 0 19 0.00 M M 5.2 12 160 M M 1 16 140
6 98 73 86 6 0 21 0.00 M M 5.7 25 180 M M 0 8 31 180
7 96 71 84 5 0 19 0.00 M M 4.0 13 360 M M 0 19 50
8 95 71 83 4 0 18 0.00 M M 5.7 31 70 M M 1 8 39 70
9 93 73 83 5 0 18 0.00 M M 4.2 15 60 M M 0 19 30
10 95 68 82 4 0 17 0.00 M M 4.4 10 180 M M 1 13 240
11 96 71 84 7 0 19 0.00 M M 5.1 13 160 M M 1 16 160
12 97 71 84 7 0 19 0.00 M M 4.4 14 250 M M 2 19 240
13 99 70 85 8 0 20 0.00 M M 4.7 13 250 M M 0 14 20
14 99 69 84 8 0 19 0.00 M M 5.6 15 200 M M M 19 210
15 88 67 78 2 0 13 0.47 M M 7.2 39 70 M M M 138 52 50
16 81 63 72 -3 0 7 0.43 M M 4.6 16 10 M M M 20 10
17 86 64 75 0 0 10 0.00 M M 4.4 14 20 M M M 18 70
18 90 65 78 3 0 13 0.00 M M 5.6 15 20 M M 0 23 50
19 91 67 79 5 0 14 0.00 M M 7.1 17 50 M M 0 22 70
20 92 65 79 5 0 14 0.00 M M 1.9 9 230 M M 0 12 230
21 91 64 78 5 0 13 0.00 M M 4.2 10 240 M M 0 12 250
22 89 69 79 6 0 14 0.00 M M 17.2 37 240 M M 1 8 49 230
23 79 63 71 -2 0 6 0.00 M M 11.3 23 360 M M 1 31 360
24 74 55 65 -7 0 0 0.00 M M 11.0 29 360 M M 0 35 360
25 77 48 63 -9 2 0 0.00 M M 2.1 10 170 M M 0 12 160
26 80 50 65 -7 0 0 0.00 M M 3.9 12 240 M M 0 13 250
27 79 57 68 -3 0 3 0.00 M M 11.8 28 360 M M 0 36 360
28 80 51 66 -5 0 1 0.00 M M 4.7 13 70 M M 0 18 60
29 83 50 67 -3 0 2 0.00 M M 4.5 14 10 M M 0 18 360
30 83 51 67 -3 0 2 0.00 M M 5.3 17 350 M M 0 23 340
31 85 50 68 -2 0 3 0.00 M M 3.1 12 40 M M 0 21 270
================================================================================
SM 2789 2009 2 395 0.95 M 185.5 M 9
================================================================================
AV 90.0 64.8 6.0 FASTST M M 0 MAX(MPH)
MISC ----> 39 70 52 50
================================================================================
NOTES:
# LAST OF SEVERAL OCCURRENCES
COLUMN 17 PEAK WIND IN M.P.H.
PRELIMINARY LOCAL CLIMATOLOGICAL DATA (WS FORM: F-6) , PAGE 2
STATION: BLYTHE CA
MONTH: OCTOBER
YEAR: 2022
LATITUDE: 33 37 N
LONGITUDE: 114 43 W
[TEMPERATURE DATA] [PRECIPITATION DATA] SYMBOLS USED IN COLUMN 16
AVERAGE MONTHLY: 77.4 TOTAL FOR MONTH: 0.95 1 = FOG OR MIST
DPTR FM NORMAL: 2.0 DPTR FM NORMAL: 0.79 2 = FOG REDUCING VISIBILITY
HIGHEST: 101 ON 3 GRTST 24HR 0.47 ON 15-15 TO 1/4 MILE OR LESS
LOWEST: 48 ON 25 3 = THUNDER
SNOW, ICE PELLETS, HAIL 4 = ICE PELLETS
TOTAL MONTH: M 5 = HAIL
GRTST 24HR M ON M 6 = FREEZING RAIN OR DRIZZLE
GRTST DEPTH: M ON M 7 = DUSTSTORM OR SANDSTORM:
VSBY 1/2 MILE OR LESS
8 = SMOKE OR HAZE
[NO. OF DAYS WITH] [WEATHER - DAYS WITH] 9 = BLOWING SNOW
X = TORNADO
MAX 32 OR BELOW: 0 0.01 INCH OR MORE: 3
MAX 90 OR ABOVE: 18 0.10 INCH OR MORE: 2
MIN 32 OR BELOW: 0 0.50 INCH OR MORE: 0
MIN 0 OR BELOW: 0 1.00 INCH OR MORE: 0
[HDD (BASE 65) ]
TOTAL THIS MO. 2 CLEAR (SCALE 0-3) 27
DPTR FM NORMAL -5 PTCLDY (SCALE 4-7) 0
TOTAL FM JUL 1 2 CLOUDY (SCALE 8-10) 4
DPTR FM NORMAL -2
[CDD (BASE 65) ]
TOTAL THIS MO. 395
DPTR FM NORMAL 64 [PRESSURE DATA]
TOTAL FM JAN 1 4878 HIGHEST SLP M ON M
DPTR FM NORMAL 471 LOWEST SLP 29.52 ON 22
[REMARKS]
#FINAL-10-22#