000
CXUS55 KSEW 011030
CF6BLI
PRELIMINARY LOCAL CLIMATOLOGICAL DATA (WS FORM: F-6)
STATION: BELLINGHAM WA AIRPORT
MONTH: JANUARY
YEAR: 2022
LATITUDE: 48 47 N
LONGITUDE: 122 32 W
TEMPERATURE IN F: :PCPN: SNOW: WIND :SUNSHINE: SKY :PK WND
================================================================================
1 2 3 4 5 6A 6B 7 8 9 10 11 12 13 14 15 16 17 18
12Z AVG MX 2MIN
DY MAX MIN AVG DEP HDD CDD WTR SNW DPTH SPD SPD DIR MIN PSBL S-S WX SPD DR
================================================================================
1 41 8 25 -14 40 0 0.00 M M 10.4 32 170 M M 8 55 150
2 46 40 43 4 22 0 0.02 M M 21.6 36 170 M M 5 1 57 160
3 43 35 39 0 26 0 0.09 M M 13.4 30 160 M M 9 1 48 150
4 41 25 33 -6 32 0 0.08 M M 10.3 22 170 M M 8 16 34 180
5 27 22 25 -15 40 0 M M M 11.4 18 20 M M 8 1 32 40
6 48 23 36 -4 29 0 M M M 11.0 24 170 M M 10 126 43 180
7 47 33 40 0 25 0 M M M 7.8 24 170 M M 10 18 42 170
8 44 29 37 -3 28 0 M M M 3.6 13 350 M M 10 1 20 170
9 47 30 39 -1 26 0 M M M 4.5 13 40 M M 1 22 360
10 55 27 41 1 24 0 M M M 13.2 30 170 M M 6 1 50 150
11 54 48 51 11 14 0 M M M 13.4 28 170 M M 10 1 44 150
12 60 42 51 11 14 0 0.74 M M 7.1 18 160 M M 8 1 31 180
13 55 38 47 7 18 0 0.01 M M 4.6 12 20 M M 6 1 18 20
14 51 38 45 5 20 0 0.01 M M 1.6 7 90 M M 6 12 8 320
15 45 41 43 3 22 0 0.03 M M 2.1 7 310 M M 10 12 8 200
16 45 39 42 2 23 0 0.00 M M 1.0 6 50 M M 10 128 7 60
17 44 39 42 2 23 0 0.16 M M 3.8 12 180 M M 10 12 18 170
18 46 43 45 5 20 0 0.26 M M 2.8 10 180 M M 10 18 17 170
19 50 42 46 6 19 0 0.31 M M 4.4 13 360 M M 8 1 19 360
20 53 43 48 8 17 0 0.28 M M 8.2 17 160 M M 8 1 32 200
21 47 39 43 3 22 0 0.00 M M 2.9 10 190 M M 9 1 11 180
22 48 31 40 -1 25 0 0.00 M M 3.5 12 20 M M 3 12 17 340
23 38 30 34 -7 31 0 0.00 M M 2.6 7 50 M M 10 128 13 340
24 39 34 37 -4 28 0 0.00 M M 3.1 9 60 M M 10 128 18 350
25 36 32 34 -7 31 0 0.00 M M 1.5 13 340 M M 9 12 15 340
26 42 30 36 -5 29 0 0.00 M M 3.7 14 340 M M 8 128 17 330
27 49 26 38 -3 27 0 0.00 M M 1.5 10 350 M M 4 12 15 350
28 47 26 37 -4 28 0 0.00 M M 0.5 7 20 M M 0 1 12 340
29 43 27 35 -6 30 0 T M M 0.9 12 340 M M 4 14 350
30 51 38 45 4 20 0 0.21 M M 9.6 28 170 M M 10 1 42 150
31 46 33 40 -1 25 0 0.10 M M 3.3 14 340 M M 5 1 18 340
================================================================================
SM 1428 1031 778 0 2.30 M 189.3 M 233
================================================================================
AV 46.1 33.3 6.1 FASTST M M 8 MAX(MPH)
MISC ----> 36 170 57 160
================================================================================
NOTES:
# LAST OF SEVERAL OCCURRENCES
COLUMN 17 PEAK WIND IN M.P.H.
PRELIMINARY LOCAL CLIMATOLOGICAL DATA (WS FORM: F-6) , PAGE 2
STATION: BELLINGHAM WA AIRPORT
MONTH: JANUARY
YEAR: 2022
LATITUDE: 48 47 N
LONGITUDE: 122 32 W
[TEMPERATURE DATA] [PRECIPITATION DATA] SYMBOLS USED IN COLUMN 16
AVERAGE MONTHLY: 39.7 TOTAL FOR MONTH: 2.30 1 = FOG OR MIST
DPTR FM NORMAL: -0.5 DPTR FM NORMAL: -2.19 2 = FOG REDUCING VISIBILITY
HIGHEST: 60 ON 12 GRTST 24HR 3.43 ON 11-12 TO 1/4 MILE OR LESS
LOWEST: 8 ON 1 3 = THUNDER
SNOW, ICE PELLETS, HAIL 4 = ICE PELLETS
TOTAL MONTH: M 5 = HAIL
GRTST 24HR M ON M 6 = FREEZING RAIN OR DRIZZLE
GRTST DEPTH: M ON M 7 = DUSTSTORM OR SANDSTORM:
VSBY 1/2 MILE OR LESS
8 = SMOKE OR HAZE
[NO. OF DAYS WITH] [WEATHER - DAYS WITH] 9 = BLOWING SNOW
X = TORNADO
MAX 32 OR BELOW: 1 0.01 INCH OR MORE: 13
MAX 90 OR ABOVE: 0 0.10 INCH OR MORE: 7
MIN 32 OR BELOW: 14 0.50 INCH OR MORE: 1
MIN 0 OR BELOW: 0 1.00 INCH OR MORE: 0
[HDD (BASE 65) ]
TOTAL THIS MO. 778 CLEAR (SCALE 0-3) 2
DPTR FM NORMAL 8 PTCLDY (SCALE 4-7) 13
TOTAL FM JUL 1 2927 CLOUDY (SCALE 8-10) 16
DPTR FM NORMAL 7
[CDD (BASE 65) ]
TOTAL THIS MO. 0
DPTR FM NORMAL 0 [PRESSURE DATA]
TOTAL FM JAN 1 0 HIGHEST SLP 30.69 ON 21
DPTR FM NORMAL 0 LOWEST SLP 29.24 ON 7
[REMARKS]
#FINAL-01-22#