000
CXUS53 KIND 010600
CF6BMG
PRELIMINARY LOCAL CLIMATOLOGICAL DATA (WS FORM: F-6)
STATION: BLOOMINGTON IN
MONTH: SEPTEMBER
YEAR: 2022
LATITUDE: 39 7 N
LONGITUDE: 86 37 W
TEMPERATURE IN F: :PCPN: SNOW: WIND :SUNSHINE: SKY :PK WND
================================================================================
1 2 3 4 5 6A 6B 7 8 9 10 11 12 13 14 15 16 17 18
12Z AVG MX 2MIN
DY MAX MIN AVG DEP HDD CDD WTR SNW DPTH SPD SPD DIR MIN PSBL S-S WX SPD DR
================================================================================
1 87 57 72 1 0 7 0.00 M M 2.0 10 150 M M 1 15 190
2 87 60 74 3 0 9 0.00 M M 2.4 12 190 M M 0 1 17 140
3 78 66 72 2 0 7 1.02 M M 4.2 16 130 M M 6 1 22 130
4 80 68 74 4 0 9 0.00 M M 3.5 9 130 M M 7 1 14 60
5 83 68 76 6 0 11 1.40 M M 4.8 9 10 M M 7 1 12 70
6 81 67 74 4 0 9 T M M 5.0 7 10 M M 7 1 7 10
7 82 61 72 3 0 7 0.00 M M 5.3 15 30 M M 1 18 19 30
8 81 56 69 0 0 4 0.00 M M 3.5 12 30 M M 0 1 20 20
9 84 55 70 1 0 5 0.00 M M 3.0 14 100 M M 1 1 19 100
10 86 62 74 6 0 9 0.24 M M 2.1 14 130 M M 4 1 18 140
11 76 61 69 1 0 4 0.48 M M 5.7 14 290 M M 9 1 20 310
12 71 54 63 -5 2 0 0.01 M M 7.1 16 210 M M 7 26 220
13 72 55 64 -4 1 0 0.00 M M 4.8 9 280 M M 9 1 9 280
14 82 55 69 2 0 4 0.00 M M 3.7 6 360 M M 1 1 6 360
15 83 56 70 3 0 5 0.00 M M 2.8 9 120 M M 0 12 12 110
16 84 54 69 3 0 4 0.00 M M 2.4 10 120 M M 1 12 16 170
17 84 61 73 7 0 8 0.00 M M 6.0 15 210 M M 3 1 21 210
18 85 59 72 6 0 7 0.00 M M 7.6 16 190 M M 0 24 170
19 84 65 75 10 0 10 0.35 M M 4.2 12 350 M M 3 12 18 230
20 90 63 77 12 0 12 0.00 M M 3.6 10 180 M M 4 128 14 150
21 96 73 85 20 0 20 T M M 7.9 16 240 M M 1 26 210
22 73 49 61 -3 4 0 0.00 M M 11.2 21 10 M M 2 30 360
23 65 45 55 -9 10 0 0.09 M M 4.2 14 130 M M 2 1 16 120
24 79 55 67 3 0 2 0.04 M M 7.0 17 360 M M 4 1 26 360
25 74 56 65 2 0 0 0.03 M M 6.9 18 290 M M 3 8 28 270
26 68 51 60 -3 5 0 0.00 M M 8.2 18 280 M M 2 28 250
27 67 42 55 -7 10 0 0.00 M M 5.3 17 290 M M 1 26 330
28 64 37 51 -11 14 0 0.00 M M 5.7 20 10 M M 4 27 360
29 69 38 54 -8 11 0 0.00 M M 4.9 16 40 M M 1 1 23 60
30 70 44 57 -4 8 0 0.00 M M 6.9 12 20 M M 0 12 90
================================================================================
SM 2365 1693 65 153 3.66 M 151.9 M 91
================================================================================
AV 78.8 56.4 5.1 FASTST M M 3 MAX(MPH)
MISC ----> 21 10 30 360
================================================================================
NOTES:
# LAST OF SEVERAL OCCURRENCES
COLUMN 17 PEAK WIND IN M.P.H.
PRELIMINARY LOCAL CLIMATOLOGICAL DATA (WS FORM: F-6) , PAGE 2
STATION: BLOOMINGTON IN
MONTH: SEPTEMBER
YEAR: 2022
LATITUDE: 39 7 N
LONGITUDE: 86 37 W
[TEMPERATURE DATA] [PRECIPITATION DATA] SYMBOLS USED IN COLUMN 16
AVERAGE MONTHLY: 67.6 TOTAL FOR MONTH: 3.66 1 = FOG OR MIST
DPTR FM NORMAL: 1.1 DPTR FM NORMAL: 0.06 2 = FOG REDUCING VISIBILITY
HIGHEST: 96 ON 21 GRTST 24HR 1.40 ON 5- 5 TO 1/4 MILE OR LESS
LOWEST: 37 ON 28 3 = THUNDER
SNOW, ICE PELLETS, HAIL 4 = ICE PELLETS
TOTAL MONTH: M 5 = HAIL
GRTST 24HR M ON M 6 = FREEZING RAIN OR DRIZZLE
GRTST DEPTH: M ON M 7 = DUSTSTORM OR SANDSTORM:
VSBY 1/2 MILE OR LESS
8 = SMOKE OR HAZE
[NO. OF DAYS WITH] [WEATHER - DAYS WITH] 9 = BLOWING SNOW
X = TORNADO
MAX 32 OR BELOW: 0 0.01 INCH OR MORE: 9
MAX 90 OR ABOVE: 2 0.10 INCH OR MORE: 5
MIN 32 OR BELOW: 0 0.50 INCH OR MORE: 2
MIN 0 OR BELOW: 0 1.00 INCH OR MORE: 2
[HDD (BASE 65) ]
TOTAL THIS MO. 65 CLEAR (SCALE 0-3) 18
DPTR FM NORMAL -5 PTCLDY (SCALE 4-7) 10
TOTAL FM JUL 1 65 CLOUDY (SCALE 8-10) 2
DPTR FM NORMAL -10
[CDD (BASE 65) ]
TOTAL THIS MO. 153
DPTR FM NORMAL 40 [PRESSURE DATA]
TOTAL FM JAN 1 1307 HIGHEST SLP M ON M
DPTR FM NORMAL 302 LOWEST SLP 29.74 ON 25
[REMARKS]
#FINAL-09-22#