000
CXUS53 KIND 011503
CLMBMG
CLIMATE REPORT
NATIONAL WEATHER SERVICE INDIANAPOLIS IN
1103 AM EDT FRI SEP 01 2023
...................................
...THE BLOOMINGTON IN CLIMATE SUMMARY FOR THE MONTH OF AUGUST 2023...
CLIMATE NORMAL PERIOD 1991 TO 2020
CLIMATE RECORD PERIOD 9999 TO 9999
WEATHER OBSERVED NORMAL DEPART LAST YEAR`S
VALUE DATE(S) VALUE FROM VALUE DATE(S)
NORMAL
................................................................
TEMPERATURE (F)
HIGHEST 95 08/25 94 08/28
LOWEST 53R 08/18 55 08/31
08/29
AVG. MAXIMUM 83.6 84.4 -0.8 85.8
AVG. MINIMUM 63.0 62.3 0.7 64.7
MEAN 73.3 73.3 0.0 75.3
DAYS MAX >= 90 7 5.7 1.3 6
DAYS MAX <= 32 0 0.0 0.0 0
DAYS MIN <= 32 0 0.0 0.0 0
DAYS MIN <= 0 0 0.0 0.0 0
PRECIPITATION (INCHES)
TOTALS 3.84 3.34 0.50 1.42
DAILY AVG. 0.12 0.11 0.01 0.05
DAYS >= .01 8 11.0 -3.0 8
DAYS >= .10 6 4.6 1.4 5
DAYS >= .50 3 2.0 1.0 1
DAYS >= 1.00 1 1.0 0.0 0
GREATEST
24 HR. TOTAL 1.18 08/05 TO 08/05
DEGREE DAYS
HEATING TOTAL 0 4 -4 0
SINCE 7/1 0 2 -2 MM
COOLING TOTAL 267 262 5 329
SINCE 1/1 889 892 -3 MM
................................................................
WIND (MPH)
AVERAGE WIND SPEED 4.8
HIGHEST WIND SPEED/DIRECTION 25/300 DATE 08/25
HIGHEST GUST SPEED/DIRECTION 46/310 DATE 08/25
SKY COVER
AVERAGE SKY COVER 0.29
AVERAGE RH (PERCENT) 75
WEATHER CONDITIONS. NUMBER OF DAYS WITH
THUNDERSTORM 9 MIXED PRECIP 0
HEAVY RAIN 6 RAIN 6
LIGHT RAIN 13 FREEZING RAIN 0
LT FREEZING RAIN 0 HAIL 0
HEAVY SNOW 0 SNOW 0
LIGHT SNOW 0 SLEET 0
FOG 25 FOG W/VIS <= 1/4 MILE 3
HAZE 6
- INDICATES NEGATIVE NUMBERS.
R INDICATES RECORD WAS SET OR TIED.
MM INDICATES DATA IS MISSING.
T INDICATES TRACE AMOUNT.
$$