000
CXUS53 KILX 010900
CF6BMI
PRELIMINARY LOCAL CLIMATOLOGICAL DATA (WS FORM: F-6)
STATION: BLOOMINGTON IL AIRPORT
MONTH: MARCH
YEAR: 2022
LATITUDE: 40 28 N
LONGITUDE: 88 56 W
TEMPERATURE IN F: :PCPN: SNOW: WIND :SUNSHINE: SKY :PK WND
================================================================================
1 2 3 4 5 6A 6B 7 8 9 10 11 12 13 14 15 16 17 18
12Z AVG MX 2MIN
DY MAX MIN AVG DEP HDD CDD WTR SNW DPTH SPD SPD DIR MIN PSBL S-S WX SPD DR
================================================================================
1 61 36 49 M 16 0 0.00 M M 9.6 16 340 M M 4 32 310
2 65 32 49 M 16 0 T M M 9.6 20 20 M M 4 41 300
3 37 27 32 M 33 0 0.00 M M 14.0 18 40 M M 6 1 M M
4 47 26 37 M 28 0 0.00 M M 13.1 21 100 M M 0 22 70
5 72 40 56 M 9 0 T M M 21.0 35 190 M M 4 47 180
6 60 34 47 M 18 0 0.36 M M 17.1 32 260 M M 3 1 43 280
7 35 27 31 M 34 0 0.08 M M 16.1 23 300 M M 10 1 30 320
8 38 19 29 M 36 0 0.00 M M 7.5 12 210 M M 2 18 170
9 44 26 35 M 30 0 0.00 M M 9.1 17 350 M M 2 18 310
10 34 21 28 M 37 0 M M M 11.2 16 350 M M 7 1 M M
11 33 13 23 M 42 0 M M M 13.7 21 320 M M 5 1 32 320
12 25 7 16 M 49 0 0.00 M M 15.6 21 300 M M 0 27 320
13 54 17 36 M 29 0 M M M 15.4 24 210 M M 3 31 210
14 62 35 49 M 16 0 0.00 M M 13.6 23 200 M M 2 30 180
15 64 39 52 M 13 0 0.00 M M 5.9 14 220 M M 2 39 290
16 70 42 56 M 9 0 0.00 M M 9.4 18 220 M M 5 23 200
17 73 43 58 M 7 0 0.00 M M 9.6 17 210 M M 1 45 270
18 49 43 46 M 19 0 0.46 M M 13.2 20 70 M M 8 12 20 50
19 47 36 42 M 23 0 0.05 M M 13.6 22 300 M M 8 1 28 290
20 65 32 49 M 16 0 0.00 M M 8.2 16 250 M M 0 35 250
21 72 45 59 M 6 0 0.00 M M 12.7 20 200 M M 0 23 210
22 55 48 52 M 13 0 0.50 M M 18.4 37 170 M M 9 1 52 150
23 58 40 49 M 16 0 0.17 M M 13.5 25 210 M M 10 12 31 220
24 43 38 41 M 24 0 0.14 M M 12.5 16 210 M M 10 1 22 220
25 51 38 45 M 20 0 T M M 18.8 36 290 M M 9 50 290
26 38 28 33 M 32 0 0.00 M M 21.2 32 300 M M 4 44 310
27 39 24 32 M 33 0 0.00 M M 10.2 16 340 M M 0 21 320
28 41 22 32 M 33 0 0.00 M M 9.3 14 80 M M 1 18 80
29 43 30 37 M 28 0 T M M 19.6 29 110 M M 8 37 140
30 62 39 51 M 14 0 1.11 M M 16.8 28 140 M M 10 1 39 200
31 39 33 36 M 29 0 0.10 M M 16.5 28 250 M M 10 37 260
================================================================================
SM 1576 980 728 0 2.97 M 416.0 M 147
================================================================================
AV 50.8 31.6 13.4 FASTST M M 5 MAX(MPH)
MISC ----> 37 170 52 150
================================================================================
NOTES:
# LAST OF SEVERAL OCCURRENCES
COLUMN 17 PEAK WIND IN M.P.H.
PRELIMINARY LOCAL CLIMATOLOGICAL DATA (WS FORM: F-6) , PAGE 2
STATION: BLOOMINGTON IL AIRPORT
MONTH: MARCH
YEAR: 2022
LATITUDE: 40 28 N
LONGITUDE: 88 56 W
[TEMPERATURE DATA] [PRECIPITATION DATA] SYMBOLS USED IN COLUMN 16
AVERAGE MONTHLY: 41.2 TOTAL FOR MONTH: 2.97 1 = FOG OR MIST
DPTR FM NORMAL: 0.0 DPTR FM NORMAL: M 2 = FOG REDUCING VISIBILITY
HIGHEST: 73 ON 17 GRTST 24HR 1.11 ON 30-30 TO 1/4 MILE OR LESS
LOWEST: 7 ON 12 3 = THUNDER
SNOW, ICE PELLETS, HAIL 4 = ICE PELLETS
TOTAL MONTH: M 5 = HAIL
GRTST 24HR M ON M 6 = FREEZING RAIN OR DRIZZLE
GRTST DEPTH: M ON M 7 = DUSTSTORM OR SANDSTORM:
VSBY 1/2 MILE OR LESS
8 = SMOKE OR HAZE
[NO. OF DAYS WITH] [WEATHER - DAYS WITH] 9 = BLOWING SNOW
X = TORNADO
MAX 32 OR BELOW: 1 0.01 INCH OR MORE: 9
MAX 90 OR ABOVE: 0 0.10 INCH OR MORE: 7
MIN 32 OR BELOW: 15 0.50 INCH OR MORE: 2
MIN 0 OR BELOW: 0 1.00 INCH OR MORE: 1
[HDD (BASE 65) ]
TOTAL THIS MO. 728 CLEAR (SCALE 0-3) 13
DPTR FM NORMAL M PTCLDY (SCALE 4-7) 11
TOTAL FM JUL 1 4891 CLOUDY (SCALE 8-10) 7
DPTR FM NORMAL M
[CDD (BASE 65) ]
TOTAL THIS MO. 0
DPTR FM NORMAL M [PRESSURE DATA]
TOTAL FM JAN 1 0 HIGHEST SLP M ON M
DPTR FM NORMAL M LOWEST SLP M ON M
[REMARKS]
#FINAL-03-22#