000
CXUS54 KEWX 011010
CF6BMQ
PRELIMINARY LOCAL CLIMATOLOGICAL DATA (WS FORM: F-6)
STATION: BURNET
MONTH: SEPTEMBER
YEAR: 2023
LATITUDE: 30 43 N
LONGITUDE: 98 14 W
TEMPERATURE IN F: :PCPN: SNOW: WIND :SUNSHINE: SKY :PK WND
================================================================================
1 2 3 4 5 6A 6B 7 8 9 10 11 12 13 14 15 16 17 18
12Z AVG MX 2MIN
DY MAX MIN AVG DEP HDD CDD WTR SNW DPTH SPD SPD DIR MIN PSBL S-S WX SPD DR
================================================================================
1 100 74 87 5 0 22 0.00 M M 4.6 13 130 M M 1 20 170
2 102 72 87 5 0 22 0.00 M M 4.0 13 110 M M 1 20 120
3 101 76 89 7 0 24 0.00 M M 5.3 16 130 M M 1 26 100
4 101 76 89 8 0 24 0.00 M M 8.3 16 180 M M 1 26 180
5 102 78 90 9 0 25 0.00 M M 9.5 17 190 M M 0 29 180
6 102 77 90 9 0 25 0.00 M M 5.0 16 200 M M 1 27 190
7 105 78 92 11 0 27 0.00 M M 4.1 13 230 M M 0 19 240
8 107 77 92 12 0 27 0.00 M M 4.9 14 180 M M 0 23 130
9 103 77 90 10 0 25 T M M 6.3 22 350 M M 0 3 39 340
10 98 77 88 8 0 23 0.00 M M 7.4 16 40 M M 0 25 70
11 96 75 86 6 0 21 0.00 M M 6.6 20 360 M M 0 28 360
12 91 72 82 3 0 17 0.01 M M 7.8 15 340 M M 4 3 22 340
13 85 70 78 -1 0 13 0.26 M M 5.5 13 30 M M 7 13 18 10
14 90 70 80 1 0 15 0.54 M M 6.0 17 50 M M 6 13 27 50
15 88 72 80 1 0 15 0.31 M M 4.8 12 100 M M 5 13 17 110
16 82 67 75 -3 0 10 1.24 M M 4.6 24 320 M M 5 123 32 320
17 91 68 80 2 0 15 0.00 M M 4.6 13 330 M M 1 19 330
18 94 66 80 2 0 15 0.00 M M 3.4 9 140 M M 0 18 150
19 94 72 83 5 0 18 0.00 M M 8.0 16 180 M M 0 27 140
20 98 72 85 8 0 20 0.00 M M 8.7 18 190 M M 1 27 180
21 95 75 85 8 0 20 0.00 M M 6.5 13 140 M M 2 22 140
22 97 74 86 9 0 21 0.00 M M 6.7 16 200 M M 1 26 180
23 99 76 88 12 0 23 0.00 M M 8.0 15 190 M M 1 23 180
24 103 76 90 14 0 25 0.12 M M 8.6 16 230 M M 2 3 23 190
25 92 73 83 7 0 18 0.00 M M 4.7 15 70 M M 2 38 22 80
26 95 71 83 7 0 18 0.00 M M 4.0 12 20 M M 1 16 30
27 95 71 83 8 0 18 0.00 M M 2.7 12 40 M M 1 33 90
28 93 71 82 7 0 17 0.00 M M 4.1 14 110 M M 1 20 120
29 93 72 83 8 0 18 0.00 M M 5.3 13 110 M M 1 20 180
30 92 72 82 8 0 17 0.00 M M 5.7 15 110 M M 2 23 90
================================================================================
SM 2884 2197 0 598 2.48 M 175.7 M 48
================================================================================
AV 96.1 73.2 5.9 FASTST M M 2 MAX(MPH)
MISC ----> 24 320 39 340
================================================================================
NOTES:
# LAST OF SEVERAL OCCURRENCES
COLUMN 17 PEAK WIND IN M.P.H.
PRELIMINARY LOCAL CLIMATOLOGICAL DATA (WS FORM: F-6) , PAGE 2
STATION: BURNET
MONTH: SEPTEMBER
YEAR: 2023
LATITUDE: 30 43 N
LONGITUDE: 98 14 W
[TEMPERATURE DATA] [PRECIPITATION DATA] SYMBOLS USED IN COLUMN 16
AVERAGE MONTHLY: 84.7 TOTAL FOR MONTH: 2.48 1 = FOG OR MIST
DPTR FM NORMAL: 6.3 DPTR FM NORMAL: -0.41 2 = FOG REDUCING VISIBILITY
HIGHEST: 107 ON 8 GRTST 24HR 1.24 ON 16-16 TO 1/4 MILE OR LESS
LOWEST: 66 ON 18 3 = THUNDER
SNOW, ICE PELLETS, HAIL 4 = ICE PELLETS
TOTAL MONTH: M 5 = HAIL
GRTST 24HR M ON M 6 = FREEZING RAIN OR DRIZZLE
GRTST DEPTH: M ON M 7 = DUSTSTORM OR SANDSTORM:
VSBY 1/2 MILE OR LESS
8 = SMOKE OR HAZE
[NO. OF DAYS WITH] [WEATHER - DAYS WITH] 9 = BLOWING SNOW
X = TORNADO
MAX 32 OR BELOW: 0 0.01 INCH OR MORE: 6
MAX 90 OR ABOVE: 27 0.10 INCH OR MORE: 5
MIN 32 OR BELOW: 0 0.50 INCH OR MORE: 2
MIN 0 OR BELOW: 0 1.00 INCH OR MORE: 1
[HDD (BASE 65) ]
TOTAL THIS MO. 0 CLEAR (SCALE 0-3) 25
DPTR FM NORMAL -2 PTCLDY (SCALE 4-7) 5
TOTAL FM JUL 1 0 CLOUDY (SCALE 8-10) 0
DPTR FM NORMAL 0
[CDD (BASE 65) ]
TOTAL THIS MO. 598
DPTR FM NORMAL 194 [PRESSURE DATA]
TOTAL FM JAN 1 3250 HIGHEST SLP 30.13 ON 16
DPTR FM NORMAL 677 LOWEST SLP 29.73 ON 4
[REMARKS]
#FINAL-09-23#