000
CXUS54 KOHX 011715
CLMBNA
CLIMATE REPORT
NATIONAL WEATHER SERVICE NASHVILLE, TN
1215 PM CDT TUE AUG 01 2023
...................................
...THE NASHVILLE CLIMATE SUMMARY FOR THE MONTH OF JULY 2023...
CLIMATE NORMAL PERIOD: 1991 TO 2020
CLIMATE RECORD PERIOD: 1871 TO 2023
WEATHER OBSERVED NORMAL DEPART LAST YEAR`S
VALUE DATE(S) VALUE FROM VALUE
NORMAL
..............................................................
TEMPERATURE (F)
RECORD
HIGH 107 07/27/1952
07/28/1952
LOW 51 07/23/1947
HIGHEST 98 07/28
LOWEST 63 07/11
AVG. MAXIMUM 90.5 90.9 -0.4
AVG. MINIMUM 71.2 70.5 0.7
MEAN 80.9 80.7 0.2 83.9
DAYS MAX >= 90 22
DAYS MAX <= 32 0
DAYS MIN <= 32 0
DAYS MIN <= 0 0
PRECIPITATION (INCHES)
RECORD
MAXIMUM 9.43 1878
MINIMUM 0.46 1890
TOTALS 5.98 4.16 1.82
DAYS >= .01 16
DAYS >= .10 10
DAYS >= .50 6
DAYS >= 1.00 2
GREATEST
24 HR. TOTAL 2.08 07/18 TO 07/19
SNOWFALL (INCHES)
TOTALS 0.0 0.0 0.0
SINCE 7/1 0.0 0.0
DAYS >= TRACE 0
DAYS >= 1.0 0
DEGREE DAYS
HEATING TOTAL 0 0 0
SINCE 7/1 0 0 0
COOLING TOTAL 500 487 13
SINCE 1/1 1077 1091 -14
..............................................................
WIND (MPH)
AVERAGE WIND SPEED 5.1
HIGHEST GUST SPEED/DIRECTION 67/300 DATE 07/01
SKY COVER
POSSIBLE SUNSHINE (PERCENT) MM
AVERAGE SKY COVER 0.55
NUMBER OF DAYS FAIR 8
NUMBER OF DAYS PC 19
NUMBER OF DAYS CLOUDY 4
AVERAGE RH (PERCENT) 69
WEATHER CONDITIONS. NUMBER OF DAYS WITH
THUNDERSTORM 11 MIXED PRECIP 0
HEAVY RAIN 6 RAIN 7
LIGHT RAIN 14 FREEZING RAIN 0
LT FREEZING RAIN 0 HAIL 0
HEAVY SNOW 0 SNOW 0
LIGHT SNOW 0 SLEET 0
FOG 14 FOG W/VIS <= 1/4 MILE 0
HAZE 9
- INDICATES NEGATIVE NUMBERS.
R INDICATES RECORD WAS SET OR TIED.
MM INDICATES DATA IS MISSING.
T INDICATES TRACE AMOUNT.
$$