000
CXUS56 KBOI 011002
CF6BNO
PRELIMINARY LOCAL CLIMATOLOGICAL DATA (WS FORM: F-6)
STATION: BURNS OR
MONTH: JANUARY
YEAR: 2023
LATITUDE: 43 34 N
LONGITUDE: 118 57 W
TEMPERATURE IN F: :PCPN: SNOW: WIND :SUNSHINE: SKY :PK WND
================================================================================
1 2 3 4 5 6A 6B 7 8 9 10 11 12 13 14 15 16 17 18
12Z AVG MX 2MIN
DY MAX MIN AVG DEP HDD CDD WTR SNW DPTH SPD SPD DIR MIN PSBL S-S WX SPD DR
================================================================================
1 25 0 13 -12 52 0 0.00 M M 3.9 12 300 M M 4 128 15 340
2 22 -5 9 -16 56 0 T M M 3.0 9 360 M M 10 128 12 360
3 27 10 19 -6 46 0 0.06 M M 2.0 8 290 M M 9 18 9 290
4 35 15 25 0 40 0 0.10 M M 12.1 25 70 M M 7 128 31 60
5 39 30 35 10 30 0 0.01 M M 10.7 25 80 M M 8 32 80
6 37 19 28 3 37 0 0.00 M M 2.8 12 70 M M 5 128 13 70
7 44 16 30 4 35 0 T M M 10.4 24 130 M M 9 41 120
8 40 23 32 6 33 0 0.07 0.0 0 11.1 23 180 M M 6 1 32 140
9 38 17 28 2 37 0 0.30 M M 7.9 20 80 M M 6 16 25 70
10 35 11 23 -3 42 0 0.05 M M 8.8 23 70 M M 5 128 30 80
11 37 12 25 -1 40 0 0.27 M M 5.2 10 80 M M 9 128 14 130
12 39 34 37 11 28 0 0.10 M M 9.6 16 80 M M 7 1 M M
13 42 31 37 11 28 0 T M M 6.8 17 110 M M 8 22 100
14 39 31 35 9 30 0 0.20 M M 9.1 18 190 M M 9 1 24 120
15 38 20 29 3 36 0 0.00 M M 4.3 12 220 M M 5 17 210
16 38 14 26 0 39 0 0.00 M M 5.0 12 300 M M 3 12 310
17 37 13 25 -2 40 0 0.00 M M 5.2 13 290 M M 3 15 290
18 32 10 21 -6 44 0 0.18 M M 4.8 13 300 M M 7 1 15 300
19 33 5 19 -8 46 0 0.00 M M 8.6 14 310 M M 2 17 310
20 19 -7 6 -21 59 0 0.00 M M 2.7 8 300 M M 4 128 8 300
21 30 -2 14 -13 51 0 0.01 M M 3.0 14 320 M M 4 128 17 310
22 33 4 19 -8 46 0 0.00 M M 8.1 21 320 M M 4 18 28 310
23 26 1 14 -13 51 0 0.00 M M 3.1 10 340 M M 2 128 11 320
24 32 -1 16 -11 49 0 T M M 2.5 10 270 M M 4 128 11 260
25 45 14 30 2 35 0 0.00 M M 4.1 22 350 M M 3 128 29 340
26 32 10 21 -7 44 0 0.00 M M 1.8 7 70 M M 5 128 8 70
27 40 18 29 1 36 0 T M M 11.8 22 290 M M 6 128 31 270
28 35 25 30 2 35 0 0.01 M M 9.1 16 350 M M 9 20 340
29 25 5 15 -13 50 0 0.00 M M 12.2 24 350 M M 1 33 350
30 15 -11 2 -26 63 0 0.00 M M 3.5 10 290 M M 0 12 290
31 25 -1 12 -16 53 0 0.00 M M 2.8 7 300 M M 4 8 310
================================================================================
SM 1034 361 1311 0 1.36 0.0 196.0 M 168
================================================================================
AV 33.4 11.6 6.3 FASTST M M 5 MAX(MPH)
MISC ----> # 25 70 41 120
================================================================================
NOTES:
# LAST OF SEVERAL OCCURRENCES
COLUMN 17 PEAK WIND IN M.P.H.
PRELIMINARY LOCAL CLIMATOLOGICAL DATA (WS FORM: F-6) , PAGE 2
STATION: BURNS OR
MONTH: JANUARY
YEAR: 2023
LATITUDE: 43 34 N
LONGITUDE: 118 57 W
[TEMPERATURE DATA] [PRECIPITATION DATA] SYMBOLS USED IN COLUMN 16
AVERAGE MONTHLY: 22.5 TOTAL FOR MONTH: 1.36 1 = FOG OR MIST
DPTR FM NORMAL: -4.0 DPTR FM NORMAL: 0.03 2 = FOG REDUCING VISIBILITY
HIGHEST: 45 ON 25 GRTST 24HR 0.30 ON 9- 9 TO 1/4 MILE OR LESS
LOWEST: -11 ON 30 3 = THUNDER
SNOW, ICE PELLETS, HAIL 4 = ICE PELLETS
TOTAL MONTH: 0.0 INCH 5 = HAIL
GRTST 24HR 0.0 6 = FREEZING RAIN OR DRIZZLE
GRTST DEPTH: 0 7 = DUSTSTORM OR SANDSTORM:
VSBY 1/2 MILE OR LESS
8 = SMOKE OR HAZE
[NO. OF DAYS WITH] [WEATHER - DAYS WITH] 9 = BLOWING SNOW
X = TORNADO
MAX 32 OR BELOW: 12 0.01 INCH OR MORE: 12
MAX 90 OR ABOVE: 0 0.10 INCH OR MORE: 6
MIN 32 OR BELOW: 30 0.50 INCH OR MORE: 0
MIN 0 OR BELOW: 7 1.00 INCH OR MORE: 0
[HDD (BASE 65) ]
TOTAL THIS MO. 1311 CLEAR (SCALE 0-3) 6
DPTR FM NORMAL 117 PTCLDY (SCALE 4-7) 19
TOTAL FM JUL 1 4607 CLOUDY (SCALE 8-10) 6
DPTR FM NORMAL 367
[CDD (BASE 65) ]
TOTAL THIS MO. 0
DPTR FM NORMAL 0 [PRESSURE DATA]
TOTAL FM JAN 1 0 HIGHEST SLP 30.74 ON 26
DPTR FM NORMAL 0 LOWEST SLP 29.48 ON 14
[REMARKS]
#FINAL-01-23#