000
CXUS56 KBOI 011002
CF6BNO
PRELIMINARY LOCAL CLIMATOLOGICAL DATA (WS FORM: F-6)
STATION: BURNS OR
MONTH: NOVEMBER
YEAR: 2022
LATITUDE: 43 34 N
LONGITUDE: 118 57 W
TEMPERATURE IN F: :PCPN: SNOW: WIND :SUNSHINE: SKY :PK WND
================================================================================
1 2 3 4 5 6A 6B 7 8 9 10 11 12 13 14 15 16 17 18
12Z AVG MX 2MIN
DY MAX MIN AVG DEP HDD CDD WTR SNW DPTH SPD SPD DIR MIN PSBL S-S WX SPD DR
================================================================================
1 53 24 39 -1 26 0 0.04 M M 8.1 20 290 M M 7 1 29 250
2 42 19 31 -8 34 0 T M M 6.6 18 280 M M 5 1 22 280
3 41 6 24 -15 41 0 0.07 M M 5.1 15 260 M M 5 128 21 260
4 52 31 42 3 23 0 0.15 M M 11.5 29 250 M M 10 1 40 230
5 50 24 37 -1 28 0 0.09 M M 10.7 26 250 M M 4 1 35 260
6 51 16 34 -4 31 0 T M M 7.7 28 200 M M 3 1 37 200
7 41 21 31 -7 34 0 0.10 M M 8.1 23 270 M M 5 1 30 260
8 40 24 32 -5 33 0 0.03 M M 12.3 25 70 M M 5 1 35 60
9 35 5 20 -17 45 0 0.19 M M 9.2 21 310 M M 5 128 30 300
10 28 1 15 -22 50 0 0.00 M M 2.7 8 70 M M 5 128 11 80
11 31 0 16 -20 49 0 0.00 M M 6.9 17 80 M M 5 128 24 80
12 35 11 23 -13 42 0 0.00 M M 5.0 14 90 M M 9 1 17 90
13 27 11 19 -17 46 0 0.00 M M 3.2 8 80 M M 10 128 11 190
14 23 5 14 -21 51 0 0.00 M M 1.4 7 70 M M 9 128 8 290
15 25 -1 12 -23 53 0 0.00 M M 1.5 6 150 M M 6 128 8 200
16 26 3 15 -20 50 0 0.00 M M 1.2 7 320 M M 5 128 8 60
17 29 -3 13 -21 52 0 0.00 M M 2.3 7 120 M M 6 128 8 250
18 31 3 17 -17 48 0 0.00 M M 4.6 8 240 M M 4 11 330
19 34 -2 16 -18 49 0 0.00 M M 4.1 14 110 M M 0 18 120
20 29 -1 14 -19 51 0 0.00 M M 2.6 8 320 M M 0 9 320
21 32 2 17 -16 48 0 0.00 M M 2.3 6 90 M M 2 128 8 210
22 34 3 19 -13 46 0 T M M 3.1 15 30 M M 3 18 30
23 41 10 26 -6 39 0 0.00 M M 3.5 10 140 M M 2 128 14 140
24 45 9 27 -5 38 0 0.00 M M 1.8 8 320 M M 0 9 310
25 38 13 26 -5 39 0 0.00 M M 2.9 10 320 M M 2 11 320
26 46 17 32 1 33 0 T M M 6.0 15 260 M M 3 1 24 260
27 44 11 28 -3 37 0 0.07 M M 9.4 26 250 M M 4 12 36 260
28 33 5 19 -11 46 0 0.03 M M 7.9 24 290 M M 5 12 35 300
29 31 1 16 -14 49 0 0.09 M M 4.0 13 230 M M 9 1 16 210
30 42 27 35 5 30 0 0.04 M M 8.7 22 210 M M 8 1 30 210
================================================================================
SM 1109 295 1241 0 0.90 M 164.4 M 146
================================================================================
AV 37.0 9.8 5.5 FASTST M M 5 MAX(MPH)
MISC ----> 29 250 40 230
================================================================================
NOTES:
# LAST OF SEVERAL OCCURRENCES
COLUMN 17 PEAK WIND IN M.P.H.
PRELIMINARY LOCAL CLIMATOLOGICAL DATA (WS FORM: F-6) , PAGE 2
STATION: BURNS OR
MONTH: NOVEMBER
YEAR: 2022
LATITUDE: 43 34 N
LONGITUDE: 118 57 W
[TEMPERATURE DATA] [PRECIPITATION DATA] SYMBOLS USED IN COLUMN 16
AVERAGE MONTHLY: 23.4 TOTAL FOR MONTH: 0.90 1 = FOG OR MIST
DPTR FM NORMAL: -11.3 DPTR FM NORMAL: -0.12 2 = FOG REDUCING VISIBILITY
HIGHEST: 53 ON 1 GRTST 24HR 0.22 ON 8- 9 TO 1/4 MILE OR LESS
LOWEST: -3 ON 17 3 = THUNDER
SNOW, ICE PELLETS, HAIL 4 = ICE PELLETS
TOTAL MONTH: M 5 = HAIL
GRTST 24HR M ON M 6 = FREEZING RAIN OR DRIZZLE
GRTST DEPTH: M ON M 7 = DUSTSTORM OR SANDSTORM:
VSBY 1/2 MILE OR LESS
8 = SMOKE OR HAZE
[NO. OF DAYS WITH] [WEATHER - DAYS WITH] 9 = BLOWING SNOW
X = TORNADO
MAX 32 OR BELOW: 11 0.01 INCH OR MORE: 11
MAX 90 OR ABOVE: 0 0.10 INCH OR MORE: 3
MIN 32 OR BELOW: 30 0.50 INCH OR MORE: 0
MIN 0 OR BELOW: 5 1.00 INCH OR MORE: 0
[HDD (BASE 65) ]
TOTAL THIS MO. 1241 CLEAR (SCALE 0-3) 9
DPTR FM NORMAL 332 PTCLDY (SCALE 4-7) 16
TOTAL FM JUL 1 1884 CLOUDY (SCALE 8-10) 5
DPTR FM NORMAL 47
[CDD (BASE 65) ]
TOTAL THIS MO. 0
DPTR FM NORMAL 0 [PRESSURE DATA]
TOTAL FM JAN 1 566 HIGHEST SLP 30.88 ON 16
DPTR FM NORMAL 264 LOWEST SLP 29.37 ON 6
[REMARKS]
#FINAL-11-22#