000
CXUS55 KBOI 011816
CF6BOI
PRELIMINARY LOCAL CLIMATOLOGICAL DATA (WS FORM: F-6)
STATION: BOISE ID
MONTH: JANUARY
YEAR: 2022
LATITUDE: 43 34 N
LONGITUDE: 116 13 W
TEMPERATURE IN F: :PCPN: SNOW: WIND :SUNSHINE: SKY :PK WND
================================================================================
1 2 3 4 5 6A 6B 7 8 9 10 11 12 13 14 15 16 17 18
12Z AVG MX 2MIN
DY MAX MIN AVG DEP HDD CDD WTR SNW DPTH SPD SPD DIR MIN PSBL S-S WX SPD DR
================================================================================
1 24 -3 11 -20 54 0 0.00 0.0 6 4.6 13 130 M M 0 17 130
2 25 6 16 -15 49 0 0.00 0.0 5 3.8 13 160 M M 3 17 140
3 41 7 24 -7 41 0 0.15 0.2 4 12.0 32 290 M M 2 148 45 300
4 35 31 33 2 32 0 0.16 0.9 4 6.8 23 120 M M 10 1 28 120
5 37 32 35 4 30 0 0.36 1.3 3 6.3 15 110 M M 10 1 18 110
6 41 32 37 6 28 0 0.10 0.2 3 6.6 17 130 M M 6 16 22 130
7 49 35 42 11 23 0 0.11 0.0 1 8.4 33 270 M M 7 1 50 270
8 40 29 35 4 30 0 0.00 0.0 T 5.2 13 340 M M 4 17 320
9 36 24 30 -1 35 0 0.00 0.0 T 9.0 15 170 M M 0 19 160
10 34 20 27 -4 38 0 0.00 0.0 0 3.8 13 140 M M 1 16 140
11 36 27 32 0 33 0 0.00 0.0 0 4.2 14 170 M M 6 19 170
12 39 22 31 -1 34 0 0.00 0.0 0 2.6 8 120 M M 1 11 110
13 40 27 34 2 31 0 0.00 0.0 0 4.7 15 300 M M 1 19 320
14 40 24 32 0 33 0 0.00 0.0 0 6.4 14 320 M M 0 18 130
15 37 25 31 -1 34 0 0.00 0.0 0 5.5 18 140 M M 3 23 130
16 37 26 32 0 33 0 0.00 0.0 0 3.7 10 130 M M 3 13 120
17 32 23 28 -4 37 0 0.00 0.0 0 4.3 9 140 M M 3 8 12 140
18 32 28 30 -2 35 0 0.00 0.0 0 3.2 8 290 M M 10 18 13 170
19 33 30 32 0 33 0 0.00 0.0 0 1.1 6 170 M M 10 18 8 200
20 35 31 33 1 32 0 0.20 2.0 0 6.9 17 140 M M 10 128 24 130
21 39 27 33 0 32 0 0.00 0.0 2 9.6 21 320 M M 5 12 24 310
22 34 24 29 -4 36 0 0.00 0.0 T 7.6 17 130 M M 4 21 130
23 32 29 31 -2 34 0 0.00 0.0 T 3.6 9 130 M M 10 11 120
24 31 26 29 -4 36 0 0.00 0.0 T 7.7 17 310 M M 10 22 300
25 31 24 28 -5 37 0 0.00 0.0 T 7.9 17 140 M M 9 21 140
26 29 23 26 -7 39 0 T T T 7.2 13 120 M M 10 8 15 130
27 31 19 25 -8 40 0 0.00 0.0 T 8.9 18 140 M M 7 24 140
28 29 14 22 -12 43 0 0.00 0.0 T 6.0 16 150 M M 0 20 160
29 33 13 23 -11 42 0 0.00 0.0 T 4.6 12 110 M M 0 14 110
30 29 13 21 -13 44 0 0.00 0.0 T 6.5 18 150 M M 1 25 150
31 40 23 32 -2 33 0 T T T 6.2 17 350 M M 5 23 350
================================================================================
SM 1081 711 1111 0 1.08 4.6 184.9 M 151
================================================================================
AV 34.9 22.9 6.0 FASTST M M 5 MAX(MPH)
MISC ----> 33 270 50 270
================================================================================
NOTES:
# LAST OF SEVERAL OCCURRENCES
COLUMN 17 PEAK WIND IN M.P.H.
PRELIMINARY LOCAL CLIMATOLOGICAL DATA (WS FORM: F-6) , PAGE 2
STATION: BOISE ID
MONTH: JANUARY
YEAR: 2022
LATITUDE: 43 34 N
LONGITUDE: 116 13 W
[TEMPERATURE DATA] [PRECIPITATION DATA] SYMBOLS USED IN COLUMN 16
AVERAGE MONTHLY: 28.9 TOTAL FOR MONTH: 1.08 1 = FOG OR MIST
DPTR FM NORMAL: -3.3 DPTR FM NORMAL: -0.33 2 = FOG REDUCING VISIBILITY
HIGHEST: 49 ON 7 GRTST 24HR 0.36 ON 5- 5 TO 1/4 MILE OR LESS
LOWEST: -3 ON 1 3 = THUNDER
SNOW, ICE PELLETS, HAIL 4 = ICE PELLETS
TOTAL MONTH: 4.6 INCHES 5 = HAIL
GRTST 24HR 2.0 ON 20-20 6 = FREEZING RAIN OR DRIZZLE
GRTST DEPTH: 6 ON M 7 = DUSTSTORM OR SANDSTORM:
VSBY 1/2 MILE OR LESS
8 = SMOKE OR HAZE
[NO. OF DAYS WITH] [WEATHER - DAYS WITH] 9 = BLOWING SNOW
X = TORNADO
MAX 32 OR BELOW: 11 0.01 INCH OR MORE: 6
MAX 90 OR ABOVE: 0 0.10 INCH OR MORE: 6
MIN 32 OR BELOW: 30 0.50 INCH OR MORE: 0
MIN 0 OR BELOW: 1 1.00 INCH OR MORE: 0
[HDD (BASE 65) ]
TOTAL THIS MO. 1111 CLEAR (SCALE 0-3) 13
DPTR FM NORMAL 93 PTCLDY (SCALE 4-7) 9
TOTAL FM JUL 1 3046 CLOUDY (SCALE 8-10) 9
DPTR FM NORMAL -205
[CDD (BASE 65) ]
TOTAL THIS MO. 0
DPTR FM NORMAL 0 [PRESSURE DATA]
TOTAL FM JAN 1 0 HIGHEST SLP 30.84 ON 28
DPTR FM NORMAL 0 LOWEST SLP 29.60 ON 7
[REMARKS]
#FINAL-01-22#