000
CXUS54 KMAF 011210
CF6BPG
PRELIMINARY LOCAL CLIMATOLOGICAL DATA (WS FORM: F-6)
STATION: BIG SPRING MCMAHON-WRINKLE FI
MONTH: JANUARY
YEAR: 2023
LATITUDE: 32 12 N
LONGITUDE: 101 31 W
TEMPERATURE IN F: :PCPN: SNOW: WIND :SUNSHINE: SKY :PK WND
================================================================================
1 2 3 4 5 6A 6B 7 8 9 10 11 12 13 14 15 16 17 18
12Z AVG MX 2MIN
DY MAX MIN AVG DEP HDD CDD WTR SNW DPTH SPD SPD DIR MIN PSBL S-S WX SPD DR
================================================================================
1 76 46 61 M 4 0 M M M 10.1 16 190 M M 0 22 200
2 77 46 62 M 3 0 M M M 15.2 35 280 M M 2 8 43 300
3 57 39 48 M 17 0 M M M 13.6 23 270 M M 0 29 270
4 65 34 50 M 15 0 M M M 12.8 26 260 M M 0 8 32 290
5 63 28 46 M 19 0 M M M 5.2 12 170 M M 0 M M
6 79 44 62 M 3 0 M M M 13.5 23 210 M M 0 28 210
7 60 40 50 M 15 0 M M M 7.8 16 60 M M 1 M M
8 64 30 47 M 18 0 M M M 4.8 12 60 M M 0 M M
9 74 35 55 M 10 0 M M M 8.1 16 270 M M 0 23 270
10 80 41 61 M 4 0 M M M 11.9 23 250 M M 0 30 250
11 76 42 59 M 6 0 M M M 14.5 30 240 M M 0 8 37 250
12 57 34 46 M 19 0 M M M 11.0 22 310 M M 0 33 310
13 64 26 45 M 20 0 M M M 6.7 14 170 M M 0 M M
14 69 40 55 M 10 0 M M M 18.5 25 180 M M 0 32 180
15 70 48 59 M 6 0 M M M 17.2 23 190 M M 3 25 190
16 69 43 56 M 9 0 M M M 16.5 31 250 M M 3 8 39 250
17 71 50 61 M 4 0 M M M 9.8 18 260 M M 4 23 160
18 63 43 53 M 12 0 M M M 19.0 35 260 M M 3 8 40 260
19 58 30 44 M 21 0 M M M 7.6 16 250 M M 0 M M
20 67 39 53 M 12 0 M M M 14.1 25 170 M M 0 31 160
21 57 32 45 M 20 0 M M M 11.9 23 300 M M 0 28 290
22 54 25 40 M 25 0 M M M 5.4 10 120 M M 0 21 290
23 58 34 46 M 19 0 M M M 19.7 29 90 M M 4 40 90
24 44 32 38 M 27 0 0.24 M M 11.5 18 70 M M 8 1 26 80
25 47 28 38 M 27 0 M M M 8.1 16 350 M M 3 18 300
26 49 24 37 M 28 0 M M M 3.9 8 360 M M 0 M M
27 57 26 42 M 23 0 M M M 11.9 21 230 M M 0 25 210
28 67 36 52 M 13 0 M M M 15.7 24 200 M M 1 1 29 210
29 48 27 38 M 27 0 M M M 14.2 24 60 M M 8 18 25 40
30 27 20 24 M 41 0 M M M 13.1 20 50 M M 10 1 25 40
31 24 20 22 M 43 0 M M M 10.2 16 30 M M 9 1 M M
================================================================================
SM 1891 1082 520 0 0.24 M 363.5 M 59
================================================================================
AV 61.0 34.9 11.7 FASTST M M 2 MAX(MPH)
MISC ----> # 35 280 43 300
================================================================================
NOTES:
# LAST OF SEVERAL OCCURRENCES
COLUMN 17 PEAK WIND IN M.P.H.
PRELIMINARY LOCAL CLIMATOLOGICAL DATA (WS FORM: F-6) , PAGE 2
STATION: BIG SPRING MCMAHON-WRINKLE FI
MONTH: JANUARY
YEAR: 2023
LATITUDE: 32 12 N
LONGITUDE: 101 31 W
[TEMPERATURE DATA] [PRECIPITATION DATA] SYMBOLS USED IN COLUMN 16
AVERAGE MONTHLY: 48.0 TOTAL FOR MONTH: 0.24 1 = FOG OR MIST
DPTR FM NORMAL: 0.0 DPTR FM NORMAL: M 2 = FOG REDUCING VISIBILITY
HIGHEST: 80 ON 10 GRTST 24HR 0.24 ON 24-24 TO 1/4 MILE OR LESS
LOWEST: 20 ON 31,30 3 = THUNDER
SNOW, ICE PELLETS, HAIL 4 = ICE PELLETS
TOTAL MONTH: M 5 = HAIL
GRTST 24HR M ON M 6 = FREEZING RAIN OR DRIZZLE
GRTST DEPTH: M ON M 7 = DUSTSTORM OR SANDSTORM:
VSBY 1/2 MILE OR LESS
8 = SMOKE OR HAZE
[NO. OF DAYS WITH] [WEATHER - DAYS WITH] 9 = BLOWING SNOW
X = TORNADO
MAX 32 OR BELOW: 2 0.01 INCH OR MORE: 1
MAX 90 OR ABOVE: 0 0.10 INCH OR MORE: 1
MIN 32 OR BELOW: 13 0.50 INCH OR MORE: 0
MIN 0 OR BELOW: 0 1.00 INCH OR MORE: 0
[HDD (BASE 65) ]
TOTAL THIS MO. 520 CLEAR (SCALE 0-3) 25
DPTR FM NORMAL M PTCLDY (SCALE 4-7) 3
TOTAL FM JUL 1 1545 CLOUDY (SCALE 8-10) 3
DPTR FM NORMAL M
[CDD (BASE 65) ]
TOTAL THIS MO. 0
DPTR FM NORMAL M [PRESSURE DATA]
TOTAL FM JAN 1 0 HIGHEST SLP M ON M
DPTR FM NORMAL M LOWEST SLP M ON M
[REMARKS]
#FINAL-01-23#