000
CXUS54 KLCH 011422
CF6BPT
PRELIMINARY LOCAL CLIMATOLOGICAL DATA (WS FORM: F-6)
STATION: BEAUMONT PORT ARTHUR
MONTH: JULY
YEAR: 2020
LATITUDE: 29 57 N
LONGITUDE: 94 1 W
TEMPERATURE IN F: :PCPN: SNOW: WIND :SUNSHINE: SKY :PK WND
================================================================================
1 2 3 4 5 6A 6B 7 8 9 10 11 12 13 14 15 16 17 18
12Z AVG MX 2MIN
DY MAX MIN AVG DEP HDD CDD WTR SNW DPTH SPD SPD DIR MIN PSBL S-S WX SPD DR
================================================================================
1 91 78 85 3 0 20 0.00 0.0 0 9.7 18 190 M M 4 25 190
2 93 76 85 2 0 20 0.00 0.0 0 6.1 13 170 M M 4 1 20 220
3 94 71 83 0 0 18 1.02 0.0 0 6.0 29 10 M M 3 13 42 20
4 94 69 82 -1 0 17 0.00 0.0 0 4.1 12 290 M M 1 1 15 330
5 93 76 85 2 0 20 0.00 0.0 0 6.3 24 100 M M 2 13 31 100
6 88 77 83 0 0 18 T 0.0 0 5.9 14 190 M M 3 3 20 170
7 88 78 83 0 0 18 T 0.0 0 6.8 16 210 M M 3 3 26 210
8 91 78 85 2 0 20 T 0.0 0 8.9 16 190 M M 5 1 23 190
9 92 76 84 1 0 19 0.00 0.0 0 8.1 17 180 M M 2 1 23 170
10 96 74 85 2 0 20 0.01 0.0 0 5.1 14 200 M M 2 1 20 170
11 96 77 87 4 0 22 0.00 0.0 0 5.1 13 210 M M 3 1 17 240
12 93 76 85 2 0 20 0.00 0.0 0 7.5 14 220 M M 1 1 22 240
13 96 78 87 4 0 22 0.00 0.0 0 7.7 16 180 M M 3 23 160
14 93 75 84 1 0 19 0.00 0.0 0 7.2 15 170 M M 2 21 160
15 94 76 85 2 0 20 0.00 0.0 0 8.0 17 190 M M 1 23 180
16 96 76 86 3 0 21 0.15 0.0 0 4.8 14 80 M M 2 138 20 100
17 87 75 81 -2 0 16 1.23 0.0 0 6.9 18 100 M M 5 13 24 100
18 91 76 84 1 0 19 0.12 0.0 0 6.1 17 100 M M 2 1 22 100
19 93 76 85 2 0 20 0.01 0.0 0 5.6 16 20 M M 3 3 23 20
20 87 73 80 -3 0 15 0.96 0.0 0 10.5 24 90 M M 4 13 31 100
21 88 73 81 -2 0 16 3.60 0.0 0 8.2 22 170 M M 8 13 30 160
22 90 76 83 0 0 18 0.15 0.0 0 5.9 14 120 M M 2 138 18 110
23 94 77 86 3 0 21 0.46 0.0 0 8.1 23 50 M M 3 13 33 50
24 89 77 83 0 0 18 T 0.0 0 15.5 25 90 M M 6 1 35 90
25 83 74 79 -4 0 14 1.98 0.0 0 12.5 25 120 M M 8 138 32 130
26 87 75 81 -2 0 16 0.20 0.0 0 11.4 22 130 M M M 1 30 120
27 88 75 82 -1 0 17 T 0.0 0 5.9 15 80 M M 5 19 80
28 86 73 80 -3 0 15 0.23 0.0 0 3.0 18 210 M M 4 13 26 200
29 91 73 82 -1 0 17 0.01 0.0 0 4.7 17 250 M M 3 13 27 250
30 91 77 84 1 0 19 T 0.0 0 8.4 18 190 M M 3 1 23 190
31 92 75 84 1 0 19 T 0.0 0 7.8 18 200 M M 3 13 29 200
================================================================================
SM 2825 2336 0 574 10.13 0.0 227.8 M 100
================================================================================
AV 91.1 75.4 7.3 FASTST M M 3 MAX(MPH)
MISC ----> # 29 10 # 42 20
================================================================================
NOTES:
# LAST OF SEVERAL OCCURRENCES
COLUMN 17 PEAK WIND IN M.P.H.
PRELIMINARY LOCAL CLIMATOLOGICAL DATA (WS FORM: F-6) , PAGE 2
STATION: BEAUMONT PORT ARTHUR
MONTH: JULY
YEAR: 2020
LATITUDE: 29 57 N
LONGITUDE: 94 1 W
[TEMPERATURE DATA] [PRECIPITATION DATA] SYMBOLS USED IN COLUMN 16
AVERAGE MONTHLY: 83.2 TOTAL FOR MONTH: 10.13 1 = FOG OR MIST
DPTR FM NORMAL: 0.2 DPTR FM NORMAL: 4.18 2 = FOG REDUCING VISIBILITY
HIGHEST: 96 ON 16,13 GRTST 24HR 3.60 ON 21-21 TO 1/4 MILE OR LESS
LOWEST: 69 ON 4 3 = THUNDER
SNOW, ICE PELLETS, HAIL 4 = ICE PELLETS
TOTAL MONTH: 0.0 INCH 5 = HAIL
GRTST 24HR 0.0 6 = FREEZING RAIN OR DRIZZLE
GRTST DEPTH: 0 7 = DUSTSTORM OR SANDSTORM:
VSBY 1/2 MILE OR LESS
8 = SMOKE OR HAZE
[NO. OF DAYS WITH] [WEATHER - DAYS WITH] 9 = BLOWING SNOW
X = TORNADO
MAX 32 OR BELOW: 0 0.01 INCH OR MORE: 14
MAX 90 OR ABOVE: 21 0.10 INCH OR MORE: 11
MIN 32 OR BELOW: 0 0.50 INCH OR MORE: 5
MIN 0 OR BELOW: 0 1.00 INCH OR MORE: 4
[HDD (BASE 65) ]
TOTAL THIS MO. 0 CLEAR (SCALE 0-3) 16
DPTR FM NORMAL 0 PTCLDY (SCALE 4-7) 14
TOTAL FM JUL 1 0 CLOUDY (SCALE 8-10) 0
DPTR FM NORMAL 0
[CDD (BASE 65) ]
TOTAL THIS MO. 574
DPTR FM NORMAL 18 [PRESSURE DATA]
TOTAL FM JAN 1 1811 HIGHEST SLP 30.09 ON 17
DPTR FM NORMAL 205 LOWEST SLP 29.81 ON 5
[REMARKS]
#FINAL-07-20#