000
CXUS55 KDVN 011100
CF6BRL
PRELIMINARY LOCAL CLIMATOLOGICAL DATA (WS FORM: F-6)
STATION: BURLINGTON IA
MONTH: MARCH
YEAR: 2020
LATITUDE: 40 46 N
LONGITUDE: 91 7 W
TEMPERATURE IN F: :PCPN: SNOW: WIND :SUNSHINE: SKY :PK WND
================================================================================
1 2 3 4 5 6A 6B 7 8 9 10 11 12 13 14 15 16 17 18
12Z AVG MX 2MIN
DY MAX MIN AVG DEP HDD CDD WTR SNW DPTH SPD SPD DIR MIN PSBL S-S WX SPD DR
================================================================================
1 65 38 52 17 13 0 0.00 M M 12.8 25 210 M M 3 32 220
2 44 31 38 3 27 0 0.00 M M 6.8 17 350 M M 2 24 340
3 55 30 43 7 22 0 0.00 M M 10.6 25 290 M M 3 40 290
4 53 33 43 7 22 0 0.00 M M 7.1 24 10 M M 2 32 360
5 55 36 46 9 19 0 0.00 M M 17.6 31 310 M M 4 51 280
6 50 31 41 4 24 0 0.00 M M 9.2 24 330 M M 2 38 320
7 60 30 45 7 20 0 0.00 M M 13.4 23 180 M M 0 33 210
8 71 42 57 19 8 0 0.00 M M 16.9 29 200 M M 0 41 190
9 56 38 47 9 18 0 1.30 M M 12.0 21 310 M M 9 13 30 310
10 48 33 41 2 24 0 0.01 M M 8.6 17 310 M M 8 1 29 320
11 49 39 44 5 21 0 0.00 M M 5.7 15 220 M M 8 18 19 220
12 55 39 47 7 18 0 0.07 M M 10.2 26 330 M M 7 18 42 330
13 50 32 41 1 24 0 T M M 9.1 17 330 M M 2 27 330
14 41 33 37 -4 28 0 0.11 M M 9.3 17 40 M M 9 1 26 50
15 39 32 36 -5 29 0 0.00 M M 8.5 15 50 M M 9 19 60
16 45 35 40 -2 25 0 0.03 M M 3.4 9 100 M M 10 18 13 100
17 48 34 41 -1 24 0 0.00 M M 6.9 18 360 M M 3 23 360
18 49 43 46 4 19 0 0.55 M M 6.4 15 110 M M 10 1 22 120
19 66 45 56 13 9 0 0.06 M M 10.5 20 340 M M 9 12 27 220
20 49 31 40 -3 25 0 T M M 13.3 24 350 M M 10 1 37 350
21 38 30 34 -10 31 0 0.00 M M 6.6 14 60 M M 8 20 100
22 34 28 31 -13 34 0 0.06 M M 8.1 15 120 M M 7 18 20 90
23 40 31 36 -9 29 0 0.00 M M 3.6 9 180 M M 10 1 12 140
24 48 35 42 -3 23 0 0.00 M M 6.8 14 80 M M 7 1 18 90
25 57 35 46 0 19 0 0.00 M M 9.4 18 180 M M 6 12 24 180
26 51 43 47 1 18 0 T M M 8.3 17 60 M M 8 18 23 50
27 54 42 48 2 17 0 0.01 M M 9.5 20 110 M M 10 1 28 120
28 70 50 60 13 5 0 0.16 M M 12.4 36 210 M M 5 123 51 230
29 61 41 51 4 14 0 T M M 19.1 35 250 M M 7 1 48 240
30 63 33 48 0 17 0 0.00 M M 5.5 17 350 M M 0 8 24 340
31 54 36 45 -3 20 0 0.00 M M 7.2 15 80 M M 2 18 20 70
================================================================================
SM 1618 1109 646 0 2.36 M 294.8 M 180
================================================================================
AV 52.2 35.8 9.5 FASTST M M 6 MAX(MPH)
MISC ----> # 36 210 # 51 280
================================================================================
NOTES:
# LAST OF SEVERAL OCCURRENCES
COLUMN 17 PEAK WIND IN M.P.H.
PRELIMINARY LOCAL CLIMATOLOGICAL DATA (WS FORM: F-6) , PAGE 2
STATION: BURLINGTON IA
MONTH: MARCH
YEAR: 2020
LATITUDE: 40 46 N
LONGITUDE: 91 7 W
[TEMPERATURE DATA] [PRECIPITATION DATA] SYMBOLS USED IN COLUMN 16
AVERAGE MONTHLY: 44.0 TOTAL FOR MONTH: 2.36 1 = FOG OR MIST
DPTR FM NORMAL: 2.4 DPTR FM NORMAL: -0.43 2 = FOG REDUCING VISIBILITY
HIGHEST: 71 ON 8 GRTST 24HR 1.30 ON 9- 9 TO 1/4 MILE OR LESS
LOWEST: 28 ON 22 3 = THUNDER
SNOW, ICE PELLETS, HAIL 4 = ICE PELLETS
TOTAL MONTH: M 5 = HAIL
GRTST 24HR M ON M 6 = FREEZING RAIN OR DRIZZLE
GRTST DEPTH: M ON M 7 = DUSTSTORM OR SANDSTORM:
VSBY 1/2 MILE OR LESS
8 = SMOKE OR HAZE
[NO. OF DAYS WITH] [WEATHER - DAYS WITH] 9 = BLOWING SNOW
X = TORNADO
MAX 32 OR BELOW: 0 0.01 INCH OR MORE: 10
MAX 90 OR ABOVE: 0 0.10 INCH OR MORE: 4
MIN 32 OR BELOW: 10 0.50 INCH OR MORE: 2
MIN 0 OR BELOW: 0 1.00 INCH OR MORE: 1
[HDD (BASE 65) ]
TOTAL THIS MO. 646 CLEAR (SCALE 0-3) 11
DPTR FM NORMAL -82 PTCLDY (SCALE 4-7) 11
TOTAL FM JUL 1 5013 CLOUDY (SCALE 8-10) 9
DPTR FM NORMAL -93
[CDD (BASE 65) ]
TOTAL THIS MO. 0
DPTR FM NORMAL -2 [PRESSURE DATA]
TOTAL FM JAN 1 0 HIGHEST SLP 30.67 ON 15
DPTR FM NORMAL -2 LOWEST SLP 29.38 ON 28
[REMARKS]
#FINAL-03-20#