000
CXUS53 KDVN 010848
CLSBRL
CLIMATE REPORT
NATIONAL WEATHER SERVICE QUAD CITIES IA IL
348 AM CDT WED JUN 01 2022
...................................
...THE BURLINGTON IA CLIMATE SUMMARY FOR THE SEASON, FROM
3/1/2022 TO 5/31/2022...
CLIMATE NORMAL PERIOD 1991 TO 2020
CLIMATE RECORD PERIOD 1897 TO 2022
WEATHER OBSERVED NORMAL DEPART LAST YEAR`S
VALUE DATE(S) VALUE FROM VALUE
NORMAL
..............................................................
TEMPERATURE (F)
RECORD
HIGH 103 05/31/1934
LOW -13 03/05/1960
HIGHEST 91 05/11 79 12
05/12
LOWEST 8 03/12 26 -18
AVG. MAXIMUM 60.7 62.0 -1.3
AVG. MINIMUM 41.8 42.0 -0.2
MEAN 51.2 52.0 -0.8
DAYS MAX >= 90 3
DAYS MAX <= 32 4
DAYS MIN <= 32 22
DAYS MIN <= 0 0
PRECIPITATION (INCHES)
TOTALS 9.25 11.28 -2.03
DAILY AVG. 0.10 0.12 -0.02
DAYS >= .01 36
DAYS >= .10 23
DAYS >= .50 7
DAYS >= 1.00 0
GREATEST
24 HR. TOTAL MM
DEGREE DAYS
HEATING TOTAL 1380 1290 90
SINCE 7/1 5711 5806 -95
COOLING TOTAL 141 93 48
SINCE 1/1 141 93 48
..............................................................
WIND (MPH)
AVERAGE WIND SPEED 10.2
HIGHEST WIND SPEED/DIRECTION 33/250 DATE 04/14
33/190 04/23
HIGHEST GUST SPEED/DIRECTION 51/300 DATE 03/25
SKY COVER
POSSIBLE SUNSHINE (PERCENT) MM
AVERAGE SKY COVER 0.44
NUMBER OF DAYS FAIR 39
NUMBER OF DAYS PC 35
NUMBER OF DAYS CLOUDY 18
AVERAGE RH (PERCENT) 69
WEATHER CONDITIONS. NUMBER OF DAYS WITH
THUNDERSTORM 10 HAIL 0
SLEET 0 FOG 41
FOG W/VIS <= 1/4 MILE 3 HAZE 6
- INDICATES NEGATIVE NUMBERS.
R INDICATES RECORD WAS SET OR TIED.
MM INDICATES DATA IS MISSING.
T INDICATES TRACE AMOUNT.
$$