000
CXAK56 PAFG 010949
CF6BRW
PRELIMINARY LOCAL CLIMATOLOGICAL DATA (WS FORM: F-6)
STATION: UTQIAGVIK (BARROW) AK
MONTH: JULY
YEAR: 2023
LATITUDE: 71 17 N
LONGITUDE: 156 47 W
TEMPERATURE IN F: :PCPN: SNOW: WIND :SUNSHINE: SKY :PK WND
================================================================================
1 2 3 4 5 6A 6B 7 8 9 10 11 12 13 14 15 16 17 18
12Z AVG MX 2MIN
DY MAX MIN AVG DEP HDD CDD WTR SNW DPTH SPD SPD DIR MIN PSBL S-S WX SPD DR
================================================================================
1 50 34 42 0 23 0 0.00 M M 12.5 22 250 M M 4 1 27 240
2 65 37 51 9 14 0 0.00 M M 14.8 21 130 M M 2 1 24 130
3 49 36 43 1 22 0 T M M 13.9 21 80 M M 2 23 100
4 49 37 43 1 22 0 0.45 M M 8.2 16 90 M M 9 1 20 100
5 60 39 50 8 15 0 0.28 M M 9.5 17 220 M M 9 128 22 220
6 54 37 46 4 19 0 0.02 M M 6.7 14 80 M M 8 128 16 80
7 50 37 44 2 21 0 0.09 M M 9.8 18 70 M M 9 12 21 80
8 38 34 36 -6 29 0 0.00 M M 7.3 12 290 M M 10 12 14 270
9 48 35 42 0 23 0 0.01 M M 6.7 10 100 M M 10 128 12 100
10 54 44 49 7 16 0 0.11 M M 10.1 15 100 M M 9 12 18 100
11 47 37 42 -1 23 0 0.00 M M 7.4 13 80 M M 9 128 15 80
12 44 37 41 -2 24 0 0.00 M M 5.7 9 340 M M 10 128 11 330
13 50 37 44 1 21 0 0.00 M M 8.1 17 70 M M 9 128 20 70
14 43 36 40 -3 25 0 0.00 M M 14.3 20 40 M M 10 128 24 350
15 38 34 36 -7 29 0 T M M 9.9 14 350 M M 10 18 22 350
16 48 33 41 -1 24 0 T M M 9.1 18 100 M M 10 1 22 100
17 50 39 45 3 20 0 0.00 M M 10.1 14 60 M M 5 12 17 80
18 65 40 53 11 12 0 0.00 M M 9.6 14 120 M M 3 17 70
19 74 53 64 22 1 0 0.00 M M 13.1 21 140 M M 0 24 140
20 64 48 56 14 9 0 0.00 M M 10.1 16 100 M M 5 12 18 110
21 71 48 60 18 5 0 T M M 9.3 18 240 M M 5 12 23 250
22 64 52 58 16 7 0 0.02 M M 5.6 12 80 M M 9 18 13 70
23 71 53 62 20 3 0 T M M 11.1 16 110 M M 5 20 110
24 64 49 57 15 8 0 0.00 M M 14.9 22 110 M M 2 1 M M
25 54 45 50 8 15 0 T M M 12.4 21 100 M M 10 12 25 110
26 56 44 50 8 15 0 T M M 8.4 15 80 M M 10 128 17 80
27 59 47 53 11 12 0 0.00 M M 13.3 18 80 M M 5 1 21 90
28 65 46 56 14 9 0 T M M 7.4 14 110 M M 9 128 17 90
29 56 43 50 8 15 0 T M M 7.3 14 40 M M 8 12 16 50
30 59 46 53 11 12 0 0.00 M M 10.5 20 240 M M 8 12 26 210
31 63 43 53 11 12 0 0.00 M M 11.3 20 90 M M 7 12 23 110
================================================================================
SM 1722 1280 505 0 0.98 M 308.4 M 221
================================================================================
AV 55.5 41.3 9.9 FASTST M M 7 MAX(MPH)
MISC ----> 22 250 27 240
================================================================================
NOTES:
# LAST OF SEVERAL OCCURRENCES
COLUMN 17 PEAK WIND IN M.P.H.
PRELIMINARY LOCAL CLIMATOLOGICAL DATA (WS FORM: F-6) , PAGE 2
STATION: UTQIAGVIK (BARROW) AK
MONTH: JULY
YEAR: 2023
LATITUDE: 71 17 N
LONGITUDE: 156 47 W
[TEMPERATURE DATA] [PRECIPITATION DATA] SYMBOLS USED IN COLUMN 16
AVERAGE MONTHLY: 48.4 TOTAL FOR MONTH: 0.98 1 = FOG OR MIST
DPTR FM NORMAL: 6.2 DPTR FM NORMAL: 0.00 2 = FOG REDUCING VISIBILITY
HIGHEST: 74 ON 19 GRTST 24HR 0.60 ON 4- 5 TO 1/4 MILE OR LESS
LOWEST: 33 ON 16 3 = THUNDER
SNOW, ICE PELLETS, HAIL 4 = ICE PELLETS
TOTAL MONTH: M 5 = HAIL
GRTST 24HR M ON M 6 = FREEZING RAIN OR DRIZZLE
GRTST DEPTH: M ON M 7 = DUSTSTORM OR SANDSTORM:
VSBY 1/2 MILE OR LESS
8 = SMOKE OR HAZE
[NO. OF DAYS WITH] [WEATHER - DAYS WITH] 9 = BLOWING SNOW
X = TORNADO
MAX 32 OR BELOW: 0 0.01 INCH OR MORE: 7
MAX 90 OR ABOVE: 0 0.10 INCH OR MORE: 3
MIN 32 OR BELOW: 0 0.50 INCH OR MORE: 0
MIN 0 OR BELOW: 0 1.00 INCH OR MORE: 0
[HDD (BASE 65) ]
TOTAL THIS MO. 505 CLEAR (SCALE 0-3) 4
DPTR FM NORMAL -202 PTCLDY (SCALE 4-7) 9
TOTAL FM JUL 1 505 CLOUDY (SCALE 8-10) 18
DPTR FM NORMAL -199
[CDD (BASE 65) ]
TOTAL THIS MO. 0
DPTR FM NORMAL 0 [PRESSURE DATA]
TOTAL FM JAN 1 0 HIGHEST SLP M ON M
DPTR FM NORMAL 0 LOWEST SLP 29.65 ON 7
[REMARKS]
#FINAL-07-23#