000
CXAK56 PAFG 021541
CF6BRW
PRELIMINARY LOCAL CLIMATOLOGICAL DATA (WS FORM: F-6)
STATION: UTQIAGVIK (BARROW) AK
MONTH: MARCH
YEAR: 2022
LATITUDE: 71 17 N
LONGITUDE: 156 47 W
TEMPERATURE IN F: :PCPN: SNOW: WIND :SUNSHINE: SKY :PK WND
================================================================================
1 2 3 4 5 6A 6B 7 8 9 10 11 12 13 14 15 16 17 18
12Z AVG MX 2MIN
DY MAX MIN AVG DEP HDD CDD WTR SNW DPTH SPD SPD DIR MIN PSBL S-S WX SPD DR
================================================================================
1 13 6 10 22 55 0 T M M 7.3 13 30 M M 10 18 15 60
2 17 0 9 21 56 0 T M M 9.2 21 270 M M 9 18 24 260
3 17 2 10 22 55 0 0.00 M M 7.6 12 110 M M 10 18 14 100
4 11 -5 3 15 62 0 T M M 9.9 17 50 M M 7 18 20 50
5 14 4 9 21 56 0 T M M 11.6 18 350 M M 7 18 23 350
6 12 -6 3 15 62 0 T M M 14.2 24 350 M M 9 18 30 360
7 3 -9 -3 9 68 0 T M M 7.7 15 70 M M 5 18 19 70
8 4 -4 0 12 65 0 0.02 M M 15.1 23 60 M M 9 18 27 80
9 -1 -10 -5 6 70 0 0.00 M M 9.0 16 50 M M 0 18 20 50
10 -10 -17 -13 -2 78 0 0.00 M M 7.4 15 210 M M 1 8 17 200
11 2 -16 -7 4 72 0 0.00 M M 6.9 13 60 M M 5 128 15 70
12 -15 -25 -20 -9 85 0 0.00 M M 7.2 10 170 M M 0 8 12 160
13 3 -24 -10 1 75 0 0.00 M M 10.4 15 300 M M 2 8 19 300
14 0 -9 -4 7 69 0 T M M 13.9 20 330 M M 8 18 24 320
15 4 -4 0 11 65 0 0.03 M M 8.3 14 330 M M 10 18 17 290
16 -3 -18 -10 1 75 0 0.00 M M 7.2 13 350 M M 4 18 17 340
17 -7 -23 -15 -4 80 0 0.00 M M 5.6 10 310 M M 1 18 14 320
18 -10 -22 -16 -6 81 0 0.00 M M 10.2 15 260 M M 1 8 19 260
19 -1 -24 -12 -2 77 0 0.01 M M 9.0 14 300 M M 4 8 17 300
20 -15 -27 -21 -11 86 0 0.00 M M 8.4 16 130 M M 0 19 120
21 -7 -33 -20 -10 85 0 0.00 M M 6.7 18 120 M M 0 18 21 120
22 -10 -30 -20 -11 85 0 0.00 M M 10.7 20 100 M M 2 18 23 100
23 -4 -22 -13 -4 78 0 0.00 M M 14.9 22 60 M M 0 8 30 60
24 3 -9 -3 6 68 0 T M M 17.3 25 60 M M 0 8 30 80
25 3 -5 -1 7 66 0 T M M 19.1 25 70 M M 9 89 30 70
26 2 -4 -1 7 66 0 0.00 M M 19.9 24 70 M M 0 89 28 70
27 4 -5 0 8 65 0 0.00 M M 19.0 23 80 M M 2 8 27 60
28 2 -7 -2 5 67 0 0.00 M M 20.9 29 80 M M 0 89 34 70
29 -6 -13 -9 -2 74 0 0.00 M M 18.9 24 60 M M 0 28 60
30 -1 -15 -8 -2 73 0 0.00 M M 14.9 20 70 M M 0 8 23 70
31 -7 -17 -12 -6 77 0 0.00 M M 18.3 25 80 M M 0 8 28 80
================================================================================
SM 17 -391 2196 0 0.06 M 366.7 M 115
================================================================================
AV 0.5-12.6 11.8 FASTST M M 4 MAX(MPH)
MISC ----> 29 80 34 70
================================================================================
NOTES:
# LAST OF SEVERAL OCCURRENCES
COLUMN 17 PEAK WIND IN M.P.H.
PRELIMINARY LOCAL CLIMATOLOGICAL DATA (WS FORM: F-6) , PAGE 2
STATION: UTQIAGVIK (BARROW) AK
MONTH: MARCH
YEAR: 2022
LATITUDE: 71 17 N
LONGITUDE: 156 47 W
[TEMPERATURE DATA] [PRECIPITATION DATA] SYMBOLS USED IN COLUMN 16
AVERAGE MONTHLY: -6.0 TOTAL FOR MONTH: 0.06 1 = FOG OR MIST
DPTR FM NORMAL: 3.9 DPTR FM NORMAL: -0.12 2 = FOG REDUCING VISIBILITY
HIGHEST: 17 ON 3, 2 GRTST 24HR 0.03 ON 14-15 TO 1/4 MILE OR LESS
LOWEST: -33 ON 21 3 = THUNDER
SNOW, ICE PELLETS, HAIL 4 = ICE PELLETS
TOTAL MONTH: M 5 = HAIL
GRTST 24HR M ON M 6 = FREEZING RAIN OR DRIZZLE
GRTST DEPTH: M ON M 7 = DUSTSTORM OR SANDSTORM:
VSBY 1/2 MILE OR LESS
8 = SMOKE OR HAZE
[NO. OF DAYS WITH] [WEATHER - DAYS WITH] 9 = BLOWING SNOW
X = TORNADO
MAX 32 OR BELOW: 31 0.01 INCH OR MORE: 3
MAX 90 OR ABOVE: 0 0.10 INCH OR MORE: 0
MIN 32 OR BELOW: 31 0.50 INCH OR MORE: 0
MIN 0 OR BELOW: 28 1.00 INCH OR MORE: 0
[HDD (BASE 65) ]
TOTAL THIS MO. 2196 CLEAR (SCALE 0-3) 17
DPTR FM NORMAL -127 PTCLDY (SCALE 4-7) 7
TOTAL FM JUL 1 14496 CLOUDY (SCALE 8-10) 7
DPTR FM NORMAL -7
[CDD (BASE 65) ]
TOTAL THIS MO. 0
DPTR FM NORMAL 0 [PRESSURE DATA]
TOTAL FM JAN 1 0 HIGHEST SLP 30.87 ON 7
DPTR FM NORMAL 0 LOWEST SLP 29.66 ON 5
[REMARKS]
#FINAL-03-22#