000
CXAK56 PAFG 051213
CF6BRW
PRELIMINARY LOCAL CLIMATOLOGICAL DATA (WS FORM: F-6)
STATION: UTQIAGVIK (BARROW) AK
MONTH: NOVEMBER
YEAR: 2023
LATITUDE: 71 17 N
LONGITUDE: 156 47 W
TEMPERATURE IN F: :PCPN: SNOW: WIND :SUNSHINE: SKY :PK WND
================================================================================
1 2 3 4 5 6A 6B 7 8 9 10 11 12 13 14 15 16 17 18
12Z AVG MX 2MIN
DY MAX MIN AVG DEP HDD CDD WTR SNW DPTH SPD SPD DIR MIN PSBL S-S WX SPD DR
================================================================================
1 28 24 26 13 39 0 0.17 M M 15.1 27 50 M M 10 1 36 60
2 25 19 22 9 43 0 0.03 M M 22.1 28 20 M M 10 1 32 30
3 23 19 21 9 44 0 0.02 M M 17.2 23 60 M M 10 18 36 60
4 22 15 19 7 46 0 0.04 M M 20.7 25 70 M M 10 189 36 60
5 21 15 18 7 47 0 0.06 M M 24.3 32 60 M M 10 19 50 70
6 23 20 22 11 43 0 0.04 M M 26.0 30 60 M M 10 169 40 80
7 20 18 19 9 46 0 0.01 M M 26.0 31 60 M M 10 19 44 70
8 19 15 17 7 48 0 0.02 M M 21.7 31 60 M M 10 19 38 60
9 18 15 17 8 48 0 0.04 M M 34.5 39 60 M M 10 19 52 50
10 20 16 18 10 47 0 T M M 29.3 35 60 M M 6 48 50
11 18 3 11 3 54 0 T M M 14.2 18 80 M M 8 36 50
12 17 7 12 5 53 0 T M M 24.6 29 120 M M 8 129 39 110
13 25 10 18 11 47 0 0.07 M M 13.1 20 200 M M 4 1 24 210
14 27 17 22 16 43 0 0.02 M M 26.7 36 250 M M 10 19 46 240
15 20 6 13 7 52 0 0.05 M M 12.0 23 360 M M 9 19 32 360
16 16 8 12 7 53 0 0.04 M M 12.5 18 360 M M 10 1 27 320
17 15 -10 3 -2 62 0 0.01 M M 11.1 16 210 M M 8 1 18 160
18 20 -3 9 5 56 0 0.04 M M 15.2 22 200 M M 8 1 22 200
19 12 -8 2 -2 63 0 0.02 M M 8.6 10 210 M M 9 1 M M
20 27 -9 9 6 56 0 0.05 M M 13.4 18 200 M M 8 1 17 220
21 12 -4 4 1 61 0 0.00 M M 6.7 9 60 M M 1 1 M M
22 20 -1 10 8 55 0 0.02 M M 10.1 15 290 M M 9 128 M M
23 22 12 17 15 48 0 T M M 10.4 14 310 M M 10 1 25 290
24 12 5 9 8 56 0 T M M 13.7 18 90 M M 8 1 24 110
25 13 7 10 9 55 0 0.01 M M 9.4 12 110 M M 10 1 M M
26 18 7 13 13 52 0 0.06 M M 12.4 17 60 M M 10 1 20 80
27 16 9 13 13 52 0 0.05 M M 10.3 16 110 M M 10 1 M M
28 28 3 16 16 49 0 0.02 M M 10.8 18 230 M M 7 1 22 220
29 23 0 12 13 53 0 0.02 M M 8.5 13 10 M M 5 20 10
30 22 10 16 17 49 0 0.02 M M 10.0 18 10 M M 10 16 27 20
================================================================================
SM 602 245 1520 0 0.93 M 490.6 M 258
================================================================================
AV 20.1 8.2 16.4 FASTST M M 9 MAX(MPH)
MISC ----> 39 60 52 50
================================================================================
NOTES:
# LAST OF SEVERAL OCCURRENCES
COLUMN 17 PEAK WIND IN M.P.H.
PRELIMINARY LOCAL CLIMATOLOGICAL DATA (WS FORM: F-6) , PAGE 2
STATION: UTQIAGVIK (BARROW) AK
MONTH: NOVEMBER
YEAR: 2023
LATITUDE: 71 17 N
LONGITUDE: 156 47 W
[TEMPERATURE DATA] [PRECIPITATION DATA] SYMBOLS USED IN COLUMN 16
AVERAGE MONTHLY: 14.1 TOTAL FOR MONTH: 0.93 1 = FOG OR MIST
DPTR FM NORMAL: 8.4 DPTR FM NORMAL: 0.56 2 = FOG REDUCING VISIBILITY
HIGHEST: 28 ON 28, 1 GRTST 24HR 0.17 ON 1- 1 TO 1/4 MILE OR LESS
LOWEST: -10 ON 17 3 = THUNDER
SNOW, ICE PELLETS, HAIL 4 = ICE PELLETS
TOTAL MONTH: M 5 = HAIL
GRTST 24HR M ON M 6 = FREEZING RAIN OR DRIZZLE
GRTST DEPTH: M ON M 7 = DUSTSTORM OR SANDSTORM:
VSBY 1/2 MILE OR LESS
8 = SMOKE OR HAZE
[NO. OF DAYS WITH] [WEATHER - DAYS WITH] 9 = BLOWING SNOW
X = TORNADO
MAX 32 OR BELOW: 30 0.01 INCH OR MORE: 24
MAX 90 OR ABOVE: 0 0.10 INCH OR MORE: 1
MIN 32 OR BELOW: 30 0.50 INCH OR MORE: 0
MIN 0 OR BELOW: 7 1.00 INCH OR MORE: 0
[HDD (BASE 65) ]
TOTAL THIS MO. 1520 CLEAR (SCALE 0-3) 1
DPTR FM NORMAL -259 PTCLDY (SCALE 4-7) 9
TOTAL FM JUL 1 4687 CLOUDY (SCALE 8-10) 20
DPTR FM NORMAL -895
[CDD (BASE 65) ]
TOTAL THIS MO. 0
DPTR FM NORMAL 0 [PRESSURE DATA]
TOTAL FM JAN 1 1 HIGHEST SLP M ON M
DPTR FM NORMAL 1 LOWEST SLP M ON M
[REMARKS]
#FINAL-11-23#