000
CXUS51 KBUF 011626
CLMBUF
CLIMATE REPORT
NATIONAL WEATHER SERVICE BUFFALO NY
1226 PM EDT THU JUN 01 2023
...................................
...THE BUFFALO NY CLIMATE SUMMARY FOR THE MONTH OF MAY 2023...
CLIMATE NORMAL PERIOD: 1991 TO 2020
CLIMATE RECORD PERIOD: 1871 TO 2023
WEATHER OBSERVED NORMAL DEPART LAST YEAR`S
VALUE DATE(S) VALUE FROM VALUE DATE(S)
NORMAL
................................................................
TEMPERATURE (F)
RECORD
HIGH 94 05/22/1911
LOW 25 05/04/1926
HIGHEST 87 05/31 86 05/12
LOWEST 34 05/18 38 05/08
AVG. MAXIMUM 67.4 67.4 -0.0 70.7
AVG. MINIMUM 45.8 48.3 -2.5 51.9
MEAN 56.6 57.9 -1.3 61.3
DAYS MAX >= 90 0 0.2 -0.2 0
DAYS MAX <= 32 0 0.0 0.0 0
DAYS MIN <= 32 0 0.2 -0.2 0
DAYS MIN <= 0 0 0.0 0.0 0
PRECIPITATION (INCHES)
RECORD
MAXIMUM 8.09 2011
MINIMUM 0.53 1877
TOTALS 1.15 3.37 -2.22 3.02
DAYS >= .01 7 13
DAYS >= .10 4 9
DAYS >= .50 0 2
DAYS >= 1.00 0 0
GREATEST
24 HR. TOTAL 0.43 05/19 TO 05/20 1.11 05/26 TO 05/27
SNOWFALL (INCHES)
RECORDS
TOTAL 7.9 1989
TOTALS 0.0 0.0 0.0 0.0
SINCE 7/1 133.6 95.4 38.2
SNOWDEPTH AVG. 0 0
DAYS >= 1.0 0 0.0 0.0 0
DAYS >= 0.1 0 0
GREATEST
SNOW DEPTH 0 0 MM
24 HR TOTAL MM
DEGREE DAYS
HEATING TOTAL 278 254 24 171
SINCE 7/1 5719 6412 -693 MM
COOLING TOTAL 25 32 -7 67
SINCE 1/1 31 34 -3 MM
................................................................
WIND (MPH)
AVERAGE WIND SPEED 8.0
HIGHEST WIND SPEED/DIRECTION 30/240
HIGHEST GUST SPEED/DIRECTION 43/210 DATE 05/01
SKY COVER
POSSIBLE SUNSHINE (PERCENT) MM
NUMBER OF DAYS FAIR 10
NUMBER OF DAYS PC 12
NUMBER OF DAYS CLOUDY 9
AVERAGE RH (PERCENT) 59
WEATHER CONDITIONS. NUMBER OF DAYS WITH
THUNDERSTORM 0 MIXED PRECIP 0
HEAVY RAIN 0 RAIN 2
LIGHT RAIN 9 FREEZING RAIN 0
LT FREEZING RAIN 0 HAIL 0
HEAVY SNOW 0 SNOW 0
LIGHT SNOW 0 SLEET 0
FOG 6 FOG W/VIS <= 1/4 MILE 0
HAZE 0
- INDICATES NEGATIVE NUMBERS.
R INDICATES RECORD WAS SET OR TIED.
MM INDICATES DATA IS MISSING.
T INDICATES TRACE AMOUNT.
$$