000
CXUS56 KLOX 011630
CLMBUR
CLIMATE REPORT
NATIONAL WEATHER SERVICE LOS ANGELES/OXNARD
930 AM PDT SUN OCT 01 2023
...................................
...THE HOLLYWOOD/BURBANK AIRPORT CA CLIMATE SUMMARY FOR THE MONTH OF SEPTEMBER 2023...
CLIMATE NORMAL PERIOD: 1991 TO 2020
CLIMATE RECORD PERIOD: 1939 TO 2023
WEATHER OBSERVED NORMAL DEPART LAST YEAR`S
VALUE DATE(S) VALUE FROM VALUE
NORMAL
..............................................................
TEMPERATURE (F)
HIGHEST 99 09/10
LOWEST 55 09/25
AVG. MAXIMUM 79.9 86.6 -6.7
AVG. MINIMUM 63.0 62.9 0.1
MEAN 71.5 74.7 -3.2
DAYS MAX >= 90 4
DAYS MAX <= 32 0
DAYS MIN <= 32 0
DAYS MIN <= 0 0
PRECIPITATION (INCHES)
TOTALS 0.05 0.11 -0.06
DAILY AVG. 0.00
DAYS >= .01 3
DAYS >= .10 0
DAYS >= .50 0
DAYS >= 1.00 0
GREATEST
24 HR. TOTAL 0.04 09/02 TO 09/03
DEGREE DAYS
HEATING TOTAL 1 2 -1 0
SINCE 7/1 1 0 1 MM
COOLING TOTAL 204 295 -91 522
SINCE 1/1 1123 1309 -186 MM
..............................................................
WIND (MPH)
AVERAGE WIND SPEED 5.3
HIGHEST WIND SPEED/DIRECTION 20/180 DATE 09/01
HIGHEST GUST SPEED/DIRECTION 26/140 DATE 09/01
26/120 09/02
26/270 09/10
SKY COVER
POSSIBLE SUNSHINE (PERCENT) MM
AVERAGE SKY COVER 0.37
NUMBER OF DAYS FAIR 16
NUMBER OF DAYS PC 8
NUMBER OF DAYS CLOUDY 6
AVERAGE RH (PERCENT) 67
WEATHER CONDITIONS. NUMBER OF DAYS WITH
THUNDERSTORM 0 MIXED PRECIP 0
HEAVY RAIN 0 RAIN 0
LIGHT RAIN 7 FREEZING RAIN 0
LT FREEZING RAIN 0 HAIL 0
HEAVY SNOW 0 SNOW 0
LIGHT SNOW 0 SLEET 0
FOG 12 FOG W/VIS <= 1/4 MILE 0
HAZE 12
- INDICATES NEGATIVE NUMBERS.
R INDICATES RECORD WAS SET OR TIED.
MM INDICATES DATA IS MISSING.
T INDICATES TRACE AMOUNT.
$$