000
CXUS54 KTSA 010850
CF6BVO
PRELIMINARY LOCAL CLIMATOLOGICAL DATA (WS FORM: F-6)
STATION: BARTLESVILLE OKLAHOMA
MONTH: MARCH
YEAR: 2024
LATITUDE: 36 45 N
LONGITUDE: 96 0 W
TEMPERATURE IN F: :PCPN: SNOW: WIND :SUNSHINE: SKY :PK WND
================================================================================
1 2 3 4 5 6A 6B 7 8 9 10 11 12 13 14 15 16 17 18
12Z AVG MX 2MIN
DY MAX MIN AVG DEP HDD CDD WTR SNW DPTH SPD SPD DIR MIN PSBL S-S WX SPD DR
================================================================================
1 58 31 45 1 20 0 0.00 0.0 M 6.3 17 160 M M 4 24 150
2 81 30 56 12 9 0 0.00 0.0 M 10.5 24 170 M M 0 12 34 180
3 83 58 71 27 0 6 0.00 0.0 M 13.2 24 190 M M 0 37 190
4 82 51 67 22 0 2 0.00 0.0 M 11.8 26 190 M M 2 40 180
5 62 41 52 7 13 0 0.00 0.0 M 8.8 20 30 M M 2 27 30
6 63 41 52 7 13 0 0.00 0.0 M 4.0 10 20 M M 5 1 13 110
7 66 48 57 11 8 0 1.04 0.0 M 2.8 9 140 M M 7 13 M M
8 57 38 48 2 17 0 0.19 0.0 M 8.0 21 10 M M 10 1 28 360
9 57 32 45 -1 20 0 0.00 0.0 M 6.9 20 20 M M 3 30 40
10 67 27 47 0 18 0 0.00 0.0 M 3.6 14 160 M M 0 22 170
11 72 31 52 5 13 0 0.00 0.0 M 8.1 21 200 M M 0 29 200
12 78 46 62 15 3 0 0.00 0.0 M 11.1 25 210 M M 0 38 180
13 78 45 62 14 3 0 0.00 0.0 M 11.6 28 160 M M 2 12 37 170
14 83 52 68 20 0 3 0.00 0.0 M 8.6 20 210 M M 2 31 180
15 66 40 53 5 12 0 0.00 0.0 M 10.0 25 20 M M 4 32 20
16 70 34 52 3 13 0 0.00 0.0 M 3.0 14 360 M M 2 8 21 10
17 63 33 48 -1 17 0 0.00 0.0 M 10.1 21 10 M M 3 31 10
18 51 26 39 -10 26 0 0.00 0.0 M 5.6 20 10 M M 1 28 360
19 76 26 51 1 14 0 0.00 0.0 M 8.6 22 210 M M 0 8 37 230
20 70 37 54 4 11 0 0.08 0.0 M 3.9 15 60 M M 2 13 19 50
21 70 42 56 6 9 0 T 0.0 M 4.5 13 200 M M 6 20 200
22 68 41 55 4 10 0 0.00 0.0 M 8.2 24 20 M M 7 1 34 20
23 58 38 48 -3 17 0 0.00 0.0 M 8.7 17 50 M M 5 8 24 360
24 59 47 53 2 12 0 0.05 0.0 M 12.9 26 160 M M 5 8 35 130
25 65 34 50 -2 15 0 0.00 0.0 M 14.0 22 260 M M 5 37 280
26 52 31 42 -10 23 0 0.00 0.0 M 5.8 17 280 M M 6 30 280
27 58 25 42 -10 23 0 0.00 0.0 M 2.2 10 50 M M 1 18 15 50
28 69 26 48 -5 17 0 0.00 0.0 M 5.6 17 160 M M 1 18 23 170
29 76 49 63 10 2 0 0.00 0.0 M 13.4 29 200 M M 0 45 220
30 71 43 57 4 8 0 0.00 0.0 M 1.7 10 10 M M 6 18 13 10
31 83 55 69 15 0 4 0.00 0.0 M 11.5 22 170 M M 4 1 30 160
================================================================================
SM 2112 1198 366 15 1.36 0.0 245.0 M 95
================================================================================
AV 68.1 38.6 7.9 FASTST M M 3 MAX(MPH)
MISC ----> 29 200 45 220
================================================================================
NOTES:
# LAST OF SEVERAL OCCURRENCES
COLUMN 17 PEAK WIND IN M.P.H.
PRELIMINARY LOCAL CLIMATOLOGICAL DATA (WS FORM: F-6) , PAGE 2
STATION: BARTLESVILLE OKLAHOMA
MONTH: MARCH
YEAR: 2024
LATITUDE: 36 45 N
LONGITUDE: 96 0 W
[TEMPERATURE DATA] [PRECIPITATION DATA] SYMBOLS USED IN COLUMN 16
AVERAGE MONTHLY: 53.4 TOTAL FOR MONTH: 1.36 1 = FOG OR MIST
DPTR FM NORMAL: 4.7 DPTR FM NORMAL: -1.64 2 = FOG REDUCING VISIBILITY
HIGHEST: 83 ON 31,14 GRTST 24HR 1.04 ON 7- 7 TO 1/4 MILE OR LESS
LOWEST: 25 ON 27 3 = THUNDER
SNOW, ICE PELLETS, HAIL 4 = ICE PELLETS
TOTAL MONTH: 0.0 INCH 5 = HAIL
GRTST 24HR 0.0 6 = FREEZING RAIN OR DRIZZLE
GRTST DEPTH: M ON M 7 = DUSTSTORM OR SANDSTORM:
VSBY 1/2 MILE OR LESS
8 = SMOKE OR HAZE
[NO. OF DAYS WITH] [WEATHER - DAYS WITH] 9 = BLOWING SNOW
X = TORNADO
MAX 32 OR BELOW: 0 0.01 INCH OR MORE: 4
MAX 90 OR ABOVE: 0 0.10 INCH OR MORE: 2
MIN 32 OR BELOW: 10 0.50 INCH OR MORE: 1
MIN 0 OR BELOW: 0 1.00 INCH OR MORE: 1
[HDD (BASE 65) ]
TOTAL THIS MO. 366 CLEAR (SCALE 0-3) 17
DPTR FM NORMAL -146 PTCLDY (SCALE 4-7) 13
TOTAL FM JUL 1 3241 CLOUDY (SCALE 8-10) 1
DPTR FM NORMAL -582
[CDD (BASE 65) ]
TOTAL THIS MO. 15
DPTR FM NORMAL 8 [PRESSURE DATA]
TOTAL FM JAN 1 15 HIGHEST SLP 30.46 ON 18
DPTR FM NORMAL 7 LOWEST SLP 29.36 ON 25
[REMARKS]
#FINAL-03-24#