000
CXUS53 KLMK 101359
CF6BWG
PRELIMINARY LOCAL CLIMATOLOGICAL DATA (WS FORM: F-6)
STATION: BOWLING GREEN KY
MONTH: APRIL
YEAR: 2020
LATITUDE: 36 58 N
LONGITUDE: 86 26 W
TEMPERATURE IN F: :PCPN: SNOW: WIND :SUNSHINE: SKY :PK WND
================================================================================
1 2 3 4 5 6A 6B 7 8 9 10 11 12 13 14 15 16 17 18
12Z AVG MX 2MIN
DY MAX MIN AVG DEP HDD CDD WTR SNW DPTH SPD SPD DIR MIN PSBL S-S WX SPD DR
================================================================================
1 57 39 48 -5 17 0 0.00 0.0 0 3.2 12 40 M M 5 16 30
2 65 36 51 -3 14 0 0.00 0.0 0 2.0 10 100 M M 0 1 14 90
3 71 41 56 2 9 0 0.00 0.0 0 1.0 8 100 M M 4 8 13 90
4 75 50 63 9 2 0 0.00 0.0 0 2.9 10 290 M M 3 8 19 300
5 76 50 63 9 2 0 0.00 0.0 0 3.6 10 200 M M 2 16 240
6 79 50 65 10 0 0 0.00 0.0 0 1.6 10 240 M M 0 1 17 220
7 83 57 70 15 0 5 0.00 0.0 0 9.2 21 220 M M 2 31 250
8 82 62 72 17 0 7 0.02 0.0 0 9.8 36 220 M M 7 3 51 240
9 63 46 55 -1 10 0 0.00 0.0 0 9.4 20 280 M M 2 33 300
10 57 36 47 -9 18 0 0.00 0.0 0 5.8 15 270 M M 0 26 320
11 67 33 50 -6 15 0 0.00 0.0 0 4.7 16 190 M M 2 20 160
12 62 54 58 1 7 0 1.06 0.0 0 8.4 23 200 M M 8 1 30 160
13 60 42 51 -6 14 0 0.45 0.0 0 7.4 24 290 M M 8 13 37 300
14 49 32 41 -16 24 0 T T 0 3.8 14 40 M M 6 8 22 30
15 60 29 45 -13 20 0 0.00 0.0 0 5.8 21 260 M M 2 1 38 230
16 61 35 48 -10 17 0 0.00 0.0 0 4.0 10 50 M M 1 14 60
17 75 42 59 1 6 0 0.18 0.0 0 10.5 26 220 M M 5 1 38 230
18 57 40 49 -9 16 0 T 0.0 0 4.8 14 60 M M 3 1 23 40
19 64 40 52 -7 13 0 0.11 0.0 0 2.0 7 140 M M 6 1 13 300
20 71 45 58 -1 7 0 0.00 0.0 0 4.5 16 290 M M 1 1 24 280
21 70 45 58 -1 7 0 0.00 0.0 0 8.5 28 280 M M 1 42 270
22 71 38 55 -5 10 0 0.02 0.0 0 5.9 16 180 M M 3 24 190
23 67 53 60 0 5 0 0.36 0.0 0 8.2 15 200 M M 4 1 22 190
24 72 57 65 5 0 0 0.00 0.0 0 3.8 9 300 M M 6 1 16 290
25 65 49 57 -3 8 0 1.37 0.0 0 7.3 22 270 M M 7 1 30 270
26 56 42 49 -12 16 0 0.31 0.0 0 9.2 20 260 M M 7 1 31 260
27 69 37 53 -8 12 0 0.00 0.0 0 4.5 14 190 M M 0 1 18 170
28 79 54 67 6 0 2 T 0.0 0 9.4 21 200 M M 5 27 200
29 71 50 61 -1 4 0 0.31 0.0 0 10.8 30 160 M M 8 18 40 160
30 65 50 58 -4 7 0 0.00 0.0 0 7.3 21 280 M M 10 31 280
================================================================================
SM 2019 1334 280 14 4.19 T 179.3 M 118
================================================================================
AV 67.3 44.5 6.0 FASTST M M 4 MAX(MPH)
MISC ----> # 36 220 # 51 240
================================================================================
NOTES:
# LAST OF SEVERAL OCCURRENCES
COLUMN 17 PEAK WIND IN M.P.H.
PRELIMINARY LOCAL CLIMATOLOGICAL DATA (WS FORM: F-6) , PAGE 2
STATION: BOWLING GREEN KY
MONTH: APRIL
YEAR: 2020
LATITUDE: 36 58 N
LONGITUDE: 86 26 W
[TEMPERATURE DATA] [PRECIPITATION DATA] SYMBOLS USED IN COLUMN 16
AVERAGE MONTHLY: 55.9 TOTAL FOR MONTH: 4.19 1 = FOG OR MIST
DPTR FM NORMAL: -1.8 DPTR FM NORMAL: -0.15 2 = FOG REDUCING VISIBILITY
HIGHEST: 83 ON 7 GRTST 24HR 1.37 ON 25-25 TO 1/4 MILE OR LESS
LOWEST: 29 ON 15 3 = THUNDER
SNOW, ICE PELLETS, HAIL 4 = ICE PELLETS
TOTAL MONTH: T 5 = HAIL
GRTST 24HR T ON 14-14 6 = FREEZING RAIN OR DRIZZLE
GRTST DEPTH: 0 7 = DUSTSTORM OR SANDSTORM:
VSBY 1/2 MILE OR LESS
8 = SMOKE OR HAZE
[NO. OF DAYS WITH] [WEATHER - DAYS WITH] 9 = BLOWING SNOW
X = TORNADO
MAX 32 OR BELOW: 0 0.01 INCH OR MORE: 10
MAX 90 OR ABOVE: 0 0.10 INCH OR MORE: 8
MIN 32 OR BELOW: 2 0.50 INCH OR MORE: 2
MIN 0 OR BELOW: 0 1.00 INCH OR MORE: 2
[HDD (BASE 65) ]
TOTAL THIS MO. 280 CLEAR (SCALE 0-3) 13
DPTR FM NORMAL 29 PTCLDY (SCALE 4-7) 15
TOTAL FM JUL 1 3414 CLOUDY (SCALE 8-10) 2
DPTR FM NORMAL -555
[CDD (BASE 65) ]
TOTAL THIS MO. 14
DPTR FM NORMAL -17 [PRESSURE DATA]
TOTAL FM JAN 1 33 HIGHEST SLP 30.27 ON 27
DPTR FM NORMAL -3 LOWEST SLP 29.53 ON 29
[REMARKS]
#FINAL-04-20#