000
CXUS55 KRIW 040140
CF6BYG
PRELIMINARY LOCAL CLIMATOLOGICAL DATA (WS FORM: F-6)
STATION: BUFFALO WY
MONTH: AUGUST
YEAR: 2020
LATITUDE: 44 22 N
LONGITUDE: 106 43 W
TEMPERATURE IN F: :PCPN: SNOW: WIND :SUNSHINE: SKY :PK WND
================================================================================
1 2 3 4 5 6A 6B 7 8 9 10 11 12 13 14 15 16 17 18
12Z AVG MX 2MIN
DY MAX MIN AVG DEP HDD CDD WTR SNW DPTH SPD SPD DIR MIN PSBL S-S WX SPD DR
================================================================================
1 88 61 75 3 0 10 0.00 M M 5.7 16 190 M M 2 23 50
2 88 60 74 2 0 9 T M M 9.2 20 150 M M 1 3 25 170
3 90 58 74 2 0 9 0.19 M M 8.3 25 220 M M 1 3 37 170
4 84 57 71 -1 0 6 0.00 M M 9.8 21 350 M M 3 30 350
5 83 60 72 0 0 7 0.00 M M 5.3 13 150 M M 2 15 140
6 94 58 76 4 0 11 T M M 9.7 49 280 M M 0 38 66 280
7 91 65 78 6 0 13 T M M 11.5 23 340 M M 0 3 30 330
8 94 57 76 4 0 11 0.00 M M 10.1 41 230 M M 0 57 230
9 81 56 69 -2 0 4 0.00 M M 9.5 30 320 M M 0 45 320
10 87 50 69 -2 0 4 T M M 6.1 23 240 M M 1 8 34 250
11 94 61 78 7 0 13 T M M 7.2 20 230 M M 0 8 25 340
12 95 66 81 10 0 16 T M M 11.4 28 240 M M 0 38 250
13 91 59 75 4 0 10 0.00 M M 10.6 31 320 M M 0 8 45 320
14 82 52 67 -4 0 2 0.00 M M 8.2 31 320 M M 1 8 46 290
15 89 55 72 2 0 7 0.00 M M 6.7 14 330 M M 0 21 30
16 93 62 78 8 0 13 0.00 M M 6.1 13 170 M M 0 22 170
17 98 62 80 10 0 15 0.00 M M 6.5 17 170 M M 0 8 24 170
18 96 71 84 14 0 19 T M M 10.0 25 350 M M 1 8 34 340
19 90 67 79 9 0 14 T M M 7.9 33 260 M M 2 38 45 260
20 91 64 78 9 0 13 0.00 M M 7.4 36 330 M M 0 8 47 330
21 87 60 74 5 0 9 0.00 M M 6.7 21 330 M M 0 8 30 330
22 96 60 78 9 0 13 0.00 M M 5.4 13 330 M M 0 8 15 70
23 84 61 73 5 0 8 0.00 M M 8.1 15 330 M M 0 8 21 350
24 96 62 79 11 0 14 0.00 M M 8.4 16 260 M M 0 8 24 270
25 92 65 79 11 0 14 0.01 M M 9.8 29 240 M M 0 38 37 230
26 87 55 71 4 0 6 T M M 6.2 23 350 M M 0 8 32 350
27 87 60 74 7 0 9 0.00 M M 11.8 37 320 M M 1 38 56 310
28 79 57 68 1 0 3 0.00 M M 10.0 25 330 M M 2 3 37 340
29 92 53 73 7 0 8 0.00 M M 7.6 18 160 M M 0 24 170
30 72 40 56 -10 9 0 0.06 M M 15.3 35 320 M M 3 48 310
31 63 41 52 -14 13 0 0.00 M M 7.8 20 150 M M 6 27 150
================================================================================
SM 2734 1815 22 290 0.26 M 264.3 M 26
================================================================================
AV 88.2 58.6 8.5 FASTST M M 1 MAX(MPH)
MISC ----> # 49 280 # 66 280
================================================================================
NOTES:
# LAST OF SEVERAL OCCURRENCES
COLUMN 17 PEAK WIND IN M.P.H.
PRELIMINARY LOCAL CLIMATOLOGICAL DATA (WS FORM: F-6) , PAGE 2
STATION: BUFFALO WY
MONTH: AUGUST
YEAR: 2020
LATITUDE: 44 22 N
LONGITUDE: 106 43 W
[TEMPERATURE DATA] [PRECIPITATION DATA] SYMBOLS USED IN COLUMN 16
AVERAGE MONTHLY: 73.4 TOTAL FOR MONTH: 0.26 1 = FOG OR MIST
DPTR FM NORMAL: 3.7 DPTR FM NORMAL: -0.55 2 = FOG REDUCING VISIBILITY
HIGHEST: 98 ON 17 GRTST 24HR 0.19 ON 3- 3 TO 1/4 MILE OR LESS
LOWEST: 40 ON 30 3 = THUNDER
SNOW, ICE PELLETS, HAIL 4 = ICE PELLETS
TOTAL MONTH: M 5 = HAIL
GRTST 24HR M ON M 6 = FREEZING RAIN OR DRIZZLE
GRTST DEPTH: M ON M 7 = DUSTSTORM OR SANDSTORM:
VSBY 1/2 MILE OR LESS
8 = SMOKE OR HAZE
[NO. OF DAYS WITH] [WEATHER - DAYS WITH] 9 = BLOWING SNOW
X = TORNADO
MAX 32 OR BELOW: 0 0.01 INCH OR MORE: 3
MAX 90 OR ABOVE: 16 0.10 INCH OR MORE: 1
MIN 32 OR BELOW: 0 0.50 INCH OR MORE: 0
MIN 0 OR BELOW: 0 1.00 INCH OR MORE: 0
[HDD (BASE 65) ]
TOTAL THIS MO. 22 CLEAR (SCALE 0-3) 30
DPTR FM NORMAL -18 PTCLDY (SCALE 4-7) 1
TOTAL FM JUL 1 23 CLOUDY (SCALE 8-10) 0
DPTR FM NORMAL -42
[CDD (BASE 65) ]
TOTAL THIS MO. 290
DPTR FM NORMAL 105 [PRESSURE DATA]
TOTAL FM JAN 1 633 HIGHEST SLP 30.16 ON 16
DPTR FM NORMAL 187 LOWEST SLP 29.52 ON 30
[REMARKS]
#FINAL-08-20#