111
CXUS55 KPIH 020600
CF6BYI
PRELIMINARY LOCAL CLIMATOLOGICAL DATA (WS FORM: F-6)
STATION: BURLEY ID
MONTH: SEPTEMBER
YEAR: 2020
LATITUDE: 42 32 N
LONGITUDE: 113 46 W
TEMPERATURE IN F: :PCPN: SNOW: WIND :SUNSHINE: SKY :PK WND
================================================================================
1 2 3 4 5 6A 6B 7 8 9 10 11 12 13 14 15 16 17 18
12Z AVG MX 2MIN
DY MAX MIN AVG DEP HDD CDD WTR SNW DPTH SPD SPD DIR MIN PSBL S-S WX SPD DR
================================================================================
1 75 40 58 -6 7 0 0.00 M M 5.6 16 260 M M 0 22 250
2 86 M M M M M 0.00 M M 8.8 17 260 M M 0 25 270
3 87 50 69 6 0 4 0.00 M M 6.3 15 270 M M 0 20 250
4 96 50 73 10 0 8 0.00 M M 3.5 8 60 M M 0 12 70
5 98 50 74 12 0 9 0.00 M M 2.9 10 220 M M 0 13 270
6 90 57 74 12 0 9 0.00 M M 10.4 20 260 M M 0 8 26 250
7 83 M M M M M M M M M M M M M M 8 M M
8 66 39 53 -8 12 0 M M M M M M M M M M M
9 72 33 53 -8 12 0 0.00 M M 6.7 22 80 M M 0 29 80
10 77 37 57 -4 8 0 0.00 M M 4.6 15 210 M M 0 8 18 210
11 80 47 64 4 1 0 0.00 M M 7.8 16 210 M M 0 8 20 290
12 81 43 62 2 3 0 0.00 M M 2.4 13 230 M M 4 8 15 230
13 90 40 65 5 0 0 0.00 M M 3.1 9 160 M M 6 18 12 160
14 89 47 68 9 0 3 0.00 M M 4.5 14 60 M M 0 8 17 50
15 87 43 65 6 0 0 0.00 M M 2.5 7 140 M M 1 8 8 280
16 88 44 66 8 0 1 0.00 M M 2.7 8 210 M M 0 8 12 80
17 92 45 69 11 0 4 0.00 M M 4.6 12 50 M M 1 14 50
18 79 53 66 8 0 1 T M M 4.3 29 200 M M 2 8 38 210
19 71 50 61 4 4 0 0.18 M M 10.2 22 140 M M 3 18 29 140
20 75 43 59 2 6 0 0.00 M M 4.1 10 210 M M 0 8 13 220
21 84 42 63 7 2 0 0.00 M M 5.3 13 60 M M 0 17 60
22 81 46 64 8 1 0 0.00 M M 3.7 13 320 M M 0 8 18 300
23 83 46 65 9 0 0 0.00 M M 2.3 8 320 M M 0 8 11 320
24 78 47 63 8 2 0 0.00 M M 8.0 17 270 M M 0 8 25 320
25 76 46 61 6 4 0 0.00 M M 5.8 13 290 M M 1 18 310
26 64 47 56 1 9 0 0.00 M M 13.4 25 250 M M 7 32 290
27 65 41 53 -1 12 0 0.00 M M 8.9 20 270 M M 0 27 290
28 71 35 53 -1 12 0 0.00 M M 2.4 8 50 M M 0 12 70
29 80 35 58 4 7 0 0.00 M M 2.2 7 60 M M 0 9 50
30 78 39 59 6 6 0 0.00 M M 2.8 8 220 M M 0 11 290
================================================================================
SM 2422 1235 108 39 0.18 M 149.8 M 25
================================================================================
AV 80.7 44.1 5.3 FASTST M M 1 MAX(MPH)
MISC ----> # 29 200 # 38 210
================================================================================
NOTES:
# LAST OF SEVERAL OCCURRENCES
PRECIPITATION SUSPECT DURING FREEZING/FROZEN EVENTS
COLUMN 17 PEAK WIND IN M.P.H.
2ND: LOSS OF DATA DUE TO MAINTENANCE.
7TH: HIGH WIND EVENT. LOSS OF POWER STARTING AT 1819 MST.
8TH: ASOS POWER RETURNED TO SERVICE AT 1125 MST.
PRELIMINARY LOCAL CLIMATOLOGICAL DATA (WS FORM: F-6) , PAGE 2
STATION: BURLEY ID
MONTH: SEPTEMBER
YEAR: 2020
LATITUDE: 42 32 N
LONGITUDE: 113 46 W
[TEMPERATURE DATA] [PRECIPITATION DATA] SYMBOLS USED IN COLUMN 16
AVERAGE MONTHLY: 62.4 TOTAL FOR MONTH: 0.18 1 = FOG OR MIST
DPTR FM NORMAL: 3.8 DPTR FM NORMAL: -0.37 2 = FOG REDUCING VISIBILITY
HIGHEST: 98 ON 5 GRTST 24HR 0.18 ON 19-19 TO 1/4 MILE OR LESS
LOWEST: 33 ON 9 3 = THUNDER
SNOW, ICE PELLETS, HAIL 4 = ICE PELLETS
TOTAL MONTH: M 5 = HAIL
GRTST 24HR M ON M 6 = FREEZING RAIN OR DRIZZLE
GRTST DEPTH: M ON M 7 = DUSTSTORM OR SANDSTORM:
VSBY 1/2 MILE OR LESS
8 = SMOKE OR HAZE
[NO. OF DAYS WITH] [WEATHER - DAYS WITH] 9 = BLOWING SNOW
X = TORNADO
MAX 32 OR BELOW: 0 0.01 INCH OR MORE: 1
MAX 90 OR ABOVE: 5 0.10 INCH OR MORE: 1
MIN 32 OR BELOW: 0 0.50 INCH OR MORE: 0
MIN 0 OR BELOW: 0 1.00 INCH OR MORE: 0
[HDD (BASE 65) ]
TOTAL THIS MO. 108 CLEAR (SCALE 0-3) 25
DPTR FM NORMAL -105 PTCLDY (SCALE 4-7) 3
TOTAL FM JUL 1 121 CLOUDY (SCALE 8-10) 0
DPTR FM NORMAL -149
[CDD (BASE 65) ]
TOTAL THIS MO. 39
DPTR FM NORMAL 18 [PRESSURE DATA]
TOTAL FM JAN 1 579 HIGHEST SLP 30.48 ON 28
DPTR FM NORMAL 214 LOWEST SLP 29.83 ON 24
[REMARKS]
5TH: HIGH OF 98 BREAKS OLD RECORD OF 96 SET IN 1955. THIS
ALSO BREAKS THE PREVIOUS MONTHLY RECORD OF 97 SET IN 1998.
#FINAL-09-20#