000
CXUS54 KHGX 011410
CF6BYY
PRELIMINARY LOCAL CLIMATOLOGICAL DATA (WS FORM: F-6)
STATION: Bay City
MONTH: MAY
YEAR: 2023
LATITUDE: 28 58 N
LONGITUDE: 95 52 W
TEMPERATURE IN F: :PCPN: SNOW: WIND :SUNSHINE: SKY :PK WND
================================================================================
1 2 3 4 5 6A 6B 7 8 9 10 11 12 13 14 15 16 17 18
12Z AVG MX 2MIN
DY MAX MIN AVG DEP HDD CDD WTR SNW DPTH SPD SPD DIR MIN PSBL S-S WX SPD DR
================================================================================
1 82 57 70 M 0 5 M 0.0 0 4.9 10 180 M M 2 1 M M
2 79 61 70 M 0 5 M 0.0 0 6.1 12 130 M M 4 1 18 140
3 83 61 72 M 0 7 M 0.0 0 4.6 13 130 M M 4 12 18 140
4 81 66 74 M 0 9 M 0.0 0 6.3 12 130 M M 8 1 16 130
5 88 74 81 M 0 16 0.00 0.0 0 8.1 14 180 M M 5 1 M M
6 86 74 80 M 0 15 0.00 0.0 0 11.4 18 190 M M 7 18 23 170
7 83 76 80 M 0 15 0.02 0.0 0 9.9 22 170 M M 5 1 28 170
8 84 75 80 M 0 15 M 0.0 0 10.5 16 170 M M 7 18 22 170
9 80 69 75 M 0 10 0.21 M M M M M M M M 13 M M
10 78 64 71 M 0 6 1.14 0.0 0 6.4 10 120 M M 7 51 80
11 85 75 80 M 0 15 0.00 0.0 0 9.8 15 160 M M 9 1 22 190
12 84 77 81 M 0 16 M 0.0 0 12.3 16 130 M M 10 1 24 150
13 82 72 77 M 0 12 0.11 0.0 0 8.7 17 140 M M 7 1 24 140
14 84 69 77 M 0 12 0.73 0.0 0 8.3 24 180 M M 6 29 120
15 85 70 78 M 0 13 0.02 0.0 0 3.1 8 70 M M 3 1 M M
16 84 68 76 M 0 11 0.97 0.0 M 4.2 27 280 M M 3 32 280
17 84 65 75 M 0 10 M 0.0 M 2.0 7 360 M M 2 1 M M
18 87 67 77 M 0 12 M 0.0 M 1.9 8 320 M M 3 12 M M
19 87 69 78 M 0 13 M 0.0 M 4.2 10 170 M M 1 1 M M
20 87 71 79 M 0 14 T 0.0 0 4.2 8 350 M M 1 M M
21 80 70 75 M 0 10 0.00 0.0 0 5.1 9 30 M M 4 M M
22 83 69 76 M 0 11 M 0.0 0 3.7 7 170 M M 7 1 M M
23 86 66 76 M 0 11 M 0.0 0 3.3 9 150 M M 3 1 M M
24 88 68 78 M 0 13 M 0.0 0 4.0 15 360 M M 2 1 23 340
25 86 67 77 M 0 12 M 0.0 0 5.1 10 20 M M 1 M M
26 87 67 77 M 0 12 0.00 0.0 0 4.1 9 150 M M 2 1 M M
27 85 66 76 M 0 11 M 0.0 0 3.5 9 180 M M 4 1 M M
28 84 64 74 M 0 9 M 0.0 0 3.8 10 140 M M 0 17 120
29 84 68 76 M 0 11 0.08 0.0 0 3.6 14 130 M M 2 16 140
30 85 67 76 M 0 11 1.66 0.0 0 4.2 15 130 M M 2 25 130
31 85 66 76 M 0 11 0.00 0.0 0 5.3 12 130 M M 2 1 17 100
================================================================================
SM 2606 2118 0 353 4.94 0.0 172.6 M 123
================================================================================
AV 84.1 68.3 5.8 FASTST M M 4 MAX(MPH)
MISC ----> 27 280 51 80
================================================================================
NOTES:
# LAST OF SEVERAL OCCURRENCES
COLUMN 17 PEAK WIND IN M.P.H.
PRELIMINARY LOCAL CLIMATOLOGICAL DATA (WS FORM: F-6) , PAGE 2
STATION: Bay City
MONTH: MAY
YEAR: 2023
LATITUDE: 28 58 N
LONGITUDE: 95 52 W
[TEMPERATURE DATA] [PRECIPITATION DATA] SYMBOLS USED IN COLUMN 16
AVERAGE MONTHLY: 76.2 TOTAL FOR MONTH: 4.94 1 = FOG OR MIST
DPTR FM NORMAL: 0.0 DPTR FM NORMAL: M 2 = FOG REDUCING VISIBILITY
HIGHEST: 88 ON 24, 5 GRTST 24HR 1.66 ON 30-30 TO 1/4 MILE OR LESS
LOWEST: 57 ON 1 3 = THUNDER
SNOW, ICE PELLETS, HAIL 4 = ICE PELLETS
TOTAL MONTH: 0.0 INCH 5 = HAIL
GRTST 24HR 0.0 6 = FREEZING RAIN OR DRIZZLE
GRTST DEPTH: 0 7 = DUSTSTORM OR SANDSTORM:
VSBY 1/2 MILE OR LESS
8 = SMOKE OR HAZE
[NO. OF DAYS WITH] [WEATHER - DAYS WITH] 9 = BLOWING SNOW
X = TORNADO
MAX 32 OR BELOW: 0 0.01 INCH OR MORE: 9
MAX 90 OR ABOVE: 0 0.10 INCH OR MORE: 6
MIN 32 OR BELOW: 0 0.50 INCH OR MORE: 4
MIN 0 OR BELOW: 0 1.00 INCH OR MORE: 2
[HDD (BASE 65) ]
TOTAL THIS MO. 0 CLEAR (SCALE 0-3) 14
DPTR FM NORMAL M PTCLDY (SCALE 4-7) 13
TOTAL FM JUL 1 1013 CLOUDY (SCALE 8-10) 4
DPTR FM NORMAL M
[CDD (BASE 65) ]
TOTAL THIS MO. 353
DPTR FM NORMAL M [PRESSURE DATA]
TOTAL FM JAN 1 780 HIGHEST SLP M ON M
DPTR FM NORMAL M LOWEST SLP M ON M
[REMARKS]
#FINAL-05-23#