000
CXUS54 KHGX 011410
CF6BYY
PRELIMINARY LOCAL CLIMATOLOGICAL DATA (WS FORM: F-6)
STATION: Bay City
MONTH: SEPTEMBER
YEAR: 2022
LATITUDE: 28 58 N
LONGITUDE: 95 52 W
TEMPERATURE IN F: :PCPN: SNOW: WIND :SUNSHINE: SKY :PK WND
================================================================================
1 2 3 4 5 6A 6B 7 8 9 10 11 12 13 14 15 16 17 18
12Z AVG MX 2MIN
DY MAX MIN AVG DEP HDD CDD WTR SNW DPTH SPD SPD DIR MIN PSBL S-S WX SPD DR
================================================================================
1 92 74 83 M 0 18 0.00 0.0 0 3.6 10 150 M M 1 1 M M
2 91 75 83 M 0 18 0.39 0.0 0 3.5 12 350 M M 2 22 190
3 87 74 81 M 0 16 1.57 0.0 0 3.6 12 80 M M 4 25 360
4 80 74 77 M 0 12 0.01 0.0 0 2.0 6 320 M M 3 1 M M
5 81 73 77 M 0 12 0.00 0.0 0 2.0 7 190 M M 2 M M
6 84 71 78 M 0 13 0.07 0.0 0 3.0 10 150 M M 2 M M
7 90 72 81 M 0 16 0.60 0.0 0 2.8 10 160 M M 2 24 0
8 89 69 79 M 0 14 0.01 0.0 0 4.4 14 180 M M 2 1 M M
9 89 70 80 M 0 15 0.00 0.0 0 2.8 10 130 M M 2 1 M M
10 90 69 80 M 0 15 0.00 0.0 0 1.8 8 150 M M 1 1 M M
11 91 71 81 M 0 16 0.00 0.0 0 3.5 8 40 M M 2 M M
12 89 73 81 M 0 16 0.00 0.0 0 4.2 9 40 M M 0 1 M M
13 89 72 81 M 0 16 0.00 0.0 0 3.4 10 120 M M 2 1 M M
14 88 66 77 M 0 12 0.00 0.0 0 5.4 12 110 M M 2 20 100
15 84 72 78 M 0 13 0.82 0.0 0 5.8 14 60 M M 5 21 80
16 88 73 81 M 0 16 0.04 0.0 0 4.6 15 140 M M 3 1 24 120
17 89 74 82 M 0 17 0.00 0.0 0 5.8 13 140 M M 4 9 120
18 91 71 81 M 0 16 M 0.0 0 3.0 12 160 M M 2 M M
19 90 74 82 M 0 17 0.04 0.0 0 3.1 10 80 M M 2 18 130
20 90 73 82 M 0 17 0.06 0.0 0 2.7 10 190 M M 2 1 M M
21 91 71 81 M 0 16 0.00 0.0 0 3.0 9 150 M M 1 1 M M
22 94 70 82 M 0 17 0.00 0.0 0 2.8 9 10 M M 1 1 M M
23 92 73 83 M 0 18 0.00 0.0 0 3.5 9 140 M M 2 1 M M
24 89 71 80 M 0 15 M 0.0 0 5.2 10 170 M M 2 1 M M
25 91 71 81 M 0 16 M 0.0 0 1.7 8 160 M M 0 1 M M
26 93 72 83 M 0 18 0.00 0.0 0 4.7 10 20 M M 1 16 10
27 87 61 74 M 0 9 0.00 0.0 0 5.8 13 80 M M 0 17 90
28 85 60 73 M 0 8 0.00 0.0 0 6.0 13 80 M M 0 20 90
29 84 58 71 M 0 6 M 0.0 M 4.0 9 30 M M 0 M M
30 83 56 70 M 0 5 M 0.0 M 5.3 10 80 M M 0 M M
================================================================================
SM 2651 2103 0 433 3.61 0.0 113.0 M 52
================================================================================
AV 88.4 70.1 3.8 FASTST M M 2 MAX(MPH)
MISC ----> 15 140 25 360
================================================================================
NOTES:
# LAST OF SEVERAL OCCURRENCES
COLUMN 17 PEAK WIND IN M.P.H.
PRELIMINARY LOCAL CLIMATOLOGICAL DATA (WS FORM: F-6) , PAGE 2
STATION: Bay City
MONTH: SEPTEMBER
YEAR: 2022
LATITUDE: 28 58 N
LONGITUDE: 95 52 W
[TEMPERATURE DATA] [PRECIPITATION DATA] SYMBOLS USED IN COLUMN 16
AVERAGE MONTHLY: 79.2 TOTAL FOR MONTH: 3.61 1 = FOG OR MIST
DPTR FM NORMAL: 0.0 DPTR FM NORMAL: M 2 = FOG REDUCING VISIBILITY
HIGHEST: 94 ON 22 GRTST 24HR 1.57 ON 3- 3 TO 1/4 MILE OR LESS
LOWEST: 56 ON 30 3 = THUNDER
SNOW, ICE PELLETS, HAIL 4 = ICE PELLETS
TOTAL MONTH: 0.0 INCH 5 = HAIL
GRTST 24HR 0.0 6 = FREEZING RAIN OR DRIZZLE
GRTST DEPTH: 0 7 = DUSTSTORM OR SANDSTORM:
VSBY 1/2 MILE OR LESS
8 = SMOKE OR HAZE
[NO. OF DAYS WITH] [WEATHER - DAYS WITH] 9 = BLOWING SNOW
X = TORNADO
MAX 32 OR BELOW: 0 0.01 INCH OR MORE: 10
MAX 90 OR ABOVE: 13 0.10 INCH OR MORE: 4
MIN 32 OR BELOW: 0 0.50 INCH OR MORE: 3
MIN 0 OR BELOW: 0 1.00 INCH OR MORE: 1
[HDD (BASE 65) ]
TOTAL THIS MO. 0 CLEAR (SCALE 0-3) 26
DPTR FM NORMAL M PTCLDY (SCALE 4-7) 4
TOTAL FM JUL 1 0 CLOUDY (SCALE 8-10) 0
DPTR FM NORMAL M
[CDD (BASE 65) ]
TOTAL THIS MO. 433
DPTR FM NORMAL M [PRESSURE DATA]
TOTAL FM JAN 1 2966 HIGHEST SLP M ON M
DPTR FM NORMAL M LOWEST SLP M ON M
[REMARKS]
#FINAL-09-22#