000
CXUS56 KTFX 011110
CF6BZN
PRELIMINARY LOCAL CLIMATOLOGICAL DATA (WS FORM: F-6)
STATION: BOZEMAN/GALLATIN FIELD MT
MONTH: SEPTEMBER
YEAR: 2022
LATITUDE: 45 46 N
LONGITUDE: 111 9 W
TEMPERATURE IN F: :PCPN: SNOW: WIND :SUNSHINE: SKY :PK WND
================================================================================
1 2 3 4 5 6A 6B 7 8 9 10 11 12 13 14 15 16 17 18
12Z AVG MX 2MIN
DY MAX MIN AVG DEP HDD CDD WTR SNW DPTH SPD SPD DIR MIN PSBL S-S WX SPD DR
================================================================================
1 92 50 71 10 0 6 0.00 0.0 0 6.8 18 330 M M 0 23 330
2 91 47 69 8 0 4 0.00 0.0 0 4.5 9 290 M M 0 13 300
3 100 47 74 14 0 9 0.00 0.0 0 4.2 14 260 M M 0 22 270
4 93 52 73 13 0 8 0.00 0.0 0 5.6 13 330 M M 0 8 16 340
5 93 46 70 10 0 5 0.00 0.0 0 5.3 13 140 M M 1 8 16 320
6 93 45 69 9 0 4 0.00 0.0 0 4.6 12 180 M M 0 8 15 190
7 95 55 75 16 0 10 T 0.0 0 6.3 26 310 M M 1 8 37 310
8 77 48 63 4 2 0 0.02 0.0 0 9.1 24 10 M M 5 38 34 20
9 62 37 50 -9 15 0 T 0.0 0 4.2 18 80 M M 4 38 24 70
10 72 32 52 -6 13 0 0.00 0.0 0 3.4 12 140 M M 0 8 14 140
11 84 34 59 1 6 0 0.00 0.0 0 4.3 12 150 M M 0 8 14 150
12 82 44 63 5 2 0 0.00 0.0 0 4.2 13 160 M M 0 8 13 160
13 74 45 60 3 5 0 0.04 0.0 0 4.6 14 260 M M 3 18 18 270
14 71 49 60 3 5 0 0.10 0.0 0 1.8 8 140 M M 6 18 10 180
15 69 42 56 -1 9 0 0.01 0.0 0 3.5 14 250 M M 3 18 17 310
16 59 46 53 -3 12 0 0.37 0.0 0 5.2 13 300 M M 6 1 16 310
17 72 38 55 -1 10 0 0.00 0.0 0 2.7 12 190 M M 1 14 190
18 71 38 55 -1 10 0 0.01 0.0 0 5.1 31 260 M M 1 3 39 260
19 78 44 61 6 4 0 T 0.0 0 4.5 15 360 M M 2 18 20 340
20 57 45 51 -4 14 0 0.00 0.0 0 5.2 15 270 M M 7 19 260
21 63 44 54 0 11 0 0.05 0.0 0 5.0 25 140 M M 6 13 31 150
22 67 42 55 1 10 0 0.63 0.0 0 8.6 28 310 M M 7 123 38 260
23 71 41 56 2 9 0 T 0.0 0 5.6 15 280 M M 1 28 320
24 73 41 57 4 8 0 0.00 0.0 0 4.9 15 300 M M 0 22 290
25 76 39 58 5 7 0 0.00 0.0 0 4.3 12 160 M M 0 13 160
26 80 40 60 8 5 0 0.00 0.0 M 3.6 12 140 M M 0 12 130
27 82 42 62 10 3 0 0.00 0.0 0 4.1 12 160 M M 0 14 160
28 87 42 65 13 0 0 0.00 0.0 0 3.5 15 170 M M 0 18 170
29 80 48 64 13 1 0 T 0.0 0 9.8 24 230 M M 3 32 210
30 58 45 52 1 13 0 0.02 0.0 0 4.0 14 340 M M 9 1 17 350
================================================================================
SM 2322 1308 174 46 1.25 0.0 148.5 M 66
================================================================================
AV 77.4 43.6 4.9 FASTST M M 2 MAX(MPH)
MISC ----> 31 260 39 260
================================================================================
NOTES:
# LAST OF SEVERAL OCCURRENCES
COLUMN 17 PEAK WIND IN M.P.H.
PRELIMINARY LOCAL CLIMATOLOGICAL DATA (WS FORM: F-6) , PAGE 2
STATION: BOZEMAN/GALLATIN FIELD MT
MONTH: SEPTEMBER
YEAR: 2022
LATITUDE: 45 46 N
LONGITUDE: 111 9 W
[TEMPERATURE DATA] [PRECIPITATION DATA] SYMBOLS USED IN COLUMN 16
AVERAGE MONTHLY: 60.5 TOTAL FOR MONTH: 1.25 1 = FOG OR MIST
DPTR FM NORMAL: 4.2 DPTR FM NORMAL: 0.25 2 = FOG REDUCING VISIBILITY
HIGHEST: 100 ON 3 GRTST 24HR 0.67 ON 21-22 TO 1/4 MILE OR LESS
LOWEST: 32 ON 10 3 = THUNDER
SNOW, ICE PELLETS, HAIL 4 = ICE PELLETS
TOTAL MONTH: 0.0 INCH 5 = HAIL
GRTST 24HR 0.0 6 = FREEZING RAIN OR DRIZZLE
GRTST DEPTH: 0 7 = DUSTSTORM OR SANDSTORM:
VSBY 1/2 MILE OR LESS
8 = SMOKE OR HAZE
[NO. OF DAYS WITH] [WEATHER - DAYS WITH] 9 = BLOWING SNOW
X = TORNADO
MAX 32 OR BELOW: 0 0.01 INCH OR MORE: 9
MAX 90 OR ABOVE: 7 0.10 INCH OR MORE: 3
MIN 32 OR BELOW: 1 0.50 INCH OR MORE: 1
MIN 0 OR BELOW: 0 1.00 INCH OR MORE: 0
[HDD (BASE 65) ]
TOTAL THIS MO. 174 CLEAR (SCALE 0-3) 22
DPTR FM NORMAL -100 PTCLDY (SCALE 4-7) 7
TOTAL FM JUL 1 185 CLOUDY (SCALE 8-10) 1
DPTR FM NORMAL -194
[CDD (BASE 65) ]
TOTAL THIS MO. 46
DPTR FM NORMAL 35 [PRESSURE DATA]
TOTAL FM JAN 1 451 HIGHEST SLP 30.37 ON 25
DPTR FM NORMAL 218 LOWEST SLP 29.73 ON 19
[REMARKS]
#FINAL-09-22#