000
CXUS56 KTFX 011110
CF6BZN
PRELIMINARY LOCAL CLIMATOLOGICAL DATA (WS FORM: F-6)
STATION: BOZEMAN/GALLATIN FIELD MT
MONTH: AUGUST
YEAR: 2022
LATITUDE: 45 46 N
LONGITUDE: 111 9 W
TEMPERATURE IN F: :PCPN: SNOW: WIND :SUNSHINE: SKY :PK WND
================================================================================
1 2 3 4 5 6A 6B 7 8 9 10 11 12 13 14 15 16 17 18
12Z AVG MX 2MIN
DY MAX MIN AVG DEP HDD CDD WTR SNW DPTH SPD SPD DIR MIN PSBL S-S WX SPD DR
================================================================================
1 99 57 78 9 0 13 0.00 0.0 0 7.4 25 280 M M 0 8 40 260
2 93 59 76 7 0 11 0.00 0.0 0 10.2 30 270 M M 1 8 40 280
3 92 49 71 2 0 6 0.00 0.0 0 7.9 23 270 M M 0 31 290
4 96 54 75 6 0 10 0.00 0.0 0 11.3 31 190 M M 0 8 42 200
5 80 57 69 0 0 4 T 0.0 0 5.6 18 140 M M 3 3 24 150
6 67 54 61 -7 4 0 0.09 0.0 0 5.7 16 270 M M 5 1 22 280
7 84 44 64 -4 1 0 0.00 0.0 0 5.3 16 170 M M 0 1 20 40
8 92 45 69 1 0 4 0.00 0.0 0 5.6 14 170 M M 0 16 160
9 95 48 72 4 0 7 0.00 0.0 0 4.4 12 130 M M 0 17 310
10 96 57 77 9 0 12 T 0.0 0 4.8 21 290 M M 0 8 27 300
11 91 61 76 9 0 11 0.04 0.0 0 4.1 17 290 M M 1 1 26 290
12 94 60 77 10 0 12 0.01 0.0 0 6.0 38 300 M M 2 8 49 290
13 85 56 71 4 0 6 0.03 0.0 0 9.2 24 130 M M 1 30 130
14 90 54 72 5 0 7 0.00 0.0 0 5.3 14 320 M M 0 18 340
15 89 49 69 3 0 4 0.00 0.0 0 4.4 14 180 M M 0 8 17 330
16 93 48 71 5 0 6 0.00 0.0 0 4.6 12 330 M M 0 14 310
17 94 49 72 6 0 7 0.00 0.0 0 5.1 10 280 M M 0 15 130
18 94 51 73 8 0 8 0.00 0.0 0 4.8 20 140 M M 0 24 130
19 92 59 76 11 0 11 0.00 0.0 0 4.6 20 70 M M 0 28 70
20 92 51 72 7 0 7 0.00 0.0 0 4.6 13 170 M M 0 16 160
21 88 55 72 8 0 7 T 0.0 0 6.6 21 280 M M 1 3 26 290
22 93 53 73 9 0 8 0.00 0.0 0 4.9 20 200 M M 1 25 180
23 89 52 71 7 0 6 0.00 0.0 0 5.9 25 70 M M 0 33 70
24 85 56 71 7 0 6 0.86 0.0 0 8.1 41 270 M M 2 138 62 270
25 85 59 72 9 0 7 0.33 0.0 0 5.6 31 140 M M 4 3 40 150
26 83 53 68 5 0 3 0.00 0.0 0 5.4 29 300 M M 2 40 290
27 88 49 69 6 0 4 0.00 0.0 0 8.3 29 230 M M 0 41 230
28 76 49 63 1 2 0 0.00 0.0 0 5.6 16 310 M M 3 22 290
29 83 42 63 1 2 0 0.00 0.0 0 5.4 13 160 M M 0 16 320
30 93 46 70 8 0 5 0.00 0.0 0 4.1 12 130 M M 0 12 150
31 94 50 72 11 0 7 0.00 0.0 0 5.4 13 180 M M 0 18 10
================================================================================
SM 2765 1626 9 199 1.36 0.0 186.2 M 26
================================================================================
AV 89.2 52.5 6.0 FASTST M M 1 MAX(MPH)
MISC ----> 41 270 62 270
================================================================================
NOTES:
# LAST OF SEVERAL OCCURRENCES
COLUMN 17 PEAK WIND IN M.P.H.
PRELIMINARY LOCAL CLIMATOLOGICAL DATA (WS FORM: F-6) , PAGE 2
STATION: BOZEMAN/GALLATIN FIELD MT
MONTH: AUGUST
YEAR: 2022
LATITUDE: 45 46 N
LONGITUDE: 111 9 W
[TEMPERATURE DATA] [PRECIPITATION DATA] SYMBOLS USED IN COLUMN 16
AVERAGE MONTHLY: 70.8 TOTAL FOR MONTH: 1.36 1 = FOG OR MIST
DPTR FM NORMAL: 5.0 DPTR FM NORMAL: 0.42 2 = FOG REDUCING VISIBILITY
HIGHEST: 99 ON 1 GRTST 24HR 1.17 ON 24-25 TO 1/4 MILE OR LESS
LOWEST: 42 ON 29 3 = THUNDER
SNOW, ICE PELLETS, HAIL 4 = ICE PELLETS
TOTAL MONTH: 0.0 INCH 5 = HAIL
GRTST 24HR 0.0 6 = FREEZING RAIN OR DRIZZLE
GRTST DEPTH: 0 7 = DUSTSTORM OR SANDSTORM:
VSBY 1/2 MILE OR LESS
8 = SMOKE OR HAZE
[NO. OF DAYS WITH] [WEATHER - DAYS WITH] 9 = BLOWING SNOW
X = TORNADO
MAX 32 OR BELOW: 0 0.01 INCH OR MORE: 6
MAX 90 OR ABOVE: 18 0.10 INCH OR MORE: 2
MIN 32 OR BELOW: 0 0.50 INCH OR MORE: 1
MIN 0 OR BELOW: 0 1.00 INCH OR MORE: 0
[HDD (BASE 65) ]
TOTAL THIS MO. 9 CLEAR (SCALE 0-3) 29
DPTR FM NORMAL -55 PTCLDY (SCALE 4-7) 2
TOTAL FM JUL 1 11 CLOUDY (SCALE 8-10) 0
DPTR FM NORMAL -96
[CDD (BASE 65) ]
TOTAL THIS MO. 199
DPTR FM NORMAL 112 [PRESSURE DATA]
TOTAL FM JAN 1 405 HIGHEST SLP 30.22 ON 7
DPTR FM NORMAL 183 LOWEST SLP 29.50 ON 27
[REMARKS]
#FINAL-08-22#