000
CXUS56 KTFX 011110
CF6BZN
PRELIMINARY LOCAL CLIMATOLOGICAL DATA (WS FORM: F-6)
STATION: BOZEMAN/GALLATIN FIELD MT
MONTH: MAY
YEAR: 2022
LATITUDE: 45 46 N
LONGITUDE: 111 9 W
TEMPERATURE IN F: :PCPN: SNOW: WIND :SUNSHINE: SKY :PK WND
================================================================================
1 2 3 4 5 6A 6B 7 8 9 10 11 12 13 14 15 16 17 18
12Z AVG MX 2MIN
DY MAX MIN AVG DEP HDD CDD WTR SNW DPTH SPD SPD DIR MIN PSBL S-S WX SPD DR
================================================================================
1 53 41 47 1 18 0 0.01 0.0 0 7.8 17 60 M M 10 24 70
2 65 30 48 1 17 0 0.00 0.0 0 6.7 21 70 M M 4 27 70
3 48 33 41 -6 24 0 0.85 0.0 0 6.2 21 210 M M 8 1 26 210
4 62 30 46 -1 19 0 0.00 0.0 0 4.2 14 160 M M 0 1 15 140
5 72 36 54 6 11 0 0.00 0.0 0 7.6 31 260 M M 1 44 250
6 69 45 57 9 8 0 T 0.0 0 13.4 31 200 M M 5 44 250
7 61 38 50 2 15 0 0.15 0.0 0 9.1 26 260 M M 9 13 41 260
8 46 33 40 -9 25 0 0.31 1.0 0 6.2 25 280 M M 8 1 32 270
9 46 26 36 -13 29 0 0.00 0.0 1 6.2 22 240 M M 4 1 29 240
10 52 27 40 -10 25 0 T 0.0 0 5.1 15 200 M M 4 23 190
11 58 26 42 -8 23 0 T M 0 4.4 22 180 M M 3 33 170
12 52 35 44 -6 21 0 0.23 0.0 0 6.8 17 290 M M 9 1 22 290
13 57 31 44 -6 21 0 T 0.0 0 15.1 35 300 M M 3 48 290
14 57 35 46 -5 19 0 0.06 0.0 0 5.1 30 310 M M 8 1 40 310
15 71 34 53 2 12 0 0.00 0.0 0 4.8 12 180 M M 1 15 20
16 73 49 61 9 4 0 0.31 0.0 0 8.5 31 280 M M 6 13 41 280
17 71 49 60 8 5 0 T 0.0 0 3.9 12 330 M M 4 16 320
18 67 35 51 -1 14 0 0.01 0.0 0 9.5 28 230 M M 5 40 220
19 51 34 43 -9 22 0 0.03 T 0 18.5 38 290 M M 6 1 51 300
20 50 32 41 -12 24 0 0.08 T 0 8.1 22 330 M M 7 1 28 330
21 53 27 40 -13 25 0 0.00 0.0 0 4.5 12 120 M M 5 15 300
22 53 35 44 -9 21 0 0.00 0.0 0 5.6 16 320 M M 6 20 330
23 61 28 45 -9 20 0 0.00 0.0 0 4.0 12 160 M M 3 16 360
24 64 35 50 -4 15 0 T 0.0 0 4.8 14 300 M M 4 21 250
25 75 38 57 3 8 0 0.00 0.0 0 6.1 17 260 M M 4 22 240
26 80 40 60 6 5 0 0.00 0.0 0 5.5 24 210 M M 1 33 200
27 71 53 62 7 3 0 0.16 0.0 0 7.7 35 280 M M 6 1 41 270
28 58 47 53 -2 12 0 0.42 0.0 0 5.5 22 250 M M 10 1 28 240
29 56 44 50 -5 15 0 0.43 0.0 0 6.9 17 140 M M 10 1 22 310
30 52 43 48 -7 17 0 0.13 0.0 0 10.9 26 360 M M 9 1 34 360
31 61 44 53 -3 12 0 0.00 0.0 0 5.6 14 200 M M 9 18 170
================================================================================
SM 1865 1133 509 0 3.18 1.0 224.3 M 172
================================================================================
AV 60.2 36.5 7.2 FASTST M M 6 MAX(MPH)
MISC ----> 38 290 51 300
================================================================================
NOTES:
# LAST OF SEVERAL OCCURRENCES
COLUMN 17 PEAK WIND IN M.P.H.
PRELIMINARY LOCAL CLIMATOLOGICAL DATA (WS FORM: F-6) , PAGE 2
STATION: BOZEMAN/GALLATIN FIELD MT
MONTH: MAY
YEAR: 2022
LATITUDE: 45 46 N
LONGITUDE: 111 9 W
[TEMPERATURE DATA] [PRECIPITATION DATA] SYMBOLS USED IN COLUMN 16
AVERAGE MONTHLY: 48.4 TOTAL FOR MONTH: 3.18 1 = FOG OR MIST
DPTR FM NORMAL: -2.9 DPTR FM NORMAL: 1.06 2 = FOG REDUCING VISIBILITY
HIGHEST: 80 ON 26 GRTST 24HR 0.85 ON 3- 3 TO 1/4 MILE OR LESS
LOWEST: 26 ON 11, 9 3 = THUNDER
SNOW, ICE PELLETS, HAIL 4 = ICE PELLETS
TOTAL MONTH: 1.0 INCH 5 = HAIL
GRTST 24HR 1.0 ON 8- 8 6 = FREEZING RAIN OR DRIZZLE
GRTST DEPTH: 1 ON 9 7 = DUSTSTORM OR SANDSTORM:
VSBY 1/2 MILE OR LESS
8 = SMOKE OR HAZE
[NO. OF DAYS WITH] [WEATHER - DAYS WITH] 9 = BLOWING SNOW
X = TORNADO
MAX 32 OR BELOW: 0 0.01 INCH OR MORE: 14
MAX 90 OR ABOVE: 0 0.10 INCH OR MORE: 9
MIN 32 OR BELOW: 9 0.50 INCH OR MORE: 1
MIN 0 OR BELOW: 0 1.00 INCH OR MORE: 0
[HDD (BASE 65) ]
TOTAL THIS MO. 509 CLEAR (SCALE 0-3) 7
DPTR FM NORMAL 83 PTCLDY (SCALE 4-7) 16
TOTAL FM JUL 1 7855 CLOUDY (SCALE 8-10) 8
DPTR FM NORMAL -194
[CDD (BASE 65) ]
TOTAL THIS MO. 0
DPTR FM NORMAL -1 [PRESSURE DATA]
TOTAL FM JAN 1 0 HIGHEST SLP 30.33 ON 21
DPTR FM NORMAL -1 LOWEST SLP 29.38 ON 7
[REMARKS]
#FINAL-05-22#