000
CXUS56 KTFX 011110
CF6BZN
PRELIMINARY LOCAL CLIMATOLOGICAL DATA (WS FORM: F-6)
STATION: BOZEMAN/GALLATIN FIELD MT
MONTH: JULY
YEAR: 2021
LATITUDE: 45 46 N
LONGITUDE: 111 9 W
TEMPERATURE IN F: :PCPN: SNOW: WIND :SUNSHINE: SKY :PK WND
================================================================================
1 2 3 4 5 6A 6B 7 8 9 10 11 12 13 14 15 16 17 18
12Z AVG MX 2MIN
DY MAX MIN AVG DEP HDD CDD WTR SNW DPTH SPD SPD DIR MIN PSBL S-S WX SPD DR
================================================================================
1 98 53 76 13 0 11 0.00 0.0 0 6.0 28 270 M M 0 3 37 270
2 94 55 75 11 0 10 0.00 0.0 0 5.7 18 300 M M 0 23 290
3 98 58 78 14 0 13 0.06 0.0 0 5.6 30 160 M M 2 3 36 160
4 95 62 79 15 0 14 0.08 0.0 0 8.1 43 290 M M 2 38 61 280
5 81 59 70 5 0 5 0.02 0.0 0 5.2 23 140 M M 4 31 140
6 94 48 71 6 0 6 0.00 0.0 0 4.9 14 330 M M 0 19 240
7 96 53 75 10 0 10 0.00 0.0 0 6.7 44 240 M M 1 38 58 240
8 92 51 72 6 0 7 0.00 0.0 0 7.9 22 300 M M 0 30 300
9 84 49 67 1 0 2 0.00 0.0 0 7.6 31 350 M M 0 8 42 330
10 90 46 68 2 0 3 0.00 0.0 0 3.7 9 130 M M 0 8 13 80
11 92 50 71 4 0 6 0.00 0.0 0 5.5 15 240 M M 0 8 18 240
12 91 51 71 4 0 6 0.00 0.0 0 4.6 15 80 M M 0 8 22 90
13 82 55 69 2 0 4 0.00 0.0 0 7.8 21 140 M M 0 8 28 40
14 88 50 69 1 0 4 0.00 0.0 0 3.7 14 150 M M 0 16 150
15 94 49 72 4 0 7 0.00 0.0 0 5.9 30 350 M M 0 38 43 10
16 90 62 76 8 0 11 0.02 0.0 0 7.2 33 220 M M 2 8 46 220
17 92 50 71 3 0 6 0.00 0.0 0 6.7 22 130 M M 0 28 130
18 100 56 78 10 0 13 0.00 0.0 0 4.9 13 210 M M 0 19 30
19 92 54 73 4 0 8 0.00 0.0 0 5.2 14 200 M M 1 8 17 200
20 90 65 78 9 0 13 T 0.0 0 6.4 22 220 M M 4 38 31 230
21 91 58 75 6 0 10 0.09 0.0 0 6.9 35 240 M M 1 13 46 240
22 87 56 72 3 0 7 0.19 0.0 0 6.8 39 200 M M 2 3 68 220
23 90 51 71 2 0 6 0.00 0.0 0 5.5 15 280 M M 0 26 260
24 90 47 69 0 0 4 0.00 0.0 0 4.6 12 150 M M 1 8 13 170
25 93 48 71 2 0 6 0.00 0.0 0 5.2 13 160 M M 1 8 14 160
26 95 50 73 4 0 8 0.00 0.0 0 3.3 10 150 M M 0 8 14 350
27 94 53 74 5 0 9 0.00 0.0 0 5.8 25 250 M M 1 8 39 260
28 92 63 78 9 0 13 0.00 0.0 0 8.1 25 140 M M 1 8 31 140
29 89 60 75 6 0 10 0.23 0.0 0 4.7 31 290 M M 3 138 41 280
30 93 54 74 5 0 9 0.00 0.0 0 6.5 20 90 M M 0 18 30 90
31 94 60 77 8 0 12 0.00 0.0 0 6.6 22 180 M M 0 36 220
================================================================================
SM 2841 1676 0 253 0.69 0.0 183.3 M 26
================================================================================
AV 91.6 54.1 5.9 FASTST M M 1 MAX(MPH)
MISC ----> 44 240 68 220
================================================================================
NOTES:
# LAST OF SEVERAL OCCURRENCES
COLUMN 17 PEAK WIND IN M.P.H.
PRELIMINARY LOCAL CLIMATOLOGICAL DATA (WS FORM: F-6) , PAGE 2
STATION: BOZEMAN/GALLATIN FIELD MT
MONTH: JULY
YEAR: 2021
LATITUDE: 45 46 N
LONGITUDE: 111 9 W
[TEMPERATURE DATA] [PRECIPITATION DATA] SYMBOLS USED IN COLUMN 16
AVERAGE MONTHLY: 72.9 TOTAL FOR MONTH: 0.69 1 = FOG OR MIST
DPTR FM NORMAL: 5.5 DPTR FM NORMAL: -0.39 2 = FOG REDUCING VISIBILITY
HIGHEST: 100 ON 18 GRTST 24HR 0.28 ON 21-22 TO 1/4 MILE OR LESS
LOWEST: 46 ON 10 3 = THUNDER
SNOW, ICE PELLETS, HAIL 4 = ICE PELLETS
TOTAL MONTH: 0.0 INCH 5 = HAIL
GRTST 24HR 0.0 6 = FREEZING RAIN OR DRIZZLE
GRTST DEPTH: 0 7 = DUSTSTORM OR SANDSTORM:
VSBY 1/2 MILE OR LESS
8 = SMOKE OR HAZE
[NO. OF DAYS WITH] [WEATHER - DAYS WITH] 9 = BLOWING SNOW
X = TORNADO
MAX 32 OR BELOW: 0 0.01 INCH OR MORE: 7
MAX 90 OR ABOVE: 25 0.10 INCH OR MORE: 2
MIN 32 OR BELOW: 0 0.50 INCH OR MORE: 0
MIN 0 OR BELOW: 0 1.00 INCH OR MORE: 0
[HDD (BASE 65) ]
TOTAL THIS MO. 0 CLEAR (SCALE 0-3) 29
DPTR FM NORMAL -42 PTCLDY (SCALE 4-7) 2
TOTAL FM JUL 1 0 CLOUDY (SCALE 8-10) 0
DPTR FM NORMAL -41
[CDD (BASE 65) ]
TOTAL THIS MO. 253
DPTR FM NORMAL 136 [PRESSURE DATA]
TOTAL FM JAN 1 341 HIGHEST SLP 30.21 ON 30
DPTR FM NORMAL 206 LOWEST SLP 29.68 ON 7
[REMARKS]
#FINAL-07-21#