000
CXUS56 KTFX 011210
CF6BZN
PRELIMINARY LOCAL CLIMATOLOGICAL DATA (WS FORM: F-6)
STATION: BOZEMAN/GALLATIN FIELD MT
MONTH: JANUARY
YEAR: 2021
LATITUDE: 45 46 N
LONGITUDE: 111 9 W
TEMPERATURE IN F: :PCPN: SNOW: WIND :SUNSHINE: SKY :PK WND
================================================================================
1 2 3 4 5 6A 6B 7 8 9 10 11 12 13 14 15 16 17 18
12Z AVG MX 2MIN
DY MAX MIN AVG DEP HDD CDD WTR SNW DPTH SPD SPD DIR MIN PSBL S-S WX SPD DR
================================================================================
1 35 15 25 3 40 0 0.00 0.0 0 3.1 10 190 M M 2 8 11 300
2 44 21 33 11 32 0 T T T 6.7 20 240 M M 5 1 25 240
3 50 18 34 12 31 0 T 0.0 0 9.3 36 270 M M 4 46 270
4 39 18 29 7 36 0 0.00 0.0 0 4.6 12 70 M M 4 14 60
5 42 18 30 8 35 0 0.03 T 0 7.0 28 340 M M 5 1 33 340
6 44 20 32 10 33 0 0.00 0.0 0 3.2 10 150 M M 3 15 140
7 34 27 31 9 34 0 0.23 3.5 T 1.3 9 190 M M 10 12 10 200
8 32 11 22 -1 43 0 T T 4 1.4 9 270 M M 10 12 12 270
9 24 1 13 -10 52 0 0.00 0.0 3 1.6 8 150 M M 1 128 9 160
10 25 -4 11 -12 54 0 0.00 0.0 2 2.5 9 150 M M 0 18 9 190
11 29 1 15 -8 50 0 0.00 0.0 2 3.6 15 150 M M 0 17 320
12 48 12 30 7 35 0 0.00 0.0 2 4.1 20 230 M M 5 25 220
13 52 28 40 17 25 0 0.05 0.0 1 18.2 49 280 M M 7 63 290
14 38 16 27 3 38 0 0.00 0.0 0 7.8 23 290 M M 1 28 270
15 36 12 24 0 41 0 0.02 0.3 0 3.0 12 170 M M 4 1 13 150
16 42 14 28 4 37 0 0.00 0.0 T 4.6 15 280 M M 3 1 19 280
17 39 28 34 10 31 0 0.05 0.3 T 5.8 30 310 M M 9 36 310
18 34 21 28 4 37 0 T T T 4.6 17 280 M M 10 23 280
19 38 15 27 3 38 0 0.00 0.0 0 3.2 10 160 M M 2 11 150
20 45 20 33 9 32 0 0.00 0.0 0 5.9 16 30 M M 5 19 30
21 38 25 32 8 33 0 0.01 0.5 0 4.7 14 360 M M 10 1 16 360
22 28 14 21 -3 44 0 T 0.3 1 0.6 8 30 M M 9 1 8 30
23 29 6 18 -6 47 0 T T 1 3.5 12 140 M M 6 1 13 170
24 32 4 18 -6 47 0 0.00 0.0 1 3.1 10 160 M M 1 11 150
25 29 4 17 -7 48 0 0.00 0.0 0 2.6 13 140 M M 1 14 140
26 26 3 15 -10 50 0 0.00 0.0 0 2.2 7 260 M M 3 18 8 350
27 39 0 20 -5 45 0 0.00 0.0 0 4.7 17 190 M M 3 20 190
28 47 14 31 6 34 0 0.00 0.0 0 2.4 10 130 M M 4 12 150
29 44 30 37 12 28 0 0.11 1.5 0 3.5 12 140 M M 9 1 14 270
30 35 7 21 -4 44 0 0.14 2.0 3 5.3 13 290 M M 6 1 15 290
31 34 -6 14 -11 51 0 0.00 0.0 4 4.6 12 160 M M 0 12 160
================================================================================
SM 1151 413 1225 0 0.64 8.4 138.7 M 142
================================================================================
AV 37.1 13.3 4.5 FASTST M M 5 MAX(MPH)
MISC ----> 49 280 63 290
================================================================================
NOTES:
# LAST OF SEVERAL OCCURRENCES
COLUMN 17 PEAK WIND IN M.P.H.
PRELIMINARY LOCAL CLIMATOLOGICAL DATA (WS FORM: F-6) , PAGE 2
STATION: BOZEMAN/GALLATIN FIELD MT
MONTH: JANUARY
YEAR: 2021
LATITUDE: 45 46 N
LONGITUDE: 111 9 W
[TEMPERATURE DATA] [PRECIPITATION DATA] SYMBOLS USED IN COLUMN 16
AVERAGE MONTHLY: 25.2 TOTAL FOR MONTH: 0.64 1 = FOG OR MIST
DPTR FM NORMAL: 1.7 DPTR FM NORMAL: 0.16 2 = FOG REDUCING VISIBILITY
HIGHEST: 52 ON 13 GRTST 24HR 0.23 ON 7- 7 TO 1/4 MILE OR LESS
LOWEST: -6 ON 31 3 = THUNDER
SNOW, ICE PELLETS, HAIL 4 = ICE PELLETS
TOTAL MONTH: 8.4 INCHES 5 = HAIL
GRTST 24HR 3.5 ON 7- 7 6 = FREEZING RAIN OR DRIZZLE
GRTST DEPTH: 4 ON 31, 8 7 = DUSTSTORM OR SANDSTORM:
VSBY 1/2 MILE OR LESS
8 = SMOKE OR HAZE
[NO. OF DAYS WITH] [WEATHER - DAYS WITH] 9 = BLOWING SNOW
X = TORNADO
MAX 32 OR BELOW: 9 0.01 INCH OR MORE: 8
MAX 90 OR ABOVE: 0 0.10 INCH OR MORE: 3
MIN 32 OR BELOW: 31 0.50 INCH OR MORE: 0
MIN 0 OR BELOW: 3 1.00 INCH OR MORE: 0
[HDD (BASE 65) ]
TOTAL THIS MO. 1225 CLEAR (SCALE 0-3) 12
DPTR FM NORMAL -62 PTCLDY (SCALE 4-7) 12
TOTAL FM JUL 1 4456 CLOUDY (SCALE 8-10) 7
DPTR FM NORMAL -66
[CDD (BASE 65) ]
TOTAL THIS MO. 0
DPTR FM NORMAL 0 [PRESSURE DATA]
TOTAL FM JAN 1 0 HIGHEST SLP 30.65 ON 14
DPTR FM NORMAL 0 LOWEST SLP 29.60 ON 29
[REMARKS]
#FINAL-01-21#