508
CXUS56 KTFX 011110
CF6BZN
PRELIMINARY LOCAL CLIMATOLOGICAL DATA (WS FORM: F-6)
STATION: BOZEMAN/GALLATIN FIELD MT
MONTH: AUGUST
YEAR: 2020
LATITUDE: 45 46 N
LONGITUDE: 111 9 W
TEMPERATURE IN F: :PCPN: SNOW: WIND :SUNSHINE: SKY :PK WND
================================================================================
1 2 3 4 5 6A 6B 7 8 9 10 11 12 13 14 15 16 17 18
12Z AVG MX 2MIN
DY MAX MIN AVG DEP HDD CDD WTR SNW DPTH SPD SPD DIR MIN PSBL S-S WX SPD DR
================================================================================
1 95 57 76 5 0 11 0.00 0.0 0 5.5 17 140 M M 0 21 90
2 96 57 77 6 0 12 0.00 0.0 0 4.6 12 320 M M 0 14 320
3 91 53 72 1 0 7 0.01 0.0 0 5.2 32 170 M M 1 3 45 170
4 86 48 67 -4 0 2 0.00 0.0 0 4.5 13 330 M M 0 17 260
5 90 50 70 -1 0 5 0.00 0.0 0 5.2 20 150 M M 0 23 140
6 87 50 69 -1 0 4 0.01 0.0 0 7.3 44 210 M M 1 3 55 210
7 79 49 64 -6 1 0 0.00 0.0 0 7.0 18 330 M M 0 24 310
8 84 41 63 -7 2 0 0.00 0.0 0 4.7 13 320 M M 0 15 320
9 82 50 66 -4 0 1 0.00 0.0 0 6.4 14 350 M M 1 17 350
10 85 43 64 -6 1 0 0.00 0.0 0 5.3 13 140 M M 0 16 330
11 90 47 69 -1 0 4 0.00 0.0 0 5.3 14 170 M M 0 19 330
12 89 52 71 1 0 6 0.00 0.0 0 11.3 26 180 M M 1 8 33 190
13 76 45 61 -8 4 0 T 0.0 0 5.8 21 350 M M 4 3 28 350
14 81 41 61 -8 4 0 0.00 0.0 0 4.8 15 310 M M 0 20 310
15 89 41 65 -4 0 0 0.00 0.0 0 5.9 12 160 M M 0 14 360
16 93 44 69 0 0 4 0.00 0.0 0 3.9 9 180 M M 0 11 270
17 98 50 74 6 0 9 0.00 0.0 0 5.2 15 330 M M 0 18 310
18 92 53 73 5 0 8 0.00 0.0 0 5.0 13 180 M M 1 15 170
19 90 55 73 5 0 8 T 0.0 0 6.8 32 190 M M 2 38 45 190
20 86 55 71 3 0 6 0.00 0.0 0 4.0 21 180 M M 1 8 26 180
21 89 51 70 3 0 5 0.00 0.0 0 5.7 12 170 M M 1 8 16 20
22 88 47 68 1 0 3 0.00 0.0 0 4.7 14 170 M M 0 8 16 140
23 90 50 70 3 0 5 0.00 0.0 0 4.2 14 180 M M 0 8 17 180
24 87 50 69 3 0 4 0.00 0.0 0 4.6 20 180 M M 1 8 24 190
25 89 53 71 5 0 6 0.14 0.0 0 4.9 40 330 M M 3 18 47 340
26 84 53 69 3 0 4 0.04 0.0 0 8.8 28 290 M M 3 13 37 290
27 78 54 66 1 0 1 0.00 0.0 0 5.5 15 270 M M 1 17 280
28 84 46 65 0 0 0 0.00 0.0 0 4.4 14 150 M M 0 16 180
29 89 44 67 2 0 2 0.00 0.0 0 5.1 16 280 M M 0 21 300
30 70 42 56 -8 9 0 0.00 0.0 0 7.4 24 320 M M 2 29 310
31 59 38 49 -15 16 0 0.00 0.0 0 6.8 17 340 M M 7 22 310
================================================================================
SM 2666 1509 37 117 0.20 0.0 175.8 M 30
================================================================================
AV 86.0 48.7 5.7 FASTST M M 1 MAX(MPH)
MISC ----> 44 210 55 210
================================================================================
NOTES:
# LAST OF SEVERAL OCCURRENCES
COLUMN 17 PEAK WIND IN M.P.H.
PRELIMINARY LOCAL CLIMATOLOGICAL DATA (WS FORM: F-6) , PAGE 2
STATION: BOZEMAN/GALLATIN FIELD MT
MONTH: AUGUST
YEAR: 2020
LATITUDE: 45 46 N
LONGITUDE: 111 9 W
[TEMPERATURE DATA] [PRECIPITATION DATA] SYMBOLS USED IN COLUMN 16
AVERAGE MONTHLY: 67.3 TOTAL FOR MONTH: 0.20 1 = FOG OR MIST
DPTR FM NORMAL: -0.9 DPTR FM NORMAL: -0.88 2 = FOG REDUCING VISIBILITY
HIGHEST: 98 ON 17 GRTST 24HR 0.14 ON 25-25 TO 1/4 MILE OR LESS
LOWEST: 38 ON 31 3 = THUNDER
SNOW, ICE PELLETS, HAIL 4 = ICE PELLETS
TOTAL MONTH: 0.0 INCH 5 = HAIL
GRTST 24HR 0.0 6 = FREEZING RAIN OR DRIZZLE
GRTST DEPTH: 0 7 = DUSTSTORM OR SANDSTORM:
VSBY 1/2 MILE OR LESS
8 = SMOKE OR HAZE
[NO. OF DAYS WITH] [WEATHER - DAYS WITH] 9 = BLOWING SNOW
X = TORNADO
MAX 32 OR BELOW: 0 0.01 INCH OR MORE: 4
MAX 90 OR ABOVE: 10 0.10 INCH OR MORE: 1
MIN 32 OR BELOW: 0 0.50 INCH OR MORE: 0
MIN 0 OR BELOW: 0 1.00 INCH OR MORE: 0
[HDD (BASE 65) ]
TOTAL THIS MO. 37 CLEAR (SCALE 0-3) 29
DPTR FM NORMAL -2 PTCLDY (SCALE 4-7) 2
TOTAL FM JUL 1 73 CLOUDY (SCALE 8-10) 0
DPTR FM NORMAL 6
[CDD (BASE 65) ]
TOTAL THIS MO. 117
DPTR FM NORMAL -21 [PRESSURE DATA]
TOTAL FM JAN 1 219 HIGHEST SLP 30.21 ON 16
DPTR FM NORMAL -127 LOWEST SLP 29.64 ON 29
[REMARKS]
#FINAL-08-20#