000
CXUS55 KGJT 010910
CF6CAG
PRELIMINARY LOCAL CLIMATOLOGICAL DATA (WS FORM: F-6)
STATION: CRAIG CO
MONTH: OCTOBER
YEAR: 2021
LATITUDE: 40 30 N
LONGITUDE: 107 32 W
TEMPERATURE IN F: :PCPN: SNOW: WIND :SUNSHINE: SKY :PK WND
================================================================================
1 2 3 4 5 6A 6B 7 8 9 10 11 12 13 14 15 16 17 18
12Z AVG MX 2MIN
DY MAX MIN AVG DEP HDD CDD WTR SNW DPTH SPD SPD DIR MIN PSBL S-S WX SPD DR
================================================================================
1 68 36 52 1 13 0 0.00 M M 2.5 12 220 M M 4 12 19 230
2 71 33 52 2 13 0 0.00 M M 2.0 12 280 M M 0 1 16 280
3 73 30 52 2 13 0 0.00 M M 2.3 16 270 M M 0 22 270
4 77 31 54 5 11 0 0.00 M M 3.7 18 260 M M 0 27 270
5 79 33 56 7 9 0 0.00 M M 3.2 13 70 M M 2 17 60
6 70 39 55 7 10 0 T M M 5.2 28 280 M M 5 39 270
7 71 33 52 4 13 0 0.00 M M 3.6 14 270 M M 3 19 270
8 62 40 51 3 14 0 0.01 M M 5.5 25 210 M M 5 31 270
9 58 38 48 1 17 0 0.65 M M 7.3 21 320 M M 9 13 33 320
10 55 36 46 -1 19 0 0.01 M M 2.8 15 240 M M 9 20 230
11 60 31 46 0 19 0 0.00 M M 5.1 18 200 M M 3 25 200
12 52 28 40 -6 25 0 0.28 M M 9.9 36 240 M M 8 12 48 240
13 38 27 33 -12 32 0 0.09 M M 3.2 14 240 M M 10 1 19 240
14 40 30 35 -10 30 0 0.08 M M 5.8 14 260 M M 10 18 20 240
15 46 23 35 -10 30 0 0.00 M M 4.5 17 240 M M 2 26 270
16 62 24 43 -1 22 0 0.00 M M 4.1 14 80 M M 0 20 80
17 70 23 47 3 18 0 0.00 M M 5.0 23 230 M M 0 29 220
18 69 29 49 6 16 0 0.00 M M 5.6 22 220 M M 3 31 210
19 52 27 40 -3 25 0 0.15 M M 6.9 26 270 M M 7 1 34 260
20 55 22 39 -4 26 0 0.00 M M 4.7 17 270 M M 0 25 270
21 63 26 45 3 20 0 0.00 M M 4.1 14 270 M M 0 19 280
22 67 23 45 3 20 0 0.00 M M 4.3 17 220 M M 0 23 290
23 60 29 45 4 20 0 0.02 M M 5.6 26 230 M M 6 36 250
24 61 36 49 8 16 0 0.07 M M 4.1 23 240 M M 5 1 29 240
25 74 36 55 14 10 0 0.00 M M 10.5 31 230 M M 0 42 220
26 64 32 48 8 17 0 0.51 M M 13.1 32 250 M M 8 1 46 240
27 46 28 37 -3 28 0 0.00 M M 10.0 26 240 M M 8 36 250
28 52 30 41 1 24 0 0.00 M M 3.0 12 260 M M 9 16 270
29 62 24 43 4 22 0 0.00 M M 3.0 15 80 M M 0 20 80
30 63 24 44 5 21 0 0.00 M M 2.6 13 290 M M 0 19 260
31 59 28 44 6 21 0 T M M 3.1 13 260 M M 4 3 16 260
================================================================================
SM 1899 929 594 0 1.87 M 156.3 M 120
================================================================================
AV 61.3 30.0 5.0 FASTST M M 4 MAX(MPH)
MISC ----> 36 240 48 240
================================================================================
NOTES:
# LAST OF SEVERAL OCCURRENCES
COLUMN 17 PEAK WIND IN M.P.H.
PRELIMINARY LOCAL CLIMATOLOGICAL DATA (WS FORM: F-6) , PAGE 2
STATION: CRAIG CO
MONTH: OCTOBER
YEAR: 2021
LATITUDE: 40 30 N
LONGITUDE: 107 32 W
[TEMPERATURE DATA] [PRECIPITATION DATA] SYMBOLS USED IN COLUMN 16
AVERAGE MONTHLY: 45.6 TOTAL FOR MONTH: 1.87 1 = FOG OR MIST
DPTR FM NORMAL: 1.2 DPTR FM NORMAL: 0.39 2 = FOG REDUCING VISIBILITY
HIGHEST: 79 ON 5 GRTST 24HR 0.65 ON 8- 9 TO 1/4 MILE OR LESS
LOWEST: 22 ON 20 3 = THUNDER
SNOW, ICE PELLETS, HAIL 4 = ICE PELLETS
TOTAL MONTH: M 5 = HAIL
GRTST 24HR M ON M 6 = FREEZING RAIN OR DRIZZLE
GRTST DEPTH: M ON M 7 = DUSTSTORM OR SANDSTORM:
VSBY 1/2 MILE OR LESS
8 = SMOKE OR HAZE
[NO. OF DAYS WITH] [WEATHER - DAYS WITH] 9 = BLOWING SNOW
X = TORNADO
MAX 32 OR BELOW: 0 0.01 INCH OR MORE: 10
MAX 90 OR ABOVE: 0 0.10 INCH OR MORE: 4
MIN 32 OR BELOW: 21 0.50 INCH OR MORE: 2
MIN 0 OR BELOW: 0 1.00 INCH OR MORE: 0
[HDD (BASE 65) ]
TOTAL THIS MO. 594 CLEAR (SCALE 0-3) 15
DPTR FM NORMAL -46 PTCLDY (SCALE 4-7) 10
TOTAL FM JUL 1 809 CLOUDY (SCALE 8-10) 6
DPTR FM NORMAL -125
[CDD (BASE 65) ]
TOTAL THIS MO. 0
DPTR FM NORMAL 0 [PRESSURE DATA]
TOTAL FM JAN 1 343 HIGHEST SLP M ON M
DPTR FM NORMAL 126 LOWEST SLP 29.33 ON 26
[REMARKS]
#FINAL-10-21#