000
CXUS51 KCLE 011413
CLMCAK
CLIMATE REPORT
NATIONAL WEATHER SERVICE CLEVELAND, OH
1013 AM EDT FRI SEP 01 2023
...................................
...THE AKRON CANTON OH CLIMATE SUMMARY FOR THE MONTH OF AUGUST 2023...
CLIMATE NORMAL PERIOD 1991 TO 2020
CLIMATE RECORD PERIOD 1887 TO 2023
WEATHER OBSERVED NORMAL DEPART LAST YEAR`S
VALUE DATE(S) VALUE FROM VALUE
NORMAL
..............................................................
TEMPERATURE (F)
RECORD
HIGH 104 08/06/1918
LOW 39 08/31/1915
HIGHEST 86 08/21
LOWEST 51 08/19
AVG. MAXIMUM 78.8 82.7 -3.9 83.7
AVG. MINIMUM 59.6 61.9 -2.3 64.4
MEAN 69.2 72.3 -3.1 74.0
DAYS MAX >= 90 0 2.8 -2.8 4
DAYS MAX <= 32 0 0.0 0.0 0
DAYS MIN <= 32 0 0.0 0.0 0
DAYS MIN <= 0 0 0.0 0.0 0
PRECIPITATION (INCHES)
RECORD
MAXIMUM 8.19 1974
MINIMUM 0.28 1894
TOTALS 6.80 3.61 3.19 1.65
DAYS >= .01 16 10.1 5.9 14
DAYS >= .10 10 6.4 3.6 5
DAYS >= .50 5 2.2 2.8 0
DAYS >= 1.00 2 0.9 1.1 0
GREATEST
24 HR. TOTAL 2.47 08/23 TO 08/24 0.74
SNOWFALL (INCHES)
RECORDS
TOTAL T 2002
TOTALS 0.0 0.0 0.0 0.0
SINCE 7/1 0.0 0.0 0.0 0.0
DAYS >= 1.0 0 0.0 0.0 0
GREATEST
24 HR TOTAL 0.0
DEGREE DAYS
HEATING TOTAL 9 7 2 0
SINCE 7/1 9 3 6 0
COOLING TOTAL 146 233 -87 288
SINCE 1/1 514 760 -246 953
..............................................................
WIND (MPH)
AVERAGE WIND SPEED 7.1
HIGHEST WIND SPEED/DIRECTION 32/340 DATE 08/11
HIGHEST GUST SPEED/DIRECTION 49/340 DATE 08/24
SKY COVER
AVERAGE SKY COVER 0.55
AVERAGE RH (PERCENT) 78
WEATHER CONDITIONS. NUMBER OF DAYS WITH
THUNDERSTORM 11 MIXED PRECIP 0
HEAVY RAIN 6 RAIN 7
LIGHT RAIN 15 FREEZING RAIN 0
LT FREEZING RAIN 0 HAIL 0
HEAVY SNOW 0 SNOW 0
LIGHT SNOW 0 SLEET 0
FOG 25 FOG W/VIS <= 1/4 MILE 3
HAZE 8
- INDICATES NEGATIVE NUMBERS.
R INDICATES RECORD WAS SET OR TIED.
MM INDICATES DATA IS MISSING.
T INDICATES TRACE AMOUNT.
$$