000
CXUS51 KCAR 010700
CF6CAR
PRELIMINARY LOCAL CLIMATOLOGICAL DATA (WS FORM: F-6)
STATION: CARIBOU ME
MONTH: MARCH
YEAR: 2024
LATITUDE: 46 52 N
LONGITUDE: 68 1 W
TEMPERATURE IN F: :PCPN: SNOW: WIND :SUNSHINE: SKY :PK WND
================================================================================
1 2 3 4 5 6A 6B 7 8 9 10 11 12 13 14 15 16 17 18
12Z AVG MX 2MIN
DY MAX MIN AVG DEP HDD CDD WTR SNW DPTH SPD SPD DIR MIN PSBL S-S WX SPD DR
================================================================================
1 20 0 10 -9 55 0 0.00 0.0 2 9.4 18 250 M M 2 36 240
2 47 19 33 13 32 0 0.06 0.0 2 6.9 17 200 M M 5 26 200
3 47 35 41 21 24 0 0.06 0.0 1 3.6 9 330 M M 7 12 11 350
4 44 30 37 17 28 0 0.00 0.0 1 8.0 16 170 M M 4 25 170
5 46 30 38 17 27 0 0.23 0.0 T 10.5 21 180 M M 9 1 33 200
6 47 35 41 20 24 0 0.27 T T 5.4 12 20 M M 10 12 20 30
7 35 26 31 9 34 0 0.22 1.0 T 7.1 16 40 M M 8 1 26 10
8 42 19 31 9 34 0 0.00 0.0 T 5.8 15 360 M M 0 22 350
9 36 20 28 6 37 0 0.00 0.0 T 9.4 20 160 M M 1 27 170
10 34 30 32 9 33 0 0.50 1.5 T 10.6 20 130 M M 10 1 28 90
11 36 30 33 10 32 0 0.06 0.7 2 13.8 24 330 M M 10 1 40 330
12 34 28 31 8 34 0 T 0.3 2 14.5 21 320 M M 9 1 36 300
13 49 30 40 16 25 0 0.00 0.0 2 6.9 14 360 M M 2 23 320
14 45 29 37 13 28 0 T T T 5.6 15 170 M M 8 22 150
15 50 28 39 15 26 0 0.00 0.0 T 4.1 12 330 M M 1 18 330
16 36 27 32 7 33 0 0.02 0.2 T 3.7 9 350 M M 9 1 13 350
17 37 29 33 8 32 0 0.46 0.8 1 7.4 18 140 M M 10 1 30 160
18 39 31 35 9 30 0 0.11 1.3 1 5.0 14 300 M M 10 1 23 310
19 36 29 33 7 32 0 0.03 0.2 T 7.6 15 310 M M 10 1 22 310
20 39 22 31 5 34 0 0.01 0.1 T 6.8 20 160 M M 8 1 29 160
21 37 18 28 1 37 0 0.43 5.2 4 11.4 25 290 M M 10 129 41 300
22 25 11 18 -9 47 0 0.00 0.0 4 10.9 21 300 M M 2 9 36 300
23 19 8 14 -14 51 0 0.94 10.9 3 5.6 17 360 M M 7 12 24 10
24 32 12 22 -6 43 0 0.25 2.8 13 9.7 22 330 M M 3 12 35 300
25 38 5 22 -6 43 0 0.00 0.0 11 3.5 8 180 M M 0 10 360
26 46 20 33 4 32 0 0.00 0.0 10 7.5 15 100 M M 6 23 90
27 42 32 37 8 28 0 0.16 0.0 8 5.2 14 180 M M 10 12 20 180
28 44 36 40 10 25 0 0.37 0.0 4 2.6 9 330 M M 10 12 15 330
29 38 33 36 6 29 0 1.14 1.4 1 13.8 23 330 M M 10 1 39 320
30 34 23 29 -1 36 0 0.42 3.4 5 14.5 28 300 M M 8 12 46 290
31 37 17 27 -4 38 0 0.00 0.0 4 5.6 16 310 M M 2 25 300
================================================================================
SM 1191 742 1043 0 5.74 29.8 242.4 M 201
================================================================================
AV 38.4 23.9 7.8 FASTST M M 6 MAX(MPH)
MISC ----> 28 300 46 290
================================================================================
NOTES:
# LAST OF SEVERAL OCCURRENCES
COLUMN 17 PEAK WIND IN M.P.H.
PRELIMINARY LOCAL CLIMATOLOGICAL DATA (WS FORM: F-6) , PAGE 2
STATION: CARIBOU ME
MONTH: MARCH
YEAR: 2024
LATITUDE: 46 52 N
LONGITUDE: 68 1 W
[TEMPERATURE DATA] [PRECIPITATION DATA] SYMBOLS USED IN COLUMN 16
AVERAGE MONTHLY: 31.2 TOTAL FOR MONTH: 5.74 1 = FOG OR MIST
DPTR FM NORMAL: 6.2 DPTR FM NORMAL: 2.97 2 = FOG REDUCING VISIBILITY
HIGHEST: 50 ON 15 GRTST 24HR 1.34 ON 29-30 TO 1/4 MILE OR LESS
LOWEST: 0 ON 1 3 = THUNDER
SNOW, ICE PELLETS, HAIL 4 = ICE PELLETS
TOTAL MONTH: 30.4 INCHES 5 = HAIL
GRTST 24HR 10.9 ON 23-23 6 = FREEZING RAIN OR DRIZZLE
GRTST DEPTH: 13 ON 24 7 = DUSTSTORM OR SANDSTORM:
VSBY 1/2 MILE OR LESS
8 = SMOKE OR HAZE
[NO. OF DAYS WITH] [WEATHER - DAYS WITH] 9 = BLOWING SNOW
X = TORNADO
MAX 32 OR BELOW: 4 0.01 INCH OR MORE: 19
MAX 90 OR ABOVE: 0 0.10 INCH OR MORE: 13
MIN 32 OR BELOW: 27 0.50 INCH OR MORE: 3
MIN 0 OR BELOW: 1 1.00 INCH OR MORE: 1
[HDD (BASE 65) ]
TOTAL THIS MO. 1043 CLEAR (SCALE 0-3) 9
DPTR FM NORMAL -199 PTCLDY (SCALE 4-7) 8
TOTAL FM JUL 1 6636 CLOUDY (SCALE 8-10) 14
DPTR FM NORMAL -1067
[CDD (BASE 65) ]
TOTAL THIS MO. 0
DPTR FM NORMAL 0 [PRESSURE DATA]
TOTAL FM JAN 1 0 HIGHEST SLP 30.71 ON 25
DPTR FM NORMAL 0 LOWEST SLP 29.02 ON 11
[REMARKS]
#FINAL-03-24#