000
CXUS55 KBOU 010900
CF6CCU
PRELIMINARY LOCAL CLIMATOLOGICAL DATA (WS FORM: F-6)
STATION: COPPER MTN/RED CLIFF
MONTH: JULY
YEAR: 2021
LATITUDE: 39 28 N
LONGITUDE: 106 9 W
TEMPERATURE IN F: :PCPN: SNOW: WIND :SUNSHINE: SKY :PK WND
================================================================================
1 2 3 4 5 6A 6B 7 8 9 10 11 12 13 14 15 16 17 18
12Z AVG MX 2MIN
DY MAX MIN AVG DEP HDD CDD WTR SNW DPTH SPD SPD DIR MIN PSBL S-S WX SPD DR
================================================================================
1 61 45 53 M 12 0 0.23 M M 5.2 20 250 M M 6 16 320
2 63 46 55 M 10 0 0.00 M M 8.9 15 280 M M 4 30 280
3 64 54 59 M 6 0 0.00 M M 9.8 20 300 M M 3 32 280
4 70 54 62 M 3 0 0.14 M M 6.4 16 190 M M 3 25 330
5 68 46 57 M 8 0 0.42 M M 6.0 22 150 M M 6 31 150
6 68 46 57 M 8 0 0.00 M M 7.5 17 290 M M 5 24 290
7 73 50 62 M 3 0 0.00 M M 6.0 14 180 M M 2 16 230
8 72 59 66 M 0 1 0.02 M M 10.1 20 290 M M 5 25 280
9 73 55 64 M 1 0 0.00 M M 12.5 24 290 M M 2 32 270
10 68 54 61 M 4 0 0.00 M M 12.2 23 300 M M 0 31 300
11 70 52 61 M 4 0 0.00 M M 5.5 14 300 M M 0 21 300
12 70 54 62 M 3 0 0.00 M M 7.5 20 180 M M 4 25 180
13 68 46 57 M 8 0 0.04 M M 12.4 27 270 M M 6 45 270
14 55 45 50 M 15 0 0.13 M M 5.6 18 290 M M 6 33 290
15 64 46 55 M 10 0 0.00 M M 6.1 14 290 M M 4 21 340
16 66 50 58 M 7 0 0.00 M M 5.0 12 300 M M 4 21 300
17 68 48 58 M 7 0 0.33 M M 5.9 14 160 M M 6 18 110
18 73 54 64 M 1 0 0.00 M M 7.3 17 90 M M 1 27 300
19 75 55 65 M 0 0 0.00 M M 9.6 21 110 M M 2 27 110
20 72 54 63 M 2 0 0.00 M M 6.8 15 180 M M 3 22 220
21 68 54 61 M 4 0 0.00 M M 5.7 17 300 M M 5 24 300
22 73 54 64 M 1 0 0.37 M M 6.0 16 120 M M 5 M M
23 73 52 63 M 2 0 0.19 M M 5.2 12 230 M M 8 M M
24 61 52 57 M 8 0 0.00 M M 13.1 27 90 M M 9 36 100
25 72 52 62 M 3 0 0.06 M M 8.7 21 100 M M 7 30 100
26 73 50 62 M 3 0 0.00 M M 9.6 24 100 M M 2 29 100
27 73 54 64 M 1 0 0.00 M M 6.8 17 100 M M 1 28 110
28 75 52 64 M 1 0 0.00 M M 10.1 26 110 M M 3 32 100
29 73 54 64 M 1 0 0.00 M M 12.3 36 100 M M 3 45 100
30 73 48 61 M 4 0 0.86 M M 6.5 18 160 M M 6 2 16 120
31 64 46 55 M 10 0 0.67 M M 4.7 14 150 M M 7 16 320
================================================================================
SM 2139 1581 150 1 3.46 M 245.0 M 128
================================================================================
AV 69.0 51.0 7.9 FASTST M M 4 MAX(MPH)
MISC ----> 36 100 45 270
================================================================================
NOTES:
# LAST OF SEVERAL OCCURRENCES
COLUMN 17 PEAK WIND IN M.P.H.
PRELIMINARY LOCAL CLIMATOLOGICAL DATA (WS FORM: F-6) , PAGE 2
STATION: COPPER MTN/RED CLIFF
MONTH: JULY
YEAR: 2021
LATITUDE: 39 28 N
LONGITUDE: 106 9 W
[TEMPERATURE DATA] [PRECIPITATION DATA] SYMBOLS USED IN COLUMN 16
AVERAGE MONTHLY: 60.0 TOTAL FOR MONTH: 3.46 1 = FOG OR MIST
DPTR FM NORMAL: 0.0 DPTR FM NORMAL: M 2 = FOG REDUCING VISIBILITY
HIGHEST: 75 ON 28,19 GRTST 24HR 0.86 ON 30-30 TO 1/4 MILE OR LESS
LOWEST: 45 ON 14, 1 3 = THUNDER
SNOW, ICE PELLETS, HAIL 4 = ICE PELLETS
TOTAL MONTH: M 5 = HAIL
GRTST 24HR M ON M 6 = FREEZING RAIN OR DRIZZLE
GRTST DEPTH: M ON M 7 = DUSTSTORM OR SANDSTORM:
VSBY 1/2 MILE OR LESS
8 = SMOKE OR HAZE
[NO. OF DAYS WITH] [WEATHER - DAYS WITH] 9 = BLOWING SNOW
X = TORNADO
MAX 32 OR BELOW: 0 0.01 INCH OR MORE: 12
MAX 90 OR ABOVE: 0 0.10 INCH OR MORE: 9
MIN 32 OR BELOW: 0 0.50 INCH OR MORE: 2
MIN 0 OR BELOW: 0 1.00 INCH OR MORE: 0
[HDD (BASE 65) ]
TOTAL THIS MO. 150 CLEAR (SCALE 0-3) 12
DPTR FM NORMAL M PTCLDY (SCALE 4-7) 18
TOTAL FM JUL 1 150 CLOUDY (SCALE 8-10) 1
DPTR FM NORMAL M
[CDD (BASE 65) ]
TOTAL THIS MO. 1
DPTR FM NORMAL M [PRESSURE DATA]
TOTAL FM JAN 1 6 HIGHEST SLP M ON M
DPTR FM NORMAL M LOWEST SLP M ON M
[REMARKS]
#FINAL-07-21#