722
CXUS56 KSLC 011244
CF6CDC
PRELIMINARY LOCAL CLIMATOLOGICAL DATA (WS FORM: F-6)
STATION: CEDAR CITY UT
MONTH: JULY
YEAR: 2020
LATITUDE: 37 42 N
LONGITUDE: 113 6 W
TEMPERATURE IN F: :PCPN: SNOW: WIND :SUNSHINE: SKY :PK WND
================================================================================
1 2 3 4 5 6A 6B 7 8 9 10 11 12 13 14 15 16 17 18
12Z AVG MX 2MIN
DY MAX MIN AVG DEP HDD CDD WTR SNW DPTH SPD SPD DIR MIN PSBL S-S WX SPD DR
================================================================================
1 85 48 67 -4 0 2 0.00 0.0 0 10.2 24 220 M M 0 31 220
2 86 55 71 0 0 6 0.00 0.0 0 11.0 29 210 M M 0 8 38 220
3 88 55 72 1 0 7 0.00 0.0 0 10.1 24 210 M M 0 31 220
4 92 62 77 5 0 12 0.00 0.0 0 8.6 22 230 M M 0 28 220
5 94 50 72 0 0 7 0.00 0.0 0 6.5 17 240 M M 0 24 200
6 93 56 75 3 0 10 0.00 0.0 0 10.4 25 220 M M 0 34 200
7 91 61 76 4 0 11 0.00 0.0 0 13.0 30 200 M M 0 38 210
8 92 60 76 4 0 11 0.00 0.0 0 11.1 24 210 M M 0 35 200
9 91 53 72 -1 0 7 0.00 0.0 0 9.4 23 210 M M 0 8 31 220
10 95 51 73 0 0 8 0.00 0.0 0 7.3 17 220 M M 0 8 24 210
11 99 58 79 6 0 14 0.00 0.0 0 7.2 23 240 M M 0 8 30 250
12 100 62 81 8 0 16 0.00 0.0 0 9.7 26 230 M M 0 39 270
13 97 68 83 10 0 18 0.00 0.0 0 14.7 32 190 M M 0 8 43 230
14 93 65 79 6 0 14 0.00 0.0 0 11.3 24 210 M M 0 33 210
15 95 55 75 1 0 10 0.00 0.0 0 6.7 18 230 M M 0 25 240
16 94 63 79 5 0 14 T 0.0 0 7.2 30 160 M M 1 3 39 140
17 94 64 79 5 0 14 0.00 0.0 0 9.3 23 210 M M 1 8 30 190
18 95 58 77 3 0 12 T 0.0 0 7.1 28 130 M M 0 47 200
19 97 55 76 2 0 11 0.00 0.0 0 4.7 16 270 M M 0 24 260
20 96 60 78 4 0 13 0.00 0.0 0 7.0 31 50 M M 0 8 38 40
21 88 68 78 4 0 13 0.00 0.0 0 7.6 20 130 M M 2 8 24 310
22 90 60 75 1 0 10 T 0.0 0 8.6 23 210 M M 3 38 36 210
23 87 61 74 0 0 9 0.01 0.0 0 9.4 29 110 M M 1 3 38 210
24 88 60 74 0 0 9 0.00 0.0 0 10.9 24 230 M M 0 3 30 230
25 90 58 74 0 0 9 0.00 0.0 0 7.6 24 120 M M 0 32 120
26 92 56 74 0 0 9 0.00 0.0 0 5.8 18 130 M M 0 23 130
27 87 58 73 -1 0 8 0.04 0.0 0 7.6 26 220 M M 2 38 33 220
28 93 55 74 0 0 9 0.00 0.0 0 7.9 23 210 M M 0 31 220
29 95 53 74 0 0 9 0.00 0.0 0 6.0 16 240 M M 0 8 20 220
30 99 55 77 3 0 12 0.00 0.0 0 6.7 22 230 M M 0 8 29 220
31 100 58 79 5 0 14 0.00 0.0 0 7.6 23 220 M M 0 28 220
================================================================================
SM 2876 1801 0 328 0.05 0.0 268.2 M 10
================================================================================
AV 92.8 58.1 8.7 FASTST M M 0 MAX(MPH)
MISC ----> # 32 190 # 47 200
================================================================================
NOTES:
# LAST OF SEVERAL OCCURRENCES
COLUMN 17 PEAK WIND IN M.P.H.
PRELIMINARY LOCAL CLIMATOLOGICAL DATA (WS FORM: F-6) , PAGE 2
STATION: CEDAR CITY UT
MONTH: JULY
YEAR: 2020
LATITUDE: 37 42 N
LONGITUDE: 113 6 W
[TEMPERATURE DATA] [PRECIPITATION DATA] SYMBOLS USED IN COLUMN 16
AVERAGE MONTHLY: 75.4 TOTAL FOR MONTH: 0.05 1 = FOG OR MIST
DPTR FM NORMAL: 2.4 DPTR FM NORMAL: -0.79 2 = FOG REDUCING VISIBILITY
HIGHEST: 100 ON 31,12 GRTST 24HR 0.04 ON 27-27 TO 1/4 MILE OR LESS
LOWEST: 48 ON 1 3 = THUNDER
SNOW, ICE PELLETS, HAIL 4 = ICE PELLETS
TOTAL MONTH: 0.0 INCH 5 = HAIL
GRTST 24HR 0.0 6 = FREEZING RAIN OR DRIZZLE
GRTST DEPTH: 0 7 = DUSTSTORM OR SANDSTORM:
VSBY 1/2 MILE OR LESS
8 = SMOKE OR HAZE
[NO. OF DAYS WITH] [WEATHER - DAYS WITH] 9 = BLOWING SNOW
X = TORNADO
MAX 32 OR BELOW: 0 0.01 INCH OR MORE: 2
MAX 90 OR ABOVE: 24 0.10 INCH OR MORE: 0
MIN 32 OR BELOW: 0 0.50 INCH OR MORE: 0
MIN 0 OR BELOW: 0 1.00 INCH OR MORE: 0
[HDD (BASE 65) ]
TOTAL THIS MO. 0 CLEAR (SCALE 0-3) 30
DPTR FM NORMAL -3 PTCLDY (SCALE 4-7) 1
TOTAL FM JUL 1 0 CLOUDY (SCALE 8-10) 0
DPTR FM NORMAL -3
[CDD (BASE 65) ]
TOTAL THIS MO. 328
DPTR FM NORMAL 76 [PRESSURE DATA]
TOTAL FM JAN 1 513 HIGHEST SLP 30.03 ON 11
DPTR FM NORMAL 160 LOWEST SLP 29.69 ON 13
[REMARKS]
#FINAL-07-20#