000
CXUS55 KCYS 161102
CF6CDR
PRELIMINARY LOCAL CLIMATOLOGICAL DATA (WS FORM: F-6)...CORRECTED
STATION: CHADRON NEBRASKA AIRPORT
MONTH: JULY
YEAR: 2021
LATITUDE: 42 50 N
LONGITUDE: 103 6 W
TEMPERATURE IN F: :PCPN: SNOW: WIND :SUNSHINE: SKY :PK WND
================================================================================
1 2 3 4 5 6A 6B 7 8 9 10 11 12 13 14 15 16 17 18
12Z AVG MX 2MIN
DY MAX MIN AVG DEP HDD CDD WTR SNW DPTH SPD SPD DIR MIN PSBL S-S WX SPD DR
================================================================================
1 89 64 77 5 0 12 0.00 M M 12.9 22 150 M M 2 28 140
2 92 66 79 6 0 14 0.00 M M 18.2 28 170 M M 0 42 180
3 101 68 85 12 0 20 0.66 M M 11.5 37 350 M M 1 3 48 360
4 94 61 78 5 0 13 0.00 M M 6.6 17 110 M M 0 25 110
5 98 65 82 8 0 17 0.03 M M 8.9 29 290 M M 1 8 42 300
6 86 63 75 1 0 10 T M M 7.6 20 20 M M 4 27 350
7 97 60 79 5 0 14 0.02 M M 6.4 29 340 M M 0 38 46 330
8 98 67 83 9 0 18 0.00 M M 5.5 22 20 M M 0 30 10
9 92 63 78 3 0 13 0.60 M M 10.4 39 320 M M 3 138 62 330
10 82 59 71 -4 0 6 T M M 5.8 16 60 M M 2 23 20
11 89 55 72 -3 0 7 0.00 M M 5.0 21 160 M M 0 1 28 170
12 92 62 77 2 0 12 0.00 M M 8.5 20 50 M M 0 26 50
13 86 60 73 -2 0 8 0.01 M M 10.5 24 10 M M 0 36 10
14 78 59 69 -7 0 4 0.01 M M 6.6 20 30 M M 6 18 26 20
15 90 56 73 -3 0 8 0.00 M M 11.2 26 170 M M 2 36 170
16 97 65 81 5 0 16 0.35 M M 12.5 47 10 M M 1 38 68 10
17 94 60 77 1 0 12 0.03 M M 9.2 35 290 M M 1 3 48 300
18 97 57 77 1 0 12 0.00 M M 5.2 20 20 M M 0 26 20
19 97 64 81 5 0 16 0.00 M M 8.2 23 160 M M 0 33 170
20 96 68 82 6 0 17 0.00 M M 18.7 33 170 M M 0 8 47 180
21 98 70 84 8 0 19 0.00 M M 8.9 28 180 M M 1 3 37 180
22 103 61 82 6 0 17 0.21 M M 7.4 32 230 M M 1 3 42 220
23 87 64 76 0 0 11 T M M 6.7 17 340 M M 2 1 26 340
24 96 59 78 2 0 13 0.02 M M 4.4 17 190 M M 0 8 24 190
25 99 70 85 9 0 20 0.00 M M 14.7 30 170 M M 0 39 170
26 105 62 84 8 0 19 0.00 M M 9.4 24 150 M M 0 30 150
27 105 61 83 7 0 18 0.00 M M 12.5 30 180 M M 0 38 210
28 107 70 89 13 0 24 0.00 M M 10.4 24 30 M M 0 35 40
29 91 69 80 4 0 15 0.00 M M 13.6 21 60 M M 4 8 30 50
30 90 61 76 0 0 11 T M M 8.8 25 10 M M 3 8 33 10
31 90 59 75 -1 0 10 T M M 6.3 22 50 M M 1 8 30 10
================================================================================
SM 2916 1948 0 426 1.94 M 292.5 M 35
================================================================================
AV 94.1 62.8 9.4 FASTST M M 1 MAX(MPH)
MISC ----> 47 10 68 10
================================================================================
NOTES:
# LAST OF SEVERAL OCCURRENCES
COLUMN 17 PEAK WIND IN M.P.H.
PRELIMINARY LOCAL CLIMATOLOGICAL DATA (WS FORM: F-6) , PAGE 2
STATION: CHADRON NEBRASKA AIRPORT
MONTH: JULY
YEAR: 2021
LATITUDE: 42 50 N
LONGITUDE: 103 6 W
[TEMPERATURE DATA] [PRECIPITATION DATA] SYMBOLS USED IN COLUMN 16
AVERAGE MONTHLY: 78.5 TOTAL FOR MONTH: 1.94 1 = FOG OR MIST
DPTR FM NORMAL: 3.2 DPTR FM NORMAL: -0.05 2 = FOG REDUCING VISIBILITY
HIGHEST: 107 ON 28 GRTST 24HR 0.66 ON 3- 3 TO 1/4 MILE OR LESS
LOWEST: 55 ON 11 3 = THUNDER
SNOW, ICE PELLETS, HAIL 4 = ICE PELLETS
TOTAL MONTH: M 5 = HAIL
GRTST 24HR M ON M 6 = FREEZING RAIN OR DRIZZLE
GRTST DEPTH: M ON M 7 = DUSTSTORM OR SANDSTORM:
VSBY 1/2 MILE OR LESS
8 = SMOKE OR HAZE
[NO. OF DAYS WITH] [WEATHER - DAYS WITH] 9 = BLOWING SNOW
X = TORNADO
MAX 32 OR BELOW: 0 0.01 INCH OR MORE: 10
MAX 90 OR ABOVE: 24 0.10 INCH OR MORE: 4
MIN 32 OR BELOW: 0 0.50 INCH OR MORE: 2
MIN 0 OR BELOW: 0 1.00 INCH OR MORE: 0
[HDD (BASE 65) ]
TOTAL THIS MO. 0 CLEAR (SCALE 0-3) 27
DPTR FM NORMAL -4 PTCLDY (SCALE 4-7) 4
TOTAL FM JUL 1 0 CLOUDY (SCALE 8-10) 0
DPTR FM NORMAL 0
[CDD (BASE 65) ]
TOTAL THIS MO. 426
DPTR FM NORMAL 104 [PRESSURE DATA]
TOTAL FM JAN 1 663 HIGHEST SLP 30.25 ON 31
DPTR FM NORMAL 194 LOWEST SLP 29.66 ON 8
[REMARKS]
JULY 26...RECORD HIGH 105 DEGREES (PREVIOUS 104 DEGREES IN 1935)
JULY 28...RECORD HIGH 107 DEGREES (PREVIOUS 106 DEGREES IN 2006)
#FINAL-07-21#