000
CXUS56 KEKA 011230
CF6CEC
PRELIMINARY LOCAL CLIMATOLOGICAL DATA (WS FORM: F-6)
STATION: CRESCENT CITY CA
MONTH: AUGUST
YEAR: 2022
LATITUDE: 41 46 N
LONGITUDE: 124 14 W
TEMPERATURE IN F: :PCPN: SNOW: WIND :SUNSHINE: SKY :PK WND
================================================================================
1 2 3 4 5 6A 6B 7 8 9 10 11 12 13 14 15 16 17 18
12Z AVG MX 2MIN
DY MAX MIN AVG DEP HDD CDD WTR SNW DPTH SPD SPD DIR MIN PSBL S-S WX SPD DR
================================================================================
1 65 58 62 4 3 0 T M M 5.8 9 190 M M 7 1 13 170
2 65 57 61 3 4 0 0.00 M M 5.1 9 180 M M 8 2 13 300
3 67 53 60 2 5 0 0.00 M M 6.1 15 330 M M 6 28 20 350
4 66 53 60 2 5 0 0.00 M M 8.2 23 170 M M 4 28 29 170
5 66 56 61 3 4 0 0.00 M M 7.1 17 180 M M 7 18 25 160
6 66 56 61 3 4 0 0.00 M M 5.2 12 180 M M 10 18 15 200
7 67 56 62 4 3 0 0.00 M M 4.7 10 210 M M 10 1 15 180
8 68 59 64 5 1 0 0.00 M M 3.0 8 200 M M 10 1 10 190
9 65 57 61 2 4 0 0.00 M M 2.7 10 180 M M 9 18 14 200
10 70 55 63 4 2 0 0.00 M M 4.7 9 190 M M 1 1 14 210
11 65 55 60 1 5 0 0.00 M M 2.8 8 260 M M 8 28 12 290
12 70 52 61 2 4 0 0.00 M M 4.1 12 270 M M 5 28 18 250
13 68 52 60 1 5 0 0.00 M M 6.2 15 330 M M 0 18 23 330
14 65 58 62 3 3 0 0.00 M M 6.1 16 170 M M 8 18 20 170
15 66 58 62 3 3 0 0.00 M M 7.3 18 330 M M 8 18 28 340
16 64 57 61 2 4 0 0.00 M M 7.1 18 180 M M 7 18 23 170
17 67 54 61 2 4 0 0.00 M M 5.5 15 180 M M 8 28 19 160
18 63 56 60 1 5 0 0.00 M M 3.6 10 190 M M 10 28 16 210
19 67 58 63 4 2 0 0.00 M M 6.9 17 320 M M 7 28 27 330
20 67 58 63 4 2 0 0.00 M M 7.4 16 330 M M 6 18 23 340
21 62 54 58 -1 7 0 0.00 M M 6.0 17 180 M M 10 28 26 180
22 71 52 62 4 3 0 0.00 M M 3.6 7 310 M M 9 28 11 310
23 66 58 62 4 3 0 0.00 M M 6.8 16 160 M M 9 28 21 180
24 65 58 62 4 3 0 0.00 M M 6.4 13 150 M M 10 1 18 310
25 65 59 62 4 3 0 0.00 M M 4.6 12 150 M M 10 2 16 170
26 65 58 62 4 3 0 0.00 M M 7.3 20 180 M M 9 28 24 310
27 67 55 61 3 4 0 0.00 0.0 M 6.3 22 340 M M 8 18 36 350
28 65 50 58 0 7 0 0.00 M M 5.1 13 180 M M 10 18 17 160
29 59 53 56 -2 9 0 0.00 M M 7.0 15 180 M M 10 28 20 180
30 60 54 57 -1 8 0 0.00 M M 5.1 12 190 M M 10 28 14 190
31 62 55 59 1 6 0 0.00 M M 5.0 9 330 M M 10 1 14 340
================================================================================
SM 2034 1724 128 0 T 0.0 172.8 M 244
================================================================================
AV 65.6 55.6 5.6 FASTST M M 8 MAX(MPH)
MISC ----> 23 170 36 350
================================================================================
NOTES:
# LAST OF SEVERAL OCCURRENCES
COLUMN 17 PEAK WIND IN M.P.H.
PRELIMINARY LOCAL CLIMATOLOGICAL DATA (WS FORM: F-6) , PAGE 2
STATION: CRESCENT CITY CA
MONTH: AUGUST
YEAR: 2022
LATITUDE: 41 46 N
LONGITUDE: 124 14 W
[TEMPERATURE DATA] [PRECIPITATION DATA] SYMBOLS USED IN COLUMN 16
AVERAGE MONTHLY: 60.6 TOTAL FOR MONTH: T 1 = FOG OR MIST
DPTR FM NORMAL: 2.1 DPTR FM NORMAL: -0.37 2 = FOG REDUCING VISIBILITY
HIGHEST: 71 ON 22 GRTST 24HR T ON 1- 1 TO 1/4 MILE OR LESS
LOWEST: 50 ON 28 3 = THUNDER
SNOW, ICE PELLETS, HAIL 4 = ICE PELLETS
TOTAL MONTH: 0.0 INCH 5 = HAIL
GRTST 24HR 0.0 6 = FREEZING RAIN OR DRIZZLE
GRTST DEPTH: M ON M 7 = DUSTSTORM OR SANDSTORM:
VSBY 1/2 MILE OR LESS
8 = SMOKE OR HAZE
[NO. OF DAYS WITH] [WEATHER - DAYS WITH] 9 = BLOWING SNOW
X = TORNADO
MAX 32 OR BELOW: 0 0.01 INCH OR MORE: 0
MAX 90 OR ABOVE: 0 0.10 INCH OR MORE: 0
MIN 32 OR BELOW: 0 0.50 INCH OR MORE: 0
MIN 0 OR BELOW: 0 1.00 INCH OR MORE: 0
[HDD (BASE 65) ]
TOTAL THIS MO. 128 CLEAR (SCALE 0-3) 2
DPTR FM NORMAL -74 PTCLDY (SCALE 4-7) 11
TOTAL FM JUL 1 335 CLOUDY (SCALE 8-10) 18
DPTR FM NORMAL -100
[CDD (BASE 65) ]
TOTAL THIS MO. 0
DPTR FM NORMAL -1 [PRESSURE DATA]
TOTAL FM JAN 1 0 HIGHEST SLP 30.16 ON 22
DPTR FM NORMAL -1 LOWEST SLP 29.80 ON 27
[REMARKS]
#FINAL-08-22#