000
CXUS55 KGJT 011644
CF6CEZ
PRELIMINARY LOCAL CLIMATOLOGICAL DATA (WS FORM: F-6)
STATION: CORTEZ CO
MONTH: JUNE
YEAR: 2020
LATITUDE: 37 17 N
LONGITUDE: 108 38 W
TEMPERATURE IN F: :PCPN: SNOW: WIND :SUNSHINE: SKY :PK WND
================================================================================
1 2 3 4 5 6A 6B 7 8 9 10 11 12 13 14 15 16 17 18
12Z AVG MX 2MIN
DY MAX MIN AVG DEP HDD CDD WTR SNW DPTH SPD SPD DIR MIN PSBL S-S WX SPD DR
================================================================================
1 88 60 74 14 0 9 T M M 7.3 24 150 M M 3 8 35 160
2 92 51 72 12 0 7 0.00 M M 6.5 18 320 M M 0 8 28 310
3 93 48 71 10 0 6 0.00 M M 6.6 20 270 M M 0 28 290
4 93 48 71 10 0 6 0.00 M M 8.0 23 280 M M 0 33 280
5 94 46 70 9 0 5 0.17 M M 7.4 46 190 M M 1 38 66 180
6 81 55 68 6 0 3 0.13 M M 17.1 39 210 M M 2 3 55 130
7 82 51 67 5 0 2 0.00 M M 14.8 37 200 M M 0 47 200
8 75 38 57 -5 8 0 T M M 13.5 35 210 M M 3 50 200
9 70 34 52 -10 13 0 0.00 M M 8.4 21 330 M M 0 34 320
10 81 35 58 -5 7 0 0.00 M M 5.7 13 190 M M 0 19 210
11 89 39 64 1 1 0 0.00 M M 5.8 20 160 M M 0 37 140
12 94 41 68 5 0 3 0.00 M M 11.8 31 140 M M 0 42 140
13 91 69 80 16 0 15 T M M 15.8 36 210 M M 1 3 57 210
14 87 49 68 4 0 3 0.00 M M 8.9 29 210 M M 0 36 200
15 91 41 66 2 0 1 0.00 M M 8.3 23 200 M M 0 32 210
16 90 51 71 6 0 6 0.00 M M 13.3 31 210 M M 1 39 200
17 87 47 67 2 0 2 0.00 M M 8.4 24 200 M M 0 33 190
18 84 45 65 0 0 0 0.00 M M 6.4 22 290 M M 0 26 280
19 84 45 65 -1 0 0 0.00 M M 8.5 24 270 M M 1 34 270
20 88 39 64 -2 1 0 0.00 M M 6.1 17 280 M M 0 27 280
21 92 44 68 2 0 3 0.00 M M 8.3 20 270 M M 0 29 270
22 94 47 71 5 0 6 0.00 M M 7.2 17 330 M M 0 24 280
23 95 49 72 5 0 7 0.00 M M 8.2 23 360 M M 0 32 340
24 96 45 71 4 0 6 0.00 M M 6.8 28 270 M M 0 40 260
25 96 53 75 8 0 10 0.00 M M 8.7 23 210 M M 0 8 32 260
26 94 52 73 5 0 8 T M M 8.4 32 360 M M 0 3 56 360
27 93 50 72 4 0 7 0.00 M M 8.2 23 290 M M 0 32 250
28 91 51 71 3 0 6 0.00 M M 10.9 26 200 M M 0 8 35 200
29 87 59 73 5 0 8 0.00 M M 14.8 28 230 M M 1 8 39 190
30 80 45 63 -6 2 0 0.00 M M 6.1 18 230 M M 1 31 230
================================================================================
SM 2652 1427 32 129 0.30 M 276.2 M 14
================================================================================
AV 88.4 47.6 9.2 FASTST M M 0 MAX(MPH)
MISC ----> # 46 190 # 66 180
================================================================================
NOTES:
# LAST OF SEVERAL OCCURRENCES
COLUMN 17 PEAK WIND IN M.P.H.
PRELIMINARY LOCAL CLIMATOLOGICAL DATA (WS FORM: F-6) , PAGE 2
STATION: CORTEZ CO
MONTH: JUNE
YEAR: 2020
LATITUDE: 37 17 N
LONGITUDE: 108 38 W
[TEMPERATURE DATA] [PRECIPITATION DATA] SYMBOLS USED IN COLUMN 16
AVERAGE MONTHLY: 68.0 TOTAL FOR MONTH: 0.30 1 = FOG OR MIST
DPTR FM NORMAL: 3.6 DPTR FM NORMAL: -0.18 2 = FOG REDUCING VISIBILITY
HIGHEST: 96 ON 25,24 GRTST 24HR 0.17 ON 5- 5 TO 1/4 MILE OR LESS
LOWEST: 34 ON 9 3 = THUNDER
SNOW, ICE PELLETS, HAIL 4 = ICE PELLETS
TOTAL MONTH: M 5 = HAIL
GRTST 24HR M ON M 6 = FREEZING RAIN OR DRIZZLE
GRTST DEPTH: M ON M 7 = DUSTSTORM OR SANDSTORM:
VSBY 1/2 MILE OR LESS
8 = SMOKE OR HAZE
[NO. OF DAYS WITH] [WEATHER - DAYS WITH] 9 = BLOWING SNOW
X = TORNADO
MAX 32 OR BELOW: 0 0.01 INCH OR MORE: 2
MAX 90 OR ABOVE: 16 0.10 INCH OR MORE: 2
MIN 32 OR BELOW: 0 0.50 INCH OR MORE: 0
MIN 0 OR BELOW: 0 1.00 INCH OR MORE: 0
[HDD (BASE 65) ]
TOTAL THIS MO. 32 CLEAR (SCALE 0-3) 30
DPTR FM NORMAL -43 PTCLDY (SCALE 4-7) 0
TOTAL FM JUL 1 6169 CLOUDY (SCALE 8-10) 0
DPTR FM NORMAL -273
[CDD (BASE 65) ]
TOTAL THIS MO. 129
DPTR FM NORMAL 71 [PRESSURE DATA]
TOTAL FM JAN 1 159 HIGHEST SLP 30.20 ON 11
DPTR FM NORMAL 96 LOWEST SLP 29.48 ON 28
[REMARKS]
#FINAL-06-20#