000
CXUS55 KPAH 020418
CF6CGI
PRELIMINARY LOCAL CLIMATOLOGICAL DATA (WS FORM: F-6)
STATION: CAPE GIRARDEAU MO
MONTH: APRIL
YEAR: 2020
LATITUDE: 37 13 N
LONGITUDE: 89 35 W
TEMPERATURE IN F: :PCPN: SNOW: WIND :SUNSHINE: SKY :PK WND
================================================================================
1 2 3 4 5 6A 6B 7 8 9 10 11 12 13 14 15 16 17 18
12Z AVG MX 2MIN
DY MAX MIN AVG DEP HDD CDD WTR SNW DPTH SPD SPD DIR MIN PSBL S-S WX SPD DR
================================================================================
1 63 M M M M M M M M 3.7 12 60 M M 0 16 90
2 66 44 55 2 10 0 T M M 5.3 16 160 M M 0 8 20 150
3 70 53 62 9 3 0 0.04 M M 3.7 13 250 M M 8 17 250
4 56 47 52 -1 13 0 T M M 11.0 20 350 M M 8 18 24 350
5 63 47 55 1 10 0 0.00 M M 4.6 9 20 M M 8 13 330
6 76 45 61 7 4 0 0.00 M M 5.1 15 210 M M 1 18 20 200
7 78 56 67 13 0 2 0.00 M M 9.7 22 200 M M 3 30 190
8 85 61 73 18 0 8 0.26 M M 9.9 33 360 M M 6 13 46 360
9 66 44 55 0 10 0 0.00 M M 12.1 32 350 M M 0 40 360
10 58 36 47 -8 18 0 0.00 M M 6.9 18 360 M M 0 24 360
11 65 40 53 -3 12 0 0.00 M M 8.5 21 170 M M 4 27 170
12 61 54 58 2 7 0 0.18 M M 6.8 20 100 M M 9 1 27 110
13 59 40 50 -6 15 0 0.05 M M 13.4 32 320 M M 6 45 330
14 52 34 43 -14 22 0 0.00 M M 6.3 16 340 M M 5 25 30
15 62 31 47 -10 18 0 0.00 M M 10.0 23 260 M M 2 34 250
16 63 35 49 -8 16 0 0.00 M M 8.2 15 160 M M 0 26 130
17 61 42 52 -6 13 0 T M M 11.9 23 350 M M 8 32 340
18 58 30 44 -14 21 0 0.00 M M 6.5 18 340 M M 1 24 340
19 62 46 54 -4 11 0 0.03 M M 4.2 15 240 M M 5 1 18 240
20 72 39 56 -3 9 0 0.09 M M 6.0 22 240 M M 3 12 32 240
21 72 43 58 -1 7 0 0.00 M M 8.2 18 350 M M 1 26 310
22 67 38 53 -6 12 0 0.20 M M 7.3 20 140 M M 5 1 30 140
23 64 50 57 -3 8 0 0.36 M M 7.6 20 130 M M 9 13 28 120
24 71 44 58 -2 7 0 0.00 M M 3.6 12 170 M M 3 12 17 140
25 63 52 58 -2 7 0 0.31 M M 12.7 28 300 M M 10 1 42 310
26 68 42 55 -6 10 0 0.00 M M 11.0 23 340 M M 3 34 330
27 64 41 53 -8 12 0 T M M 6.0 13 160 M M 4 19 160
28 75 54 65 4 0 0 0.43 M M 10.1 32 240 M M 9 13 43 240
29 68 53 61 -1 4 0 0.53 M M 15.5 28 330 M M 9 1 37 330
30 72 47 60 -2 5 0 0.00 M M 10.3 23 320 M M 2 33 330
================================================================================
SM 1980 1288 284 10 2.48 M 246.1 M 132
================================================================================
AV 66.0 44.4 8.2 FASTST M M 4 MAX(MPH)
MISC ----> 33 360 46 360
================================================================================
NOTES:
# LAST OF SEVERAL OCCURRENCES
COLUMN 17 PEAK WIND IN M.P.H.
PRELIMINARY LOCAL CLIMATOLOGICAL DATA (WS FORM: F-6) , PAGE 2
STATION: CAPE GIRARDEAU MO
MONTH: APRIL
YEAR: 2020
LATITUDE: 37 13 N
LONGITUDE: 89 35 W
[TEMPERATURE DATA] [PRECIPITATION DATA] SYMBOLS USED IN COLUMN 16
AVERAGE MONTHLY: 55.2 TOTAL FOR MONTH: 2.48 1 = FOG OR MIST
DPTR FM NORMAL: -1.9 DPTR FM NORMAL: -1.88 2 = FOG REDUCING VISIBILITY
HIGHEST: 85 ON 8 GRTST 24HR 0.96 ON 28-29 TO 1/4 MILE OR LESS
LOWEST: 30 ON 18 3 = THUNDER
SNOW, ICE PELLETS, HAIL 4 = ICE PELLETS
TOTAL MONTH: M 5 = HAIL
GRTST 24HR M ON M 6 = FREEZING RAIN OR DRIZZLE
GRTST DEPTH: M ON M 7 = DUSTSTORM OR SANDSTORM:
VSBY 1/2 MILE OR LESS
8 = SMOKE OR HAZE
[NO. OF DAYS WITH] [WEATHER - DAYS WITH] 9 = BLOWING SNOW
X = TORNADO
MAX 32 OR BELOW: 0 0.01 INCH OR MORE: 11
MAX 90 OR ABOVE: 0 0.10 INCH OR MORE: 7
MIN 32 OR BELOW: 2 0.50 INCH OR MORE: 1
MIN 0 OR BELOW: 0 1.00 INCH OR MORE: 0
[HDD (BASE 65) ]
TOTAL THIS MO. 284 CLEAR (SCALE 0-3) 12
DPTR FM NORMAL 22 PTCLDY (SCALE 4-7) 11
TOTAL FM JUL 1 3841 CLOUDY (SCALE 8-10) 7
DPTR FM NORMAL -479
[CDD (BASE 65) ]
TOTAL THIS MO. 10
DPTR FM NORMAL -17 [PRESSURE DATA]
TOTAL FM JAN 1 18 HIGHEST SLP 30.35 ON 16
DPTR FM NORMAL -13 LOWEST SLP 29.40 ON 12
[REMARKS]
#FINAL-04-20#