000
CXUS53 KPAH 010655
CLACGI

CLIMATE REPORT
NATIONAL WEATHER SERVICE PADUCAH KY
1243 AM CST FRI JAN 1 2016

...................................

...THE CAPE GIRARDEAU MO CLIMATE SUMMARY FOR THE YEAR OF 2015...

CLIMATE NORMAL PERIOD 1981 TO 2010
CLIMATE RECORD PERIOD 1960 TO 2015

WEATHER         OBSERVED          NORMAL  DEPART  LAST YEAR`S
                 VALUE   DATE(S)  VALUE   FROM    VALUE
                                          NORMAL
.............................................................
TEMPERATURE (F)
RECORD
 HIGH             107   06/29/2012
 LOW              -18   01/11/1977
HIGHEST            96   07/29                         96
LOWEST            -14   02/19                          0
AVG. MAXIMUM     67.7              67.9    -0.2     65.4
AVG. MINIMUM     47.4              46.0     1.4     44.9
MEAN             57.5              56.9     0.6     55.1
DAYS MAX >= 90     36
DAYS MAX <= 32     22
DAYS MAX >= 95      3
DAYS MAX >= 100     0
DAYS MIN <= 32     87
DAYS MIN <= 0       5

PRECIPITATION (INCHES)
RECORD
 MAXIMUM        74.39   2011
 MINIMUM        29.91   1980
TOTALS          57.97             46.81   11.16    43.73
DAILY AVG.       0.16
DAYS >= .01       110
DAYS >= .10        76
DAYS >= .50        41
DAYS >= 1.00       16
DAYS >= 0.25       57
DAYS >= 2.00        4
GREATEST
 24 HR. TOTAL    3.59
 STORM TOTAL       MM
 (MM/DD(HH))

DEGREE_DAYS
HEATING TOTAL    4092
 SINCE 7/1       1212
COOLING TOTAL    1533
 SINCE 1/1       1533
..............................................................

WIND (MPH)
AVERAGE WIND SPEED              7.0
HIGHEST WIND SPEED/DIRECTION    38/340    DATE  12/27
HIGHEST GUST SPEED/DIRECTION    50/150    DATE  12/13

SKY COVER
POSSIBLE SUNSHINE (PERCENT)   MM
NUMBER OF DAYS FAIR          215
NUMBER OF DAYS PC             82
NUMBER OF DAYS CLOUDY         66


WEATHER CONDITIONS. NUMBER OF DAYS WITH
THUNDERSTORM              0     MIXED PRECIP               0
HEAVY RAIN               46     RAIN                      62
LIGHT RAIN              117     FREEZING RAIN              3
LT FREEZING RAIN          5     HAIL                       0
HEAVY SNOW                2     SNOW                       2
LIGHT SNOW               11     SLEET                      0
FOG                     186     FOG W/VIS <= 1/4 MILE     44
HAZE                     43

-  INDICATES NEGATIVE NUMBERS.
R  INDICATES RECORD WAS SET OR TIED.
MM INDICATES DATA IS MISSING.
T  INDICATES TRACE AMOUNT.

$$
